000
CDUS44 KJAN 262112
CLIHKS


CLIMATE REPORT
NATIONAL WEATHER SERVICE JACKSON MS
409 PM CDT SUN MAY 26 2019


...................................

...THE JACKSON HAWKINS CLIMATE SUMMARY FOR MAY 26 2019...
VALID TODAY AS OF 0400 PM LOCAL TIME.

CLIMATE NORMAL PERIOD 1981 TO 2010
CLIMATE RECORD PERIOD 9999 TO 9999


WEATHER ITEM   OBSERVED TIME   NORMAL DEPARTURE LAST
                VALUE   (LST)  VALUE  FROM      YEAR
                                      NORMAL
......................................................
TEMPERATURE (F)
 TODAY
  MAXIMUM         91    244 PM  85      6       86
  MINIMUM         68    459 AM  65      3       68
  AVERAGE         80            75      5       77

PRECIPITATION (IN)
  TODAY            0.00          0.16  -0.16     0.00
  MONTH TO DATE    6.03          4.09   1.94     3.30
  SINCE MAR 1     16.94         14.30   2.64    18.14
  SINCE JAN 1     26.24         23.70   2.54    30.70

SNOWFALL (IN)
  TODAY            0.0

DEGREE DAYS
 HEATING
  TODAY            0             0      0        0
  MONTH TO DATE    0             8     -8        0
  SINCE MAR 1    369           354     15      341
  SINCE JUL 1   2055          2217   -162     2064

 COOLING
  TODAY           15            10      5       12
  MONTH TO DATE  257           197     60      306
  SINCE MAR 1    356           310     46      381
  SINCE JAN 1    380           322     58      455
......................................................


WIND (MPH)
  HIGHEST WIND SPEED    12   HIGHEST WIND DIRECTION     S (190)
  HIGHEST GUST SPEED    16   HIGHEST GUST DIRECTION    SE (150)
  AVERAGE WIND SPEED     4.2


SKY COVER
  POSSIBLE SUNSHINE  MM
  AVERAGE SKY COVER 0.0


WEATHER CONDITIONS
 THE FOLLOWING WEATHER WAS RECORDED TODAY.
  NO SIGNIFICANT WEATHER WAS OBSERVED.


RELATIVE HUMIDITY (PERCENT)
 HIGHEST    93           500 AM
 LOWEST     52          1200 PM
 AVERAGE    73

..........................................................


THE JACKSON HAWKINS CLIMATE NORMALS FOR TOMORROW
                         NORMAL
 MAXIMUM TEMPERATURE (F)   85
 MINIMUM TEMPERATURE (F)   66


SUNRISE AND SUNSET
MAY 26 2019...........SUNRISE   557 AM CDT   SUNSET   759 PM CDT
MAY 27 2019...........SUNRISE   557 AM CDT   SUNSET   800 PM CDT


-  INDICATES NEGATIVE NUMBERS.
R  INDICATES RECORD WAS SET OR TIED.
MM INDICATES DATA IS MISSING.
T  INDICATES TRACE AMOUNT.




$$
