000
CDUS44 KJAN 192106
CLIHKS


CLIMATE REPORT
NATIONAL WEATHER SERVICE JACKSON MS
405 PM CDT TUE MAR 19 2019


...................................

...THE JACKSON HAWKINS CLIMATE SUMMARY FOR MARCH 19 2019...
VALID TODAY AS OF 0400 PM LOCAL TIME.

CLIMATE NORMAL PERIOD 1981 TO 2010
CLIMATE RECORD PERIOD 9999 TO 9999


WEATHER ITEM   OBSERVED TIME   NORMAL DEPARTURE LAST
                VALUE   (LST)  VALUE  FROM      YEAR
                                      NORMAL
......................................................
TEMPERATURE (F)
 TODAY
  MAXIMUM         65    241 PM  69     -4       85
  MINIMUM         44    640 AM  47     -3       59
  AVERAGE         55            58     -3       72

PRECIPITATION (IN)
  TODAY            0.00          0.16  -0.16     0.01
  MONTH TO DATE    2.39          3.08  -0.69     6.24
  SINCE MAR 1      2.39          3.08  -0.69     6.24
  SINCE JAN 1     11.69         12.48  -0.79    18.80

SNOWFALL (IN)
  TODAY            0.0

DEGREE DAYS
 HEATING
  TODAY           10             8      2        0
  MONTH TO DATE  212           180     32      154
  SINCE MAR 1    212           180     32      154
  SINCE JUL 1   1898          2043   -145     1877

 COOLING
  TODAY            0             1     -1        7
  MONTH TO DATE   19            19      0       18
  SINCE MAR 1     19            19      0       18
  SINCE JAN 1     43            31     12       92
......................................................


WIND (MPH)
  HIGHEST WIND SPEED    15   HIGHEST WIND DIRECTION     E (90)
  HIGHEST GUST SPEED    20   HIGHEST GUST DIRECTION     E (70)
  AVERAGE WIND SPEED     6.7


SKY COVER
  POSSIBLE SUNSHINE  MM
  AVERAGE SKY COVER 0.0


WEATHER CONDITIONS
 THE FOLLOWING WEATHER WAS RECORDED TODAY.
  NO SIGNIFICANT WEATHER WAS OBSERVED.


RELATIVE HUMIDITY (PERCENT)
 HIGHEST    53           400 AM
 LOWEST     20           200 PM
 AVERAGE    37

..........................................................


THE JACKSON HAWKINS CLIMATE NORMALS FOR TOMORROW
                         NORMAL
 MAXIMUM TEMPERATURE (F)   69
 MINIMUM TEMPERATURE (F)   48


SUNRISE AND SUNSET
MARCH 19 2019.........SUNRISE   706 AM CDT   SUNSET   712 PM CDT
MARCH 20 2019.........SUNRISE   705 AM CDT   SUNSET   712 PM CDT


-  INDICATES NEGATIVE NUMBERS.
R  INDICATES RECORD WAS SET OR TIED.
MM INDICATES DATA IS MISSING.
T  INDICATES TRACE AMOUNT.




$$
