000
CDUS43 KGLD 230753
CLIHLC

CLIMATE REPORT
NATIONAL WEATHER SERVICE GOODLAND
146 AM MDT SAT MAR 23 2019

...................................

...THE HILL CITY KS CLIMATE SUMMARY FOR MARCH 22 2019...

CLIMATE NORMAL PERIOD 1981 TO 2010
CLIMATE RECORD PERIOD 1896 TO 2019


WEATHER ITEM   OBSERVED TIME   RECORD YEAR NORMAL DEPARTURE LAST
                VALUE   (LST)  VALUE       VALUE  FROM      YEAR
                                                  NORMAL
..................................................................
TEMPERATURE (F)
 YESTERDAY
  MAXIMUM         66    137 PM  90    1910  58      8       74
  MINIMUM         32    556 AM   5    2002  30      2       33
  AVERAGE         49                        44      5       54

PRECIPITATION (IN)
  YESTERDAY        0.09                      0.05   0.04     0.00
  MONTH TO DATE    0.79                      1.04  -0.25     0.41
  SINCE MAR 1      0.79                      1.04  -0.25     0.41
  SINCE JAN 1      1.81                      2.01  -0.20     1.23

..................................................................

THE HILL CITY KS CLIMATE NORMALS FOR TODAY
                         NORMAL    RECORD    YEAR
 MAXIMUM TEMPERATURE (F)   58        90      1910
 MINIMUM TEMPERATURE (F)   30         7      2014
                                             1968


-  INDICATES NEGATIVE NUMBERS.
R  INDICATES RECORD WAS SET OR TIED.
MM INDICATES DATA IS MISSING.
T  INDICATES TRACE AMOUNT.


$$
