000
CDUS41 KPBZ 240702
CLIHLG


CLIMATE REPORT
NATIONAL WEATHER SERVICE PITTSBURGH PA
302 AM EDT SUN MAR 24 2019


...................................

...THE WHEELING CLIMATE SUMMARY FOR MARCH 23 2019...

CLIMATE NORMAL PERIOD 1981 TO 2010
CLIMATE RECORD PERIOD 1878 TO 2019


WEATHER ITEM   OBSERVED TIME   RECORD YEAR NORMAL DEPARTURE LAST
                VALUE   (LST)  VALUE       VALUE  FROM      YEAR
                                                  NORMAL
..................................................................
TEMPERATURE (F)
 YESTERDAY
  MAXIMUM         48    536 PM  82    2012  52     -4       42
  MINIMUM         25    643 AM   6    1906  33     -8       22
  AVERAGE         37                        43     -6       32

PRECIPITATION (IN)
  YESTERDAY        0.00          1.49 1953   0.11  -0.11     0.00
  MONTH TO DATE    1.00                      2.21  -1.21     0.85
  SINCE JAN 1      6.99                      6.94   0.05    10.54

DEGREE DAYS
 HEATING
  YESTERDAY       28                        22      6       33
  MONTH TO DATE  663                       608     55      728
  SINCE MAR 1    663                       608     55      728
  SINCE JUL 1   4609                      4775   -166     4708

 COOLING
  YESTERDAY        0                                         0
  MONTH TO DATE    1                                         0
  SINCE MAR 1      1                                         0
  SINCE JAN 1      1                                         5
..................................................................


WIND (MPH)
  HIGHEST WIND SPEED    18   HIGHEST WIND DIRECTION     W (250)
  HIGHEST GUST SPEED    23   HIGHEST GUST DIRECTION    NW (300)
  AVERAGE WIND SPEED     8.2


SKY COVER
  POSSIBLE SUNSHINE  MM
  AVERAGE SKY COVER 0.1


WEATHER CONDITIONS
 THE FOLLOWING WEATHER WAS RECORDED YESTERDAY.
  NO SIGNIFICANT WEATHER WAS OBSERVED.


RELATIVE HUMIDITY (PERCENT)
 HIGHEST    81           600 AM
 LOWEST     26           500 PM
 AVERAGE    54

..........................................................


THE WHEELING CLIMATE NORMALS FOR TODAY
                         NORMAL    RECORD    YEAR
 MAXIMUM TEMPERATURE (F)   52        81      1910
 MINIMUM TEMPERATURE (F)   34        10      1940


SUNRISE AND SUNSET
MARCH 24 2019.........SUNRISE   720 AM EDT   SUNSET   739 PM EDT
MARCH 25 2019.........SUNRISE   718 AM EDT   SUNSET   740 PM EDT


-  INDICATES NEGATIVE NUMBERS.
R  INDICATES RECORD WAS SET OR TIED.
MM INDICATES DATA IS MISSING.
T  INDICATES TRACE AMOUNT.




$$
