330
CDUS41 KPBZ 260713
CLIHLG


CLIMATE REPORT
NATIONAL WEATHER SERVICE PITTSBURGH PA
312 AM EDT SUN MAY 26 2019


...................................

...THE WHEELING CLIMATE SUMMARY FOR MAY 25 2019...

CLIMATE NORMAL PERIOD 1981 TO 2010
CLIMATE RECORD PERIOD 1878 TO 2019


WEATHER ITEM   OBSERVED TIME   RECORD YEAR NORMAL DEPARTURE LAST
                VALUE   (LST)  VALUE       VALUE  FROM      YEAR
                                                  NORMAL
..................................................................
TEMPERATURE (F)
 YESTERDAY
  MAXIMUM         83    255 PM  91    1939  72     11       84
                                      1932
  MINIMUM         62    132 AM  31    2013  52     10       55
                                      1941
  AVERAGE         73                        62     11       70

PRECIPITATION (IN)
  YESTERDAY        0.33          1.75 1918   0.15   0.18     0.00
  MONTH TO DATE    2.04                      3.36  -1.32     3.00
  SINCE JUN 1     47.77                     37.22  10.55    47.67
  SINCE JAN 1     12.60                     14.33  -1.73    20.64

DEGREE DAYS
 HEATING
  YESTERDAY        0                         4     -4        0
  MONTH TO DATE   96                       169    -73       18
  SINCE MAR 1   1207                      1360   -153     1486
  SINCE JUL 1   5153                      5527   -374     5466

 COOLING
  YESTERDAY        8                                         5
  MONTH TO DATE   58                                        89
  SINCE MAR 1     69                                       103
  SINCE JAN 1     69                                       108
..................................................................


WIND (MPH)
  HIGHEST WIND SPEED    26   HIGHEST WIND DIRECTION     W (280)
  HIGHEST GUST SPEED    41   HIGHEST GUST DIRECTION     W (270)
  AVERAGE WIND SPEED     7.4


SKY COVER
  POSSIBLE SUNSHINE  MM
  AVERAGE SKY COVER 0.3


WEATHER CONDITIONS
 THE FOLLOWING WEATHER WAS RECORDED YESTERDAY.
  THUNDERSTORM
  HEAVY RAIN
  RAIN
  LIGHT RAIN
  FOG


RELATIVE HUMIDITY (PERCENT)
 HIGHEST    93           900 PM
 LOWEST     60           600 PM
 AVERAGE    77

..........................................................


THE WHEELING CLIMATE NORMALS FOR TODAY
                         NORMAL    RECORD    YEAR
 MAXIMUM TEMPERATURE (F)   73        92      1939
 MINIMUM TEMPERATURE (F)   53        32      1930


SUNRISE AND SUNSET
MAY 26 2019...........SUNRISE   559 AM EDT   SUNSET   841 PM EDT
MAY 27 2019...........SUNRISE   558 AM EDT   SUNSET   842 PM EDT


-  INDICATES NEGATIVE NUMBERS.
R  INDICATES RECORD WAS SET OR TIED.
MM INDICATES DATA IS MISSING.
T  INDICATES TRACE AMOUNT.




$$
