152
CDUS45 KTFX 262240
CLIHLN


CLIMATE REPORT
NATIONAL WEATHER SERVICE GREAT FALLS MT
440 PM MDT TUE MAR 26 2019


...................................

...THE HELENA MT CLIMATE SUMMARY FOR MARCH 26 2019...
VALID TODAY AS OF 0400 PM LOCAL TIME.

CLIMATE NORMAL PERIOD 1981 TO 2010
CLIMATE RECORD PERIOD 1866 TO 2019


WEATHER ITEM   OBSERVED TIME   RECORD YEAR NORMAL DEPARTURE LAST
                VALUE   (LST)  VALUE       VALUE  FROM      YEAR
                                                  NORMAL
..................................................................
TEMPERATURE (F)
 TODAY
  MAXIMUM         48    246 PM  73    1978  52     -4       45
  MINIMUM         31    421 AM -22    1955  27      4       22
  AVERAGE         40                        40      0       34

PRECIPITATION (IN)
  TODAY            0.00          0.41 1886   0.02  -0.02     0.00
  MONTH TO DATE    0.37                      0.47  -0.10     1.08
  SINCE OCT 1      4.05                      2.70   1.35     5.84
  SINCE JAN 1      3.14                      1.13   2.01     2.51

DEGREE DAYS
 HEATING
  TODAY           25                        26     -1       31
  MONTH TO DATE 1209                       768    441      854
  SINCE MAR 1   1209                       768    441      854
  SINCE JUL 1   7094                      6329    765     6861

 COOLING
  TODAY            0                         0      0        0
  MONTH TO DATE    0                         0      0        0
  SINCE MAR 1      0                         0      0        0
  SINCE JAN 1      0                         0      0        0
..................................................................


WIND (MPH)
  HIGHEST WIND SPEED    20   HIGHEST WIND DIRECTION     W (270)
  HIGHEST GUST SPEED    25   HIGHEST GUST DIRECTION     W (270)
  AVERAGE WIND SPEED     3.1


SKY COVER
  AVERAGE SKY COVER 0.3


WEATHER CONDITIONS
 THE FOLLOWING WEATHER WAS RECORDED TODAY.
  NO SIGNIFICANT WEATHER WAS OBSERVED.


RELATIVE HUMIDITY (PERCENT)
 HIGHEST    82           500 AM
 LOWEST     49           100 PM
 AVERAGE    66

..........................................................


THE HELENA MT CLIMATE NORMALS FOR TOMORROW
                         NORMAL    RECORD    YEAR
 MAXIMUM TEMPERATURE (F)   52        76      2015
 MINIMUM TEMPERATURE (F)   28       -11      1955


SUNRISE AND SUNSET
MARCH 26 2019.........SUNRISE   719 AM MDT   SUNSET   749 PM MDT
MARCH 27 2019.........SUNRISE   718 AM MDT   SUNSET   750 PM MDT


-  INDICATES NEGATIVE NUMBERS.
R  INDICATES RECORD WAS SET OR TIED.
MM INDICATES DATA IS MISSING.
T  INDICATES TRACE AMOUNT.




$$
