000
CDUS45 KTFX 172240
CLIHLN


CLIMATE REPORT
NATIONAL WEATHER SERVICE GREAT FALLS MT
440 PM MDT MON JUN 17 2019


...................................

...THE HELENA MT CLIMATE SUMMARY FOR JUNE 17 2019...
VALID TODAY AS OF 0400 PM LOCAL TIME.

CLIMATE NORMAL PERIOD 1981 TO 2010
CLIMATE RECORD PERIOD 1866 TO 2019


WEATHER ITEM   OBSERVED TIME   RECORD YEAR NORMAL DEPARTURE LAST
                VALUE   (LST)  VALUE       VALUE  FROM      YEAR
                                                  NORMAL
..................................................................
TEMPERATURE (F)
 TODAY
  MAXIMUM         81    220 PM  97    1986  76      5       60
  MINIMUM         54    547 AM  34    1954  49      5       51
  AVERAGE         68                        62      6       56

PRECIPITATION (IN)
  TODAY            T             0.61 1949   0.07  -0.07      T
  MONTH TO DATE    0.28                      1.29  -1.01     1.47
  SINCE OCT 1      8.66                      6.96   1.70    12.28
  SINCE JAN 1      7.75                      5.39   2.36     8.95

DEGREE DAYS
 HEATING
  TODAY            0                         4     -4        9
  MONTH TO DATE   36                        96    -60       83
  SINCE JUN 1     36                        96    -60       83
  SINCE JUL 1   8238                      7501    737     7976

 COOLING
  TODAY            3                         1      2        0
  MONTH TO DATE   29                        17     12       15
  SINCE JUN 1     29                        17     12       15
  SINCE JAN 1     32                        25      7       20
..................................................................


WIND (MPH)
  HIGHEST WIND SPEED    16   HIGHEST WIND DIRECTION    NE (50)
  HIGHEST GUST SPEED    20   HIGHEST GUST DIRECTION    NE (60)
  AVERAGE WIND SPEED     5.2


SKY COVER
  AVERAGE SKY COVER 0.2


WEATHER CONDITIONS
 THE FOLLOWING WEATHER WAS RECORDED TODAY.
  NO SIGNIFICANT WEATHER WAS OBSERVED.


RELATIVE HUMIDITY (PERCENT)
 HIGHEST    72           300 AM
 LOWEST     30           200 PM
 AVERAGE    51

..........................................................


THE HELENA MT CLIMATE NORMALS FOR TOMORROW
                         NORMAL    RECORD    YEAR
 MAXIMUM TEMPERATURE (F)   76        94      2003
                                             1986
                                             1961
 MINIMUM TEMPERATURE (F)   49        33      1949


SUNRISE AND SUNSET
JUNE 17 2019..........SUNRISE   534 AM MDT   SUNSET   924 PM MDT
JUNE 18 2019..........SUNRISE   534 AM MDT   SUNSET   924 PM MDT


-  INDICATES NEGATIVE NUMBERS.
R  INDICATES RECORD WAS SET OR TIED.
MM INDICATES DATA IS MISSING.
T  INDICATES TRACE AMOUNT.




$$
