000
CDHW40 PHFO 260241
CLIHNL


CLIMATE REPORT
NATIONAL WEATHER SERVICE HONOLULU HI
441 PM HST MON MAR 25 2019


...................................

...THE HONOLULU HI CLIMATE SUMMARY FOR MARCH 25 2019...
VALID TODAY AS OF 0400 PM LOCAL TIME.

CLIMATE NORMAL PERIOD 1981 TO 2010
CLIMATE RECORD PERIOD 1946 TO 2019


WEATHER ITEM   OBSERVED TIME   RECORD YEAR NORMAL DEPARTURE LAST
                VALUE   (LST)  VALUE       VALUE  FROM      YEAR
                                                  NORMAL
..................................................................
TEMPERATURE (F)
 TODAY
  MAXIMUM         82    358 PM  88    1983  82      0       79
  MINIMUM         72    721 AM  56    1955  69      3       65
  AVERAGE         77                        75      2       72

PRECIPITATION (IN)
  TODAY            T             1.51 1971   0.06  -0.06     0.09
  MONTH TO DATE    0.08                      1.68  -1.60     2.32
  SINCE MAR 1      0.08                      1.68  -1.60     2.32
  SINCE JAN 1      2.58                      5.98  -3.40     6.50

SNOWFALL (IN)
  TODAY            0.0
  MONTH TO DATE    0.0
  SINCE MAR 1      0.0
  SINCE JUL 1      0.0
  SNOW DEPTH      MM

DEGREE DAYS
 HEATING
  TODAY            0                         0      0        0
  MONTH TO DATE    0                         0      0        0
  SINCE MAR 1      0                         0      0        0
  SINCE JUL 1      0                         0      0        0

 COOLING
  TODAY           12                        10      2        7
  MONTH TO DATE  245                       233     12      258
  SINCE MAR 1    245                       233     12      258
  SINCE JAN 1    777                       715     62      928
..................................................................


WIND (MPH)
  HIGHEST WIND SPEED    21   HIGHEST WIND DIRECTION    NE (60)
  HIGHEST GUST SPEED    25   HIGHEST GUST DIRECTION     E (70)
  AVERAGE WIND SPEED    MM


SKY COVER
  POSSIBLE SUNSHINE  MM
  AVERAGE SKY COVER  MM


WEATHER CONDITIONS
 THE FOLLOWING WEATHER WAS RECORDED TODAY.
  NO SIGNIFICANT WEATHER WAS OBSERVED.


RELATIVE HUMIDITY (PERCENT)
 HIGHEST    MM
 LOWEST     MM
 AVERAGE    MM

..........................................................


THE HONOLULU HI CLIMATE NORMALS FOR TOMORROW
                         NORMAL    RECORD    YEAR
 MAXIMUM TEMPERATURE (F)   82        87      1984
                                             1981
 MINIMUM TEMPERATURE (F)   69        57      1955


SUNRISE AND SUNSET
MARCH 25 2019.........SUNRISE   631 AM HST   SUNSET   644 PM HST
MARCH 26 2019.........SUNRISE   630 AM HST   SUNSET   645 PM HST


-  INDICATES NEGATIVE NUMBERS.
R  INDICATES RECORD WAS SET OR TIED.
MM INDICATES DATA IS MISSING.
T  INDICATES TRACE AMOUNT.




$$
