000
CDHW40 PHFO 211245
CLIHNL


CLIMATE REPORT
NATIONAL WEATHER SERVICE HONOLULU HI
245 AM HST TUE MAY 21 2019


...................................

...THE HONOLULU HI CLIMATE SUMMARY FOR MAY 20 2019...

CLIMATE NORMAL PERIOD 1981 TO 2010
CLIMATE RECORD PERIOD 1940 TO 2019


WEATHER ITEM   OBSERVED TIME   RECORD YEAR NORMAL DEPARTURE LAST
                VALUE   (LST)  VALUE       VALUE  FROM      YEAR
                                                  NORMAL
..................................................................
TEMPERATURE (F)
 YESTERDAY
  MAXIMUM         88   1018 AM  90    2005  85      3       87
                                      1996
  MINIMUM         77   1159 PM  60    1985  71      6       75
  AVERAGE         83                        78      5       81

PRECIPITATION (IN)
  YESTERDAY        T             0.35 1966   0.01  -0.01     0.00
  MONTH TO DATE    0.30                      0.44  -0.14     0.21
  SINCE MAR 1      0.58                      3.09  -2.51     3.97
  SINCE JAN 1      3.08                      7.39  -4.31     8.15

SNOWFALL (IN)
  YESTERDAY        0.0
  MONTH TO DATE    0.0
  SINCE MAR 1      0.0
  SINCE JUL 1      0.0
  SNOW DEPTH      MM

DEGREE DAYS
 HEATING
  YESTERDAY        0                         0      0        0
  MONTH TO DATE    0                         0      0        0
  SINCE MAR 1      0                         0      0        0
  SINCE JUL 1      0                         0      0        0

 COOLING
  YESTERDAY       18                        13      5       16
  MONTH TO DATE  280                       246     34      265
  SINCE MAR 1    952                       871     81      949
  SINCE JAN 1   1484                      1353    131     1619
..................................................................


WIND (MPH)
  HIGHEST WIND SPEED    16   HIGHEST WIND DIRECTION    SE (150)
  HIGHEST GUST SPEED    22   HIGHEST GUST DIRECTION    SE (140)
  AVERAGE WIND SPEED     7.1


SKY COVER
  POSSIBLE SUNSHINE  MM
  AVERAGE SKY COVER  MM


WEATHER CONDITIONS
 THE FOLLOWING WEATHER WAS RECORDED YESTERDAY.
  NO SIGNIFICANT WEATHER WAS OBSERVED.


RELATIVE HUMIDITY (PERCENT)
 HIGHEST    MM
 LOWEST     MM
 AVERAGE    MM

..........................................................


THE HONOLULU HI CLIMATE NORMALS FOR TODAY
                         NORMAL    RECORD    YEAR
 MAXIMUM TEMPERATURE (F)   85        89      2004
 MINIMUM TEMPERATURE (F)   71        64      1997
                                             1985


SUNRISE AND SUNSET
MAY 21 2019...........SUNRISE   551 AM HST   SUNSET   705 PM HST
MAY 22 2019...........SUNRISE   551 AM HST   SUNSET   706 PM HST


-  INDICATES NEGATIVE NUMBERS.
R  INDICATES RECORD WAS SET OR TIED.
MM INDICATES DATA IS MISSING.
T  INDICATES TRACE AMOUNT.




$$
