000
CDUS43 KFSD 260010
CLIHON


CLIMATE REPORT
NATIONAL WEATHER SERVICE SIOUX FALLS SD
709 PM CDT SAT MAY 25 2019


...................................

...THE HURON SD CLIMATE SUMMARY FOR MAY 25 2019...
VALID TODAY AS OF 0500 PM LOCAL TIME.

CLIMATE NORMAL PERIOD 1981 TO 2010
CLIMATE RECORD PERIOD 1881 TO 2019


WEATHER ITEM   OBSERVED TIME   RECORD YEAR NORMAL DEPARTURE LAST
                VALUE   (LST)  VALUE       VALUE  FROM      YEAR
                                                  NORMAL
..................................................................
TEMPERATURE (F)
 TODAY
  MAXIMUM         68    359 PM  93    1967  73     -5       92
  MINIMUM         47    458 AM  32    1924  49     -2       60
                                      1893
  AVERAGE         58                        61     -3       76

PRECIPITATION (IN)
  TODAY            0.00          1.98 1907   0.11  -0.11     0.00
  MONTH TO DATE    5.28                      2.45   2.83     1.39
  SINCE MAR 1     10.95                      6.22   4.73     5.64
  SINCE JAN 1     12.83                      7.32   5.51     6.98

SNOWFALL (IN)
  TODAY            0.0           0.0    MM   0.0    0.0      0.0
  MONTH TO DATE    0.0                       0.1   -0.1      0.0
  SINCE MAR 1     28.4                      13.0   15.4     30.8
  SINCE JUL 1     64.4                      44.0   20.4     58.7
  SNOW DEPTH       0

DEGREE DAYS
 HEATING
  TODAY            7                         5      2        0
  MONTH TO DATE  328                       216    112      111
  SINCE MAR 1   2173                      1762    411     1983
  SINCE JUL 1   8589                      7594    995     7931

 COOLING
  TODAY            0                         1     -1       11
  MONTH TO DATE    4                        22    -18       59
  SINCE MAR 1      4                        26    -22       61
  SINCE JAN 1      4                        26    -22       61
..................................................................


WIND (MPH)
  HIGHEST WIND SPEED    23   HIGHEST WIND DIRECTION    NW (300)
  HIGHEST GUST SPEED    30   HIGHEST GUST DIRECTION    NW (300)
  AVERAGE WIND SPEED    12.0


SKY COVER
  POSSIBLE SUNSHINE  MM
  AVERAGE SKY COVER 0.1


WEATHER CONDITIONS
 THE FOLLOWING WEATHER WAS RECORDED TODAY.
  NO SIGNIFICANT WEATHER WAS OBSERVED.


RELATIVE HUMIDITY (PERCENT)
 HIGHEST    93           500 AM
 LOWEST     45           400 PM
 AVERAGE    69

..........................................................


THE HURON SD CLIMATE NORMALS FOR TOMORROW
                         NORMAL    RECORD    YEAR
 MAXIMUM TEMPERATURE (F)   73        95      1931
 MINIMUM TEMPERATURE (F)   50        28      1992


SUNRISE AND SUNSET
MAY 25 2019...........SUNRISE   556 AM CDT   SUNSET   904 PM CDT
MAY 26 2019...........SUNRISE   556 AM CDT   SUNSET   905 PM CDT


-  INDICATES NEGATIVE NUMBERS.
R  INDICATES RECORD WAS SET OR TIED.
MM INDICATES DATA IS MISSING.
T  INDICATES TRACE AMOUNT.




$$
