652
CDUS43 KFSD 242237
CLIHON


CLIMATE REPORT
NATIONAL WEATHER SERVICE SIOUX FALLS SD
537 PM CDT SUN MAR 24 2019


...................................

...THE HURON SD CLIMATE SUMMARY FOR MARCH 24 2019...
VALID TODAY AS OF 0500 PM LOCAL TIME.

CLIMATE NORMAL PERIOD 1981 TO 2010
CLIMATE RECORD PERIOD 1881 TO 2019


WEATHER ITEM   OBSERVED TIME   RECORD YEAR NORMAL DEPARTURE LAST
                VALUE   (LST)  VALUE       VALUE  FROM      YEAR
                                                  NORMAL
..................................................................
TEMPERATURE (F)
 TODAY
  MAXIMUM         41    926 AM  80    1907  48     -7       33
  MINIMUM         34   1159 AM  -2    1952  26      8       31
  AVERAGE         38                        37      1       32

PRECIPITATION (IN)
  TODAY            T             1.15 1987   0.05  -0.05     0.13
  MONTH TO DATE    2.19                      1.01   1.18     1.86
  SINCE MAR 1      2.19                      1.01   1.18     1.86
  SINCE JAN 1      4.07                      2.11   1.96     3.20

SNOWFALL (IN)
  TODAY            0.0           9.5  1975   0.2   -0.2      1.0
  MONTH TO DATE    7.7                       7.2    0.5      8.9
  SINCE MAR 1      7.7                       7.2    0.5      8.9
  SINCE JUL 1     43.7                      38.2    5.5     36.8
  SNOW DEPTH       0

DEGREE DAYS
 HEATING
  TODAY           27                        28     -1       33
  MONTH TO DATE 1054                       800    254      817
  SINCE MAR 1   1054                       800    254      817
  SINCE JUL 1   7470                      6632    838     6765

 COOLING
  TODAY            0                         0      0        0
  MONTH TO DATE    0                         0      0        0
  SINCE MAR 1      0                         0      0        0
  SINCE JAN 1      0                         0      0        0
..................................................................


WIND (MPH)
  HIGHEST WIND SPEED    20   HIGHEST WIND DIRECTION     N (360)
  HIGHEST GUST SPEED    24   HIGHEST GUST DIRECTION     N (360)
  AVERAGE WIND SPEED     9.6


SKY COVER
  POSSIBLE SUNSHINE  MM
  AVERAGE SKY COVER 0.9


WEATHER CONDITIONS
 THE FOLLOWING WEATHER WAS RECORDED TODAY.
  FOG


RELATIVE HUMIDITY (PERCENT)
 HIGHEST    92           100 AM
 LOWEST     85          1000 AM
 AVERAGE    89

..........................................................


THE HURON SD CLIMATE NORMALS FOR TOMORROW
                         NORMAL    RECORD    YEAR
 MAXIMUM TEMPERATURE (F)   48        80      1908
 MINIMUM TEMPERATURE (F)   26       -14      1893


SUNRISE AND SUNSET
MARCH 24 2019.........SUNRISE   729 AM CDT   SUNSET   750 PM CDT
MARCH 25 2019.........SUNRISE   727 AM CDT   SUNSET   751 PM CDT


-  INDICATES NEGATIVE NUMBERS.
R  INDICATES RECORD WAS SET OR TIED.
MM INDICATES DATA IS MISSING.
T  INDICATES TRACE AMOUNT.




$$
