000
CDUS44 KHGX 192119
CLIHOU

CLIMATE REPORT
NATIONAL WEATHER SERVICE HOUSTON/GALVESTON TX
416 PM CDT TUE MAR 19 2019


...................................

...THE HOUSTON/HOBBY AIRPORT CLIMATE SUMMARY FOR MARCH 19 2019...
VALID TODAY AS OF 400 PM LOCAL TIME.

CLIMATE NORMAL PERIOD 1981 TO 2010
CLIMATE RECORD PERIOD 1930 TO 2019


WEATHER ITEM   OBSERVED TIME   RECORD YEAR NORMAL DEPARTURE LAST
                VALUE   (LST)  VALUE       VALUE  FROM      YEAR
                                                  NORMAL
..................................................................
TEMPERATURE (F)
 TODAY
  MAXIMUM         72    224 PM  86    1974  73     -1       85
  MINIMUM         55    408 AM  25    1934  55      0       66
  AVERAGE         64                        64      0       76

PRECIPITATION (IN)
  TODAY            0.00          4.46 1979   0.09  -0.09      T
  MONTH TO DATE    0.44                      1.95  -1.51     0.47
  SINCE MAR 1      0.44                      1.95  -1.51     0.47
  SINCE JAN 1      7.89                      9.03  -1.14     7.71

SNOWFALL (IN)
  TODAY            0.0
  MONTH TO DATE    0.0
  SINCE JUL 1      T

DEGREE DAYS
 HEATING
  TODAY            1                         3     -2        0
  MONTH TO DATE  115                        90     25       45
  SINCE MAR 1    115                        90     25       45
  SINCE JUL 1   1097                      1160    -63     1084

 COOLING
  TODAY            0                         2     -2       11
  MONTH TO DATE   54                        35     19       77
  SINCE MAR 1     54                        35     19       77
  SINCE JAN 1     97                        73     24      168
..................................................................


WIND (MPH)
  RESULTANT WIND SPEED   7   RESULTANT WIND DIRECTION   E (100)
  HIGHEST WIND SPEED    22   HIGHEST WIND DIRECTION    SE (120)
  HIGHEST GUST SPEED    31   HIGHEST GUST DIRECTION     E (110)
  AVERAGE WIND SPEED     8.6



WEATHER CONDITIONS
 THE FOLLOWING WEATHER WAS RECORDED TODAY.
  NO SIGNIFICANT WEATHER WAS OBSERVED.


RELATIVE HUMIDITY (PERCENT)
 HIGHEST    72           400 AM
 LOWEST     31           100 PM
 AVERAGE    52

..........................................................


THE HOUSTON/HOBBY AIRPORT CLIMATE NORMALS FOR TOMORROW
                         NORMAL    RECORD    YEAR
 MAXIMUM TEMPERATURE (F)   73        84      2017
 MINIMUM TEMPERATURE (F)   55        29      1965


SUNRISE AND SUNSET
MARCH 19 2019.........SUNRISE   726 AM CDT   SUNSET   732 PM CDT
MARCH 20 2019.........SUNRISE   725 AM CDT   SUNSET   732 PM CDT


-  INDICATES NEGATIVE NUMBERS.
R  INDICATES RECORD WAS SET OR TIED.
MM INDICATES DATA IS MISSING.
T  INDICATES TRACE AMOUNT.

...MISCELLANEOUS CLIMATE DATA FOR TODAY...

LOCATION                        HIGH    LOW     PRECIP
PEARLAND                         70      52      0.00
SUGAR LAND                       73      54      0.00
TOMBALL                          72      45      0.00
CONROE                           72      41      0.00
HUNTSVILLE                       72      46      0.00
ANGLETON/LAKE JACKSON            70      51      0.00
PALACIOS                         69      47      0.00
LEAGUE CITY (NWS)                68      52      0.00


THIS PRODUCT...ALONG WITH OTHER WEATHER...HYDROLOGIC...AND CLIMATE
PRODUCTS...IS AVAILABLE ON THE WEB AT HTTP://WWW.WEATHER.GOV/HGX


$$
