000
CDUS44 KHGX 202121
CLIHOU

CLIMATE REPORT
NATIONAL WEATHER SERVICE HOUSTON/GALVESTON TX
418 PM CDT MON MAY 20 2019


...................................

...THE HOUSTON/HOBBY AIRPORT CLIMATE SUMMARY FOR MAY 20 2019...
VALID TODAY AS OF 400 PM LOCAL TIME.

CLIMATE NORMAL PERIOD 1981 TO 2010
CLIMATE RECORD PERIOD 1930 TO 2019


WEATHER ITEM   OBSERVED TIME   RECORD YEAR NORMAL DEPARTURE LAST
                VALUE   (LST)  VALUE       VALUE  FROM      YEAR
                                                  NORMAL
..................................................................
TEMPERATURE (F)
 TODAY
  MAXIMUM         89    133 PM  95    2008  86      3       90
  MINIMUM         78    535 AM  56    1981  70      8       70
                                      1952
  AVERAGE         84                        78      6       80

PRECIPITATION (IN)
  TODAY            0.00          4.21 1966   0.15  -0.15      T
  MONTH TO DATE    9.81                      2.85   6.96      T
  SINCE MAR 1     12.56                      9.30   3.26     4.64
  SINCE JAN 1     20.01                     16.38   3.63    11.88

DEGREE DAYS
 COOLING
  TODAY           19                        13      6       15
  MONTH TO DATE  245                       218     27      274
  SINCE MAR 1    528                       460     68      528
  SINCE JAN 1    571                       498     73      619
..................................................................


WIND (MPH)
  RESULTANT WIND SPEED  14   RESULTANT WIND DIRECTION  SE (150)
  HIGHEST WIND SPEED    25   HIGHEST WIND DIRECTION    SE (150)
  HIGHEST GUST SPEED    32   HIGHEST GUST DIRECTION    SE (150)
  AVERAGE WIND SPEED    14.1



WEATHER CONDITIONS
 THE FOLLOWING WEATHER WAS RECORDED TODAY.
  NO SIGNIFICANT WEATHER WAS OBSERVED.


RELATIVE HUMIDITY (PERCENT)
 HIGHEST    91           300 AM
 LOWEST     59          1200 PM
 AVERAGE    75

..........................................................


THE HOUSTON/HOBBY AIRPORT CLIMATE NORMALS FOR TOMORROW
                         NORMAL    RECORD    YEAR
 MAXIMUM TEMPERATURE (F)   87        95      2005
 MINIMUM TEMPERATURE (F)   70        58      2002
                                             1947
                                             1931


SUNRISE AND SUNSET
MAY 20 2019...........SUNRISE   626 AM CDT   SUNSET   810 PM CDT
MAY 21 2019...........SUNRISE   625 AM CDT   SUNSET   811 PM CDT


-  INDICATES NEGATIVE NUMBERS.
R  INDICATES RECORD WAS SET OR TIED.
MM INDICATES DATA IS MISSING.
T  INDICATES TRACE AMOUNT.

...MISCELLANEOUS CLIMATE DATA FOR TODAY...

LOCATION                        HIGH    LOW     PRECIP
PEARLAND                         87      78      0.00
SUGAR LAND                       89      77      0.00
TOMBALL                          89      78      0.00
CONROE                           90      76      0.00
HUNTSVILLE                       91      78      0.00
ANGLETON/LAKE JACKSON            86      78      0.00
PALACIOS                         87      80      0.00
LEAGUE CITY (NWS)                88      80      0.00


THIS PRODUCT...ALONG WITH OTHER WEATHER...HYDROLOGIC...AND CLIMATE
PRODUCTS...IS AVAILABLE ON THE WEB AT HTTP://WWW.WEATHER.GOV/HGX


$$
