000
CDUS46 KSEW 270833
CLIHQM


CLIMATE REPORT
NATIONAL WEATHER SERVICE SEATTLE WA
133 AM PDT MON MAY 27 2019


...................................

...THE HOQUIAM WA AIRPORT CLIMATE SUMMARY FOR MAY 26 2019...

CLIMATE NORMAL PERIOD 1981 TO 2010
CLIMATE RECORD PERIOD 1953 TO 2019


WEATHER ITEM   OBSERVED TIME   RECORD YEAR NORMAL DEPARTURE LAST
                VALUE   (LST)  VALUE       VALUE  FROM      YEAR
                                                  NORMAL
..................................................................
TEMPERATURE (F)
 YESTERDAY
  MAXIMUM         68    155 PM  89    2005  61      7       62
  MINIMUM         42    452 AM  38    1973  48     -6       53
  AVERAGE         55                        54      1       58

PRECIPITATION (IN)
  YESTERDAY        0.00          0.79 2011   0.09  -0.09     0.00
  MONTH TO DATE    1.19                      2.80  -1.61     0.35
  SINCE OCT 1     46.86                     60.09 -13.23    64.74
  SINCE JAN 1     19.72                     32.43 -12.71    33.15

DEGREE DAYS
 HEATING
  YESTERDAY       10                        11     -1        7
  MONTH TO DATE  246                       320    -74      234
  SINCE MAR 1   1243                      1398   -155     1273

 COOLING
  YESTERDAY        0                         0      0        0
  MONTH TO DATE    1                         0      1        0
  SINCE MAR 1      1                         0      1        0
  SINCE JAN 1      1                         0      1        0
..................................................................


WIND (MPH)
  RESULTANT WIND SPEED   0   RESULTANT WIND DIRECTION   E (90)
  HIGHEST WIND SPEED    13   HIGHEST WIND DIRECTION     W (290)
  HIGHEST GUST SPEED    15   HIGHEST GUST DIRECTION     W (280)
  AVERAGE WIND SPEED     4.1


SKY COVER
  AVERAGE SKY COVER 0.2


WEATHER CONDITIONS
 THE FOLLOWING WEATHER WAS RECORDED YESTERDAY.
  FOG


RELATIVE HUMIDITY (PERCENT)
 HIGHEST   100           100 AM
 LOWEST     63           100 PM
 AVERAGE    82

..........................................................


THE HOQUIAM WA AIRPORT CLIMATE NORMALS FOR TODAY
                         NORMAL    RECORD    YEAR
 MAXIMUM TEMPERATURE (F)   61        86      1972
 MINIMUM TEMPERATURE (F)   48        38      1966
                                             1955


SUNRISE AND SUNSET
MAY 27 2019...........SUNRISE   528 AM PDT   SUNSET   858 PM PDT
MAY 28 2019...........SUNRISE   528 AM PDT   SUNSET   859 PM PDT


-  INDICATES NEGATIVE NUMBERS.
R  INDICATES RECORD WAS SET OR TIED.
MM INDICATES DATA IS MISSING.
T  INDICATES TRACE AMOUNT.




$$
