000
CDUS46 KSEW 230126
CLIHQM


CLIMATE REPORT
NATIONAL WEATHER SERVICE SEATTLE WA
625 PM PDT FRI MAR 22 2019


...................................

...THE HOQUIAM WA AIRPORT CLIMATE SUMMARY FOR MARCH 22 2019...
VALID TODAY AS OF 0500 PM LOCAL TIME.

CLIMATE NORMAL PERIOD 1981 TO 2010
CLIMATE RECORD PERIOD 1953 TO 2019


WEATHER ITEM   OBSERVED TIME   RECORD YEAR NORMAL DEPARTURE LAST
                VALUE   (LST)  VALUE       VALUE  FROM      YEAR
                                                  NORMAL
..................................................................
TEMPERATURE (F)
 TODAY
  MAXIMUM         56   1040 AM  68    1979  53      3       49
  MINIMUM         39    646 AM  30    1970  40     -1       38
  AVERAGE         48                        47      1       44

PRECIPITATION (IN)
  TODAY            0.08          2.18 1993   0.23  -0.15     0.48
  MONTH TO DATE    1.45                      5.01  -3.56     1.99
  SINCE OCT 1     40.88                     50.21  -9.33    52.44
  SINCE JAN 1     13.74                     22.55  -8.81    20.85

DEGREE DAYS
 HEATING
  TODAY           17                        18     -1       21
  MONTH TO DATE  408                       425    -17      432
  SINCE MAR 1    408                       425    -17      432

 COOLING
  TODAY            0                         0      0        0
  MONTH TO DATE    0                         0      0        0
  SINCE MAR 1      0                         0      0        0
  SINCE JAN 1      0                         0      0        0
..................................................................


WIND (MPH)
  RESULTANT WIND SPEED   7   RESULTANT WIND DIRECTION   E (70)
  HIGHEST WIND SPEED    18   HIGHEST WIND DIRECTION     S (180)
  HIGHEST GUST SPEED    23   HIGHEST GUST DIRECTION     S (180)
  AVERAGE WIND SPEED     8.2


SKY COVER
  AVERAGE SKY COVER 0.7


WEATHER CONDITIONS
 THE FOLLOWING WEATHER WAS RECORDED TODAY.
  LIGHT RAIN
  FOG
  FOG W/VISIBILITY <= 1/4 MILE


RELATIVE HUMIDITY (PERCENT)
 HIGHEST   100           200 AM
 LOWEST     72          1100 AM
 AVERAGE    86

..........................................................


THE HOQUIAM WA AIRPORT CLIMATE NORMALS FOR TOMORROW
                         NORMAL    RECORD    YEAR
 MAXIMUM TEMPERATURE (F)   53        67      1979
 MINIMUM TEMPERATURE (F)   40        30      1954


SUNRISE AND SUNSET
MARCH 22 2019.........SUNRISE   715 AM PDT   SUNSET   731 PM PDT
MARCH 23 2019.........SUNRISE   713 AM PDT   SUNSET   732 PM PDT


-  INDICATES NEGATIVE NUMBERS.
R  INDICATES RECORD WAS SET OR TIED.
MM INDICATES DATA IS MISSING.
T  INDICATES TRACE AMOUNT.




$$
