000
CDUS46 KPDT 250827 RRC
CLIHRI

CLIMATE REPORT
NATIONAL WEATHER SERVICE PENDLETON OR
126 AM PDT TUE JUN 25 2019


...................................

...THE HERMISTON OR CLIMATE SUMMARY FOR JUNE 24 2019...

CLIMATE NORMAL PERIOD 1981 TO 2010
CLIMATE RECORD PERIOD 1906 TO 2019


WEATHER ITEM   OBSERVED TIME   RECORD YEAR NORMAL DEPARTURE LAST
                VALUE   (LST)  VALUE       VALUE  FROM      YEAR
                                                  NORMAL
..................................................................
TEMPERATURE (F)
 YESTERDAY
  MAXIMUM         81    536 PM 107    1992  84     -3       98
  MINIMUM         54    405 AM  41    1934  53      1       54
  AVERAGE         68                        68      0       76

PRECIPITATION (IN)
  YESTERDAY        0.00          0.22 1941   0.01  -0.01     0.00
  MONTH TO DATE    T                         0.63  -0.63     0.14
  SINCE OCT 1      7.12                      9.28  -2.16     7.65
  SINCE JAN 1      4.42                      5.96  -1.54     5.11

..................................................................


WIND (MPH)
  HIGHEST WIND SPEED    17   HIGHEST WIND DIRECTION     W (260)
  HIGHEST GUST SPEED    24   HIGHEST GUST DIRECTION     W (270)
  AVERAGE WIND SPEED     9.4


SKY COVER
  POSSIBLE SUNSHINE  MM
  AVERAGE SKY COVER 0.0


WEATHER CONDITIONS
 THE FOLLOWING WEATHER WAS RECORDED YESTERDAY.
  NO SIGNIFICANT WEATHER WAS OBSERVED.


RELATIVE HUMIDITY (PERCENT)
 HIGHEST    66           300 AM
 LOWEST     11           400 PM
 AVERAGE    39

..........................................................


THE HERMISTON OR CLIMATE NORMALS FOR TODAY
                         NORMAL    RECORD    YEAR
 MAXIMUM TEMPERATURE (F)   84       105      1992
 MINIMUM TEMPERATURE (F)   53        39      1917


SUNRISE AND SUNSET
JUNE 25 2019..........SUNRISE   508 AM PDT   SUNSET   851 PM PDT
JUNE 26 2019..........SUNRISE   508 AM PDT   SUNSET   851 PM PDT


-  INDICATES NEGATIVE NUMBERS.
R  INDICATES RECORD WAS SET OR TIED.
MM INDICATES DATA IS MISSING.
T  INDICATES TRACE AMOUNT.




$$
