000
CDUS46 KPDT 260830 RRA
CLIHRI

CLIMATE REPORT
NATIONAL WEATHER SERVICE PENDLETON OR
128 AM PDT TUE MAR 26 2019


...................................

...THE HERMISTON OR CLIMATE SUMMARY FOR MARCH 25 2019...

CLIMATE NORMAL PERIOD 1981 TO 2010
CLIMATE RECORD PERIOD 1906 TO 2019


WEATHER ITEM   OBSERVED TIME   RECORD YEAR NORMAL DEPARTURE LAST
                VALUE   (LST)  VALUE       VALUE  FROM      YEAR
                                                  NORMAL
..................................................................
TEMPERATURE (F)
 YESTERDAY
  MAXIMUM         62    236 PM  77    1960  61      1       57
  MINIMUM         37    542 AM  15    1996  35      2       29
  AVERAGE         50                        48      2       43

PRECIPITATION (IN)
  YESTERDAY        0.00          0.33 1958   0.03  -0.03      T
  MONTH TO DATE    0.17                      0.88  -0.71     0.75
  SINCE OCT 1      6.26                      6.48  -0.22     4.92
  SINCE JAN 1      3.56                      3.16   0.40     2.38

..................................................................


WIND (MPH)
  HIGHEST WIND SPEED    23   HIGHEST WIND DIRECTION     W (290)
  HIGHEST GUST SPEED    31   HIGHEST GUST DIRECTION     W (280)
  AVERAGE WIND SPEED    10.9


SKY COVER
  POSSIBLE SUNSHINE  MM
  AVERAGE SKY COVER 0.2


WEATHER CONDITIONS
 THE FOLLOWING WEATHER WAS RECORDED YESTERDAY.
  NO SIGNIFICANT WEATHER WAS OBSERVED.


RELATIVE HUMIDITY (PERCENT)
 HIGHEST    85           300 AM
 LOWEST     51           300 PM
 AVERAGE    68

..........................................................


THE HERMISTON OR CLIMATE NORMALS FOR TODAY
                         NORMAL    RECORD    YEAR
 MAXIMUM TEMPERATURE (F)   61        82      1960
 MINIMUM TEMPERATURE (F)   35        20      1955


SUNRISE AND SUNSET
MARCH 26 2019.........SUNRISE   649 AM PDT   SUNSET   717 PM PDT
MARCH 27 2019.........SUNRISE   647 AM PDT   SUNSET   719 PM PDT


-  INDICATES NEGATIVE NUMBERS.
R  INDICATES RECORD WAS SET OR TIED.
MM INDICATES DATA IS MISSING.
T  INDICATES TRACE AMOUNT.




$$
