000
CDUS44 KBRO 230635
CLIHRL


CLIMATE REPORT
NATIONAL WEATHER SERVICE BROWNSVILLE TX
134 AM CDT THU MAY 23 2019


...................................

...THE HARLINGEN CLIMATE SUMMARY FOR MAY 22 2019...

CLIMATE NORMAL PERIOD 1981 TO 2010
CLIMATE RECORD PERIOD 1912 TO 2019


WEATHER ITEM   OBSERVED TIME   RECORD YEAR NORMAL DEPARTURE LAST
                VALUE   (LST)  VALUE       VALUE  FROM      YEAR
                                                  NORMAL
..................................................................
TEMPERATURE (F)
 YESTERDAY
  MAXIMUM         96    117 PM 101    1955  91      5       93
  MINIMUM         80    650 AM  58    1967  72      8       72
  AVERAGE         88                        82      6       83

PRECIPITATION (IN)
  YESTERDAY        0.00          2.60 1941   0.08  -0.08     0.00
  MONTH TO DATE    0.38                      1.69  -1.31     0.34
  SINCE MAR 1      4.65                      4.65   0.00     1.40
  SINCE JAN 1      6.17                      7.12  -0.95     4.05

SNOWFALL (IN)
  YESTERDAY        0.0
  MONTH TO DATE    0.0
  SINCE MAR 1      0.0
  SINCE JUL 1      0.0
  SNOW DEPTH       0

DEGREE DAYS
 HEATING
  YESTERDAY        0                         0      0        0
  MONTH TO DATE    0                         0      0        0
  SINCE MAR 1    108                        54     54        4
  SINCE JUL 1    693                       622     71      644

 COOLING
  YESTERDAY       23                        17      6       18
  MONTH TO DATE  372                       331     41      372
  SINCE MAR 1    862                       820     42      899
  SINCE JAN 1   1025                       945     80     1105
..................................................................


WIND (MPH)
  HIGHEST WIND SPEED    30   HIGHEST WIND DIRECTION     S (160)
  HIGHEST GUST SPEED    38   HIGHEST GUST DIRECTION     S (170)
  AVERAGE WIND SPEED    20.6



WEATHER CONDITIONS
 THE FOLLOWING WEATHER WAS RECORDED YESTERDAY.
  FOG
  HAZE


RELATIVE HUMIDITY (PERCENT)
 HIGHEST    91
 LOWEST     53
 AVERAGE    72

..........................................................


THE HARLINGEN CLIMATE NORMALS FOR TODAY
                         NORMAL    RECORD    YEAR
 MAXIMUM TEMPERATURE (F)   92       101      1916
 MINIMUM TEMPERATURE (F)   72        56      1928


SUNRISE AND SUNSET
MAY 23 2019...........SUNRISE   641 AM CDT   SUNSET   814 PM CDT
MAY 24 2019...........SUNRISE   640 AM CDT   SUNSET   815 PM CDT


-  INDICATES NEGATIVE NUMBERS.
R  INDICATES RECORD WAS SET OR TIED.
MM INDICATES DATA IS MISSING.
T  INDICATES TRACE AMOUNT.

$$
