117
CDUS44 KBRO 200626
CLIHRL


CLIMATE REPORT
NATIONAL WEATHER SERVICE BROWNSVILLE TX
126 AM CDT WED MAR 20 2019


...................................

...THE HARLINGEN CLIMATE SUMMARY FOR MARCH 19 2019...

CLIMATE NORMAL PERIOD 1981 TO 2010
CLIMATE RECORD PERIOD 1912 TO 2019


WEATHER ITEM   OBSERVED TIME   RECORD YEAR NORMAL DEPARTURE LAST
                VALUE   (LST)  VALUE       VALUE  FROM      YEAR
                                                  NORMAL
..................................................................
TEMPERATURE (F)
 YESTERDAY
  MAXIMUM         65    428 PM  93    1945  81    -16       87
  MINIMUM         55    544 AM  34    1934  59     -4       60
  AVERAGE         60                        70    -10       74

PRECIPITATION (IN)
  YESTERDAY        0.04          1.22 1925   0.03   0.01     0.00
  MONTH TO DATE    0.65                      0.69  -0.04     0.08
  SINCE MAR 1      0.65                      0.69  -0.04     0.08
  SINCE JAN 1      2.17                      3.16  -0.99     2.73

SNOWFALL (IN)
  YESTERDAY        0.0
  MONTH TO DATE    0.0
  SINCE MAR 1      0.0
  SINCE JUL 1      0.0
  SNOW DEPTH       0

DEGREE DAYS
 HEATING
  YESTERDAY        5                         1      4        0
  MONTH TO DATE   82                        37     45        1
  SINCE MAR 1     82                        37     45        1
  SINCE JUL 1    667                       605     62      641

 COOLING
  YESTERDAY        0                         6     -6        9
  MONTH TO DATE  123                        89     34      145
  SINCE MAR 1    123                        89     34      145
  SINCE JAN 1    286                       214     72      351
..................................................................


WIND (MPH)
  HIGHEST WIND SPEED    14   HIGHEST WIND DIRECTION     E (70)
  HIGHEST GUST SPEED    16   HIGHEST GUST DIRECTION    NE (60)
  AVERAGE WIND SPEED     6.9



WEATHER CONDITIONS
 THE FOLLOWING WEATHER WAS RECORDED YESTERDAY.
  LIGHT RAIN
  FOG


RELATIVE HUMIDITY (PERCENT)
 HIGHEST    93
 LOWEST     84
 AVERAGE    89

..........................................................


THE HARLINGEN CLIMATE NORMALS FOR TODAY
                         NORMAL    RECORD    YEAR
 MAXIMUM TEMPERATURE (F)   81        99      2006
 MINIMUM TEMPERATURE (F)   59        37      1965


SUNRISE AND SUNSET
MARCH 20 2019.........SUNRISE   735 AM CDT   SUNSET   742 PM CDT
MARCH 21 2019.........SUNRISE   734 AM CDT   SUNSET   742 PM CDT


-  INDICATES NEGATIVE NUMBERS.
R  INDICATES RECORD WAS SET OR TIED.
MM INDICATES DATA IS MISSING.
T  INDICATES TRACE AMOUNT.




$$
