000
CDUS44 KLZK 172108
CLIHRO


CLIMATE REPORT
NATIONAL WEATHER SERVICE LITTLE ROCK AR
407 PM CDT MON JUN 17 2019


...................................

...THE HARRISON CLIMATE SUMMARY FOR JUNE 17 2019...
VALID TODAY AS OF 0400 PM LOCAL TIME.

CLIMATE NORMAL PERIOD 1981 TO 2010
CLIMATE RECORD PERIOD 1891 TO 2019


WEATHER ITEM   OBSERVED TIME   RECORD YEAR NORMAL DEPARTURE LAST
                VALUE   (LST)  VALUE       VALUE  FROM      YEAR
                                                  NORMAL
..................................................................
TEMPERATURE (F)
 TODAY
  MAXIMUM         81    228 PM 100    1953  85     -4       93
                                      1936
                                      1911
  MINIMUM         67    552 AM  46    1917  63      4       70
  AVERAGE         74                        74      0       82

PRECIPITATION (IN)
  TODAY            0.07          3.52 1980   0.14  -0.07     0.00
  MONTH TO DATE    0.88                      2.46  -1.58     0.44
  SINCE JUN 1      0.88                      2.46  -1.58     0.44
  SINCE JAN 1     24.90                     20.46   4.44    20.80

SNOWFALL (IN)
  TODAY            0.0          MM      MM   0.0    0.0      0.0
  MONTH TO DATE    0.0                       0.0    0.0      0.0
  SINCE JUN 1      0.0                       0.0    0.0      0.0
  SINCE JUL 1      4.5                      11.5   -7.0      2.2
  SNOW DEPTH       0

DEGREE DAYS
 HEATING
  TODAY            0                         0      0        0
  MONTH TO DATE    0                         3     -3        0
  SINCE JUN 1      0                         3     -3        0
  SINCE JUL 1   3989                      4001    -12     3794

 COOLING
  TODAY            9                         9      0       17
  MONTH TO DATE  113                       126    -13      218
  SINCE JUN 1    113                       126    -13      218
  SINCE JAN 1    284                       265     19      494
..................................................................


WIND (MPH)
  HIGHEST WIND SPEED     8   HIGHEST WIND DIRECTION    NW (300)
  HIGHEST GUST SPEED    10   HIGHEST GUST DIRECTION    NW (310)
  AVERAGE WIND SPEED     3.1


SKY COVER
  POSSIBLE SUNSHINE  MM
  AVERAGE SKY COVER 0.9


WEATHER CONDITIONS
 THE FOLLOWING WEATHER WAS RECORDED TODAY.
  LIGHT RAIN
  FOG


RELATIVE HUMIDITY (PERCENT)
 HIGHEST    97           800 AM
 LOWEST     67           100 PM
 AVERAGE    82

..........................................................


THE HARRISON CLIMATE NORMALS FOR TOMORROW
                         NORMAL    RECORD    YEAR
 MAXIMUM TEMPERATURE (F)   85       102      1936
 MINIMUM TEMPERATURE (F)   64        49      1912


SUNRISE AND SUNSET
JUNE 17 2019..........SUNRISE   555 AM CDT   SUNSET   832 PM CDT
JUNE 18 2019..........SUNRISE   555 AM CDT   SUNSET   833 PM CDT


-  INDICATES NEGATIVE NUMBERS.
R  INDICATES RECORD WAS SET OR TIED.
MM INDICATES DATA IS MISSING.
T  INDICATES TRACE AMOUNT.




$$
