637
CDUS44 KLZK 262244
CLIHRO


CLIMATE REPORT
NATIONAL WEATHER SERVICE LITTLE ROCK AR
543 PM CDT TUE MAR 26 2019


...................................

...THE HARRISON CLIMATE SUMMARY FOR MARCH 26 2019...
VALID TODAY AS OF 0500 PM LOCAL TIME.

CLIMATE NORMAL PERIOD 1981 TO 2010
CLIMATE RECORD PERIOD 1891 TO 2019


WEATHER ITEM   OBSERVED TIME   RECORD YEAR NORMAL DEPARTURE LAST
                VALUE   (LST)  VALUE       VALUE  FROM      YEAR
                                                  NORMAL
..................................................................
TEMPERATURE (F)
 TODAY
  MAXIMUM         64    341 PM  81    2012  64      0       66
                                      1991
                                      1956
  MINIMUM         36    546 AM   9    1955  40     -4       42
  AVERAGE         50                        52     -2       54

PRECIPITATION (IN)
  TODAY            0.00          1.72 1994   0.13  -0.13     0.01
  MONTH TO DATE    1.92                      3.10  -1.18     0.40
  SINCE MAR 1      1.92                      3.10  -1.18     0.40
  SINCE JAN 1     10.21                      8.30   1.91     9.03

SNOWFALL (IN)
  TODAY            0.0           5.0  1913   0.0    0.0      0.0
  MONTH TO DATE    0.5                       2.0   -1.5       T
  SINCE MAR 1      0.5                       2.0   -1.5       T
  SINCE JUL 1      4.4                      11.2   -6.8      2.1
  SNOW DEPTH       0

DEGREE DAYS
 HEATING
  TODAY           15                        13      2       11
  MONTH TO DATE  542                       445     97      398
  SINCE MAR 1    542                       445     97      398
  SINCE JUL 1   3690                      3617     73     3358

 COOLING
  TODAY            0                         0      0        0
  MONTH TO DATE    0                         0      0        0
  SINCE MAR 1      0                         0      0        0
  SINCE JAN 1      0                         0      0        5
..................................................................


WIND (MPH)
  HIGHEST WIND SPEED    13   HIGHEST WIND DIRECTION    NW (330)
  HIGHEST GUST SPEED    19   HIGHEST GUST DIRECTION    NW (310)
  AVERAGE WIND SPEED     3.2


SKY COVER
  POSSIBLE SUNSHINE  MM
  AVERAGE SKY COVER 0.4


WEATHER CONDITIONS
 THE FOLLOWING WEATHER WAS RECORDED TODAY.
  FOG
  FOG W/VISIBILITY <= 1/4 MILE


RELATIVE HUMIDITY (PERCENT)
 HIGHEST   100           400 AM
 LOWEST     42          1200 PM
 AVERAGE    71

..........................................................


THE HARRISON CLIMATE NORMALS FOR TOMORROW
                         NORMAL    RECORD    YEAR
 MAXIMUM TEMPERATURE (F)   64        82      1945
 MINIMUM TEMPERATURE (F)   41        17      1955
                                             1913


SUNRISE AND SUNSET
MARCH 26 2019.........SUNRISE   708 AM CDT   SUNSET   729 PM CDT
MARCH 27 2019.........SUNRISE   706 AM CDT   SUNSET   730 PM CDT


-  INDICATES NEGATIVE NUMBERS.
R  INDICATES RECORD WAS SET OR TIED.
MM INDICATES DATA IS MISSING.
T  INDICATES TRACE AMOUNT.




$$
