000
CDUS42 KMHX 240529
CLIHSE


CLIMATE REPORT
NATIONAL WEATHER SERVICE NEWPORT/MOREHEAD CITY NC
129 AM EDT SUN MAR 24 2019


...................................

...THE CAPE HATTERAS NC CLIMATE SUMMARY FOR MARCH 23 2019...

CLIMATE NORMAL PERIOD 1981 TO 2010
CLIMATE RECORD PERIOD 1874 TO 2019


WEATHER ITEM   OBSERVED TIME   RECORD YEAR NORMAL DEPARTURE LAST
                VALUE   (LST)  VALUE       VALUE  FROM      YEAR
                                                  NORMAL
..................................................................
TEMPERATURE (F)
 YESTERDAY
  MAXIMUM         60    345 PM  82    1907  60      0       53
  MINIMUM         44   1159 PM  28    1960  46     -2       34
  AVERAGE         52                        53     -1       44

PRECIPITATION (IN)
  YESTERDAY        0.00          1.43 1989   0.16  -0.16     0.00
  MONTH TO DATE    2.10                      3.49  -1.39     4.00
  SINCE MAR 1      2.10                      3.49  -1.39     4.00
  SINCE JAN 1     12.11                     12.75  -0.64    14.25

SNOWFALL (IN)
  YESTERDAY        0.0
  MONTH TO DATE    0.0
  SINCE NOV 1      0.0
  SINCE JUL 1      0.0
  SNOW DEPTH       0

DEGREE DAYS
 HEATING
  YESTERDAY       13                        12      1       21
  MONTH TO DATE  297                       332    -35      379
  SINCE MAR 1    297                       332    -35      379
  SINCE JUL 1   1661                      2256   -595     1990

 COOLING
  YESTERDAY        0                         0      0        0
  MONTH TO DATE    4                         0      4        0
  SINCE MAR 1      4                         0      4        0
  SINCE JAN 1      6                         0      6       10
..................................................................


WIND (MPH)
  HIGHEST WIND SPEED    18   HIGHEST WIND DIRECTION    NW (310)
  HIGHEST GUST SPEED    33   HIGHEST GUST DIRECTION    NW (330)
  AVERAGE WIND SPEED     9.7


SKY COVER
  POSSIBLE SUNSHINE  MM
  AVERAGE SKY COVER 0.0


WEATHER CONDITIONS
 THE FOLLOWING WEATHER WAS RECORDED YESTERDAY.
  NO SIGNIFICANT WEATHER WAS OBSERVED.


RELATIVE HUMIDITY (PERCENT)
 HIGHEST    92          1100 PM
 LOWEST     35          1200 PM
 AVERAGE    64

..........................................................


THE CAPE HATTERAS NC CLIMATE NORMALS FOR TODAY
                         NORMAL    RECORD    YEAR
 MAXIMUM TEMPERATURE (F)   61        80      1907
 MINIMUM TEMPERATURE (F)   46        26      1971


SUNRISE AND SUNSET
MARCH 24 2019.........SUNRISE   701 AM EDT   SUNSET   717 PM EDT
MARCH 25 2019.........SUNRISE   659 AM EDT   SUNSET   718 PM EDT


-  INDICATES NEGATIVE NUMBERS.
R  INDICATES RECORD WAS SET OR TIED.
MM INDICATES DATA IS MISSING.
T  INDICATES TRACE AMOUNT.




$$
