854
CDUS42 KMHX 250528
CLIHSE


CLIMATE REPORT
NATIONAL WEATHER SERVICE NEWPORT/MOREHEAD CITY NC
127 AM EDT WED APR 25 2018


...................................

...THE CAPE HATTERAS NC CLIMATE SUMMARY FOR APRIL 24 2018...

CLIMATE NORMAL PERIOD 1981 TO 2010
CLIMATE RECORD PERIOD 1874 TO 2018


WEATHER ITEM   OBSERVED TIME   RECORD YEAR NORMAL DEPARTURE LAST
                VALUE   (LST)  VALUE       VALUE  FROM      YEAR
                                                  NORMAL
..................................................................
TEMPERATURE (F)
 YESTERDAY
  MAXIMUM         69   1154 PM  82    1990  68      1       75
                                      1985
  MINIMUM         62   1122 AM  37    1982  55      7       63
  AVERAGE         66                        62      4       69

PRECIPITATION (IN)
  YESTERDAY        1.04          2.09 2017   0.12   0.92     2.09
  MONTH TO DATE    4.11                      2.99   1.12     6.50
  SINCE MAR 1      8.57                      7.76   0.81    11.78
  SINCE JAN 1     18.82                     17.02   1.80    18.09

SNOWFALL (IN)
  YESTERDAY        0.0
  MONTH TO DATE    0.0
  SINCE NOV 1      3.5
  SINCE JUL 1      3.5
  SNOW DEPTH       0

DEGREE DAYS
 HEATING
  YESTERDAY        0                         5     -5        0
  MONTH TO DATE  163                       168     -5       48
  SINCE MAR 1    654                       587     67      403
  SINCE JUL 1   2265                      2511   -246     1725

 COOLING
  YESTERDAY        1                         1      0        4
  MONTH TO DATE   14                        15     -1       97
  SINCE MAR 1     14                        18     -4      121
  SINCE JAN 1     24                        18      6      129
..................................................................


WIND (MPH)
  HIGHEST WIND SPEED    39   HIGHEST WIND DIRECTION    SE (140)
  HIGHEST GUST SPEED    51   HIGHEST GUST DIRECTION    SE (140)
  AVERAGE WIND SPEED    23.9


SKY COVER
  POSSIBLE SUNSHINE  MM
  AVERAGE SKY COVER 0.9


WEATHER CONDITIONS
 THE FOLLOWING WEATHER WAS RECORDED YESTERDAY.
  THUNDERSTORM
  HEAVY RAIN
  RAIN
  LIGHT RAIN
  FOG


RELATIVE HUMIDITY (PERCENT)
 HIGHEST   100          1200 PM
 LOWEST     73          1200 AM
 AVERAGE    87

..........................................................


THE CAPE HATTERAS NC CLIMATE NORMALS FOR TODAY
                         NORMAL    RECORD    YEAR
 MAXIMUM TEMPERATURE (F)   69        84      1990
 MINIMUM TEMPERATURE (F)   55        40      1969
                                             1967


SUNRISE AND SUNSET
APRIL 25 2018.........SUNRISE   618 AM EDT   SUNSET   743 PM EDT
APRIL 26 2018.........SUNRISE   617 AM EDT   SUNSET   744 PM EDT


-  INDICATES NEGATIVE NUMBERS.
R  INDICATES RECORD WAS SET OR TIED.
MM INDICATES DATA IS MISSING.
T  INDICATES TRACE AMOUNT.




$$
