000
CDUS42 KMHX 220526
CLIHSE


CLIMATE REPORT
NATIONAL WEATHER SERVICE NEWPORT/MOREHEAD CITY NC
125 AM EDT WED MAY 22 2019


...................................

...THE CAPE HATTERAS NC CLIMATE SUMMARY FOR MAY 21 2019...

CLIMATE NORMAL PERIOD 1981 TO 2010
CLIMATE RECORD PERIOD 1874 TO 2019


WEATHER ITEM   OBSERVED TIME   RECORD YEAR NORMAL DEPARTURE LAST
                VALUE   (LST)  VALUE       VALUE  FROM      YEAR
                                                  NORMAL
..................................................................
TEMPERATURE (F)
 YESTERDAY
  MAXIMUM         82        MM  85    1962  75      7       82
  MINIMUM         67   1100 PM  45    1968  62      5       72
  AVERAGE         75                        68      7       77

PRECIPITATION (IN)
  YESTERDAY        0.00          2.50 1971   0.11  -0.11     0.00
  MONTH TO DATE    3.18                      2.44   0.74     6.26
  SINCE MAR 1     13.94                     10.85   3.09    14.94
  SINCE JAN 1     23.95                     20.11   3.84    25.19

SNOWFALL (IN)
  YESTERDAY        0.0
  MONTH TO DATE    0.0
  SINCE NOV 1      0.0
  SINCE JUL 1      0.0
  SNOW DEPTH       0

DEGREE DAYS
 HEATING
  YESTERDAY        0                         1     -1        0
  MONTH TO DATE    1                        42    -41        7
  SINCE MAR 1    422                       652   -230      676
  SINCE JUL 1   1786                      2576   -790     2287

 COOLING
  YESTERDAY       10                         4      6       12
  MONTH TO DATE  148                        60     88      134
  SINCE MAR 1    248                        88    160      166
  SINCE JAN 1    250                        88    162      176
..................................................................


WIND (MPH)
  HIGHEST WIND SPEED    13   HIGHEST WIND DIRECTION    NE (40)
  HIGHEST GUST SPEED    24   HIGHEST GUST DIRECTION    NE (40)
  AVERAGE WIND SPEED     9.6


SKY COVER
  POSSIBLE SUNSHINE  MM
  AVERAGE SKY COVER 0.4


WEATHER CONDITIONS
 THE FOLLOWING WEATHER WAS RECORDED YESTERDAY.
  NO SIGNIFICANT WEATHER WAS OBSERVED.


RELATIVE HUMIDITY (PERCENT)
 HIGHEST    93           400 AM
 LOWEST     54           300 PM
 AVERAGE    74

..........................................................


THE CAPE HATTERAS NC CLIMATE NORMALS FOR TODAY
                         NORMAL    RECORD    YEAR
 MAXIMUM TEMPERATURE (F)   75        85      2014
                                             2011
 MINIMUM TEMPERATURE (F)   62        48      2005


SUNRISE AND SUNSET
MAY 22 2019...........SUNRISE   554 AM EDT   SUNSET   805 PM EDT
MAY 23 2019...........SUNRISE   553 AM EDT   SUNSET   806 PM EDT


-  INDICATES NEGATIVE NUMBERS.
R  INDICATES RECORD WAS SET OR TIED.
MM INDICATES DATA IS MISSING.
T  INDICATES TRACE AMOUNT.




$$
