000
CDUS43 KGID 260623
CLIHSI


CLIMATE REPORT
NATIONAL WEATHER SERVICE HASTINGS NE
123 AM CDT TUE MAR 26 2019


...................................

...THE HASTINGS NE CLIMATE SUMMARY FOR MARCH 25 2019...

CLIMATE NORMAL PERIOD 1981 TO 2010
CLIMATE RECORD PERIOD 1894 TO 2019


WEATHER ITEM   OBSERVED TIME   RECORD YEAR NORMAL DEPARTURE LAST
                VALUE   (LST)  VALUE       VALUE  FROM      YEAR
                                                  NORMAL
..................................................................
TEMPERATURE (F)
 YESTERDAY
  MAXIMUM         51    543 PM  85    1956  55     -4       36
  MINIMUM         39    853 AM  -1    1965  32      7       31
  AVERAGE         45                        43      2       34

PRECIPITATION (IN)
  YESTERDAY        T             1.44 1942   0.07  -0.07     0.00
  MONTH TO DATE    2.17                      1.26   0.91     1.03
  SINCE MAR 1      2.17                      1.26   0.91     1.03
  SINCE JAN 1      2.92                      2.16   0.76     2.05

SNOWFALL (IN)
  YESTERDAY        0.0           9.5  1971   0.2   -0.2      0.0
  MONTH TO DATE    4.8                       4.4    0.4      0.3
  SINCE MAR 1      4.8                       4.4    0.4      0.3
  SINCE JUL 1     28.2                      26.8    1.4     20.2
  SNOW DEPTH       0

DEGREE DAYS
 HEATING
  YESTERDAY       20                        22     -2       31
  MONTH TO DATE  814                       655    159      623
  SINCE MAR 1    814                       655    159      623
  SINCE JUL 1   5700                      5285    415     5341

 COOLING
  YESTERDAY        0                         0      0        0
  MONTH TO DATE    0                         0      0        0
  SINCE MAR 1      0                         0      0        0
  SINCE JAN 1      0                         0      0        0
..................................................................


WIND (MPH)
  HIGHEST WIND SPEED    14   HIGHEST WIND DIRECTION     N (20)
  HIGHEST GUST SPEED    18   HIGHEST GUST DIRECTION    NE (30)
  AVERAGE WIND SPEED     7.3


SKY COVER
  AVERAGE SKY COVER 0.9


WEATHER CONDITIONS
 THE FOLLOWING WEATHER WAS RECORDED YESTERDAY.
  FOG
  HAZE


RELATIVE HUMIDITY (PERCENT)
 HIGHEST    96           400 AM
 LOWEST     66           300 PM
 AVERAGE    81

..........................................................


THE HASTINGS NE CLIMATE NORMALS FOR TODAY
                         NORMAL    RECORD    YEAR
 MAXIMUM TEMPERATURE (F)   56        82      2012
 MINIMUM TEMPERATURE (F)   32        -5      1996


SUNRISE AND SUNSET
MARCH 26 2019.........SUNRISE   728 AM CDT   SUNSET   752 PM CDT
MARCH 27 2019.........SUNRISE   726 AM CDT   SUNSET   753 PM CDT


-  INDICATES NEGATIVE NUMBERS.
R  INDICATES RECORD WAS SET OR TIED.
MM INDICATES DATA IS MISSING.
T  INDICATES TRACE AMOUNT.




$$
