000
CDUS43 KGID 250630
CLIHSI


CLIMATE REPORT
NATIONAL WEATHER SERVICE HASTINGS NE
129 AM CDT TUE JUN 25 2019


...................................

...THE HASTINGS NE CLIMATE SUMMARY FOR JUNE 24 2019...

CLIMATE NORMAL PERIOD 1981 TO 2010
CLIMATE RECORD PERIOD 1894 TO 2019


WEATHER ITEM   OBSERVED TIME   RECORD YEAR NORMAL DEPARTURE LAST
                VALUE   (LST)  VALUE       VALUE  FROM      YEAR
                                                  NORMAL
..................................................................
TEMPERATURE (F)
 YESTERDAY
  MAXIMUM         83    517 PM 105    1973  86     -3       82
  MINIMUM         53    556 AM  42    1940  63    -10       63
  AVERAGE         68                        74     -6       73

PRECIPITATION (IN)
  YESTERDAY        0.00          4.20 1968   0.12  -0.12     0.21
  MONTH TO DATE    4.81                      3.15   1.66     3.39
  SINCE JUN 1      4.81                      3.15   1.66     3.39
  SINCE JAN 1     17.20                     12.97   4.23    10.57

SNOWFALL (IN)
  YESTERDAY        0.0                       0.0    0.0      0.0
  MONTH TO DATE    0.0                       0.0    0.0      0.0
  SINCE JUN 1      0.0                       0.0    0.0      0.0
  SINCE JUL 1     29.2                      28.8    0.4     27.1
  SNOW DEPTH       0

DEGREE DAYS
 HEATING
  YESTERDAY        0                         0      0        0
  MONTH TO DATE   15                        19     -4        0
  SINCE JUN 1     15                        19     -4        0
  SINCE JUL 1   6462                      6027    435     6222

 COOLING
  YESTERDAY        3                        10     -7        8
  MONTH TO DATE  125                       163    -38      265
  SINCE JUN 1    125                       163    -38      265
  SINCE JAN 1    178                       222    -44      418
..................................................................


WIND (MPH)
  HIGHEST WIND SPEED    17   HIGHEST WIND DIRECTION     W (290)
  HIGHEST GUST SPEED    23   HIGHEST GUST DIRECTION     W (280)
  AVERAGE WIND SPEED     9.2


SKY COVER
  AVERAGE SKY COVER 0.0


WEATHER CONDITIONS
 THE FOLLOWING WEATHER WAS RECORDED YESTERDAY.
  NO SIGNIFICANT WEATHER WAS OBSERVED.


RELATIVE HUMIDITY (PERCENT)
 HIGHEST    93           100 AM
 LOWEST     36           300 PM
 AVERAGE    65

..........................................................


THE HASTINGS NE CLIMATE NORMALS FOR TODAY
                         NORMAL    RECORD    YEAR
 MAXIMUM TEMPERATURE (F)   86       105      1936
 MINIMUM TEMPERATURE (F)   63        43      1958


SUNRISE AND SUNSET
JUNE 25 2019..........SUNRISE   604 AM CDT   SUNSET   909 PM CDT
JUNE 26 2019..........SUNRISE   604 AM CDT   SUNSET   909 PM CDT


-  INDICATES NEGATIVE NUMBERS.
R  INDICATES RECORD WAS SET OR TIED.
MM INDICATES DATA IS MISSING.
T  INDICATES TRACE AMOUNT.




$$
