000
CDUS44 KHUN 222127
CLIHSV


CLIMATE REPORT
NATIONAL WEATHER SERVICE HUNTSVILLE AL
427 PM CDT FRI MAR 22 2019

...................................

...THE HUNTSVILLE CLIMATE SUMMARY FOR MARCH 22 2019...
VALID TODAY AS OF 0400 PM LOCAL TIME.

CLIMATE NORMAL PERIOD 1981 TO 2010
CLIMATE RECORD PERIOD 1894 TO 2019


WEATHER ITEM   OBSERVED TIME   RECORD YEAR NORMAL DEPARTURE LAST
                VALUE   (LST)  VALUE       VALUE  FROM      YEAR
                                                  NORMAL
...................................................................
TEMPERATURE (F)
 TODAY
  MAXIMUM         66    259 PM  88    1907  67     -1       60
  MINIMUM         34    526 AM  22    1986  44    -10       31
                                      1915
  AVERAGE         50                        55     -5       46

PRECIPITATION (IN)
  TODAY            0.00          2.05 1993   0.17  -0.17     0.00
  MONTH TO DATE    3.51                      3.67  -0.16     2.33
  SINCE MAR 1      3.51                      3.67  -0.16     2.33
  SINCE JAN 1     24.29                     13.40  10.89    12.74

SNOWFALL (IN)
  TODAY            0.0
  MONTH TO DATE    T
  SINCE MAR 1      T
  SINCE JUL 1      T
  SNOW DEPTH       0

DEGREE DAYS
 HEATING
  TODAY           15                        10      5       19
  MONTH TO DATE  333                       286     47      326
  SINCE MAR 1    333                       286     47      326
  SINCE JUL 1   2525                      2738   -213     2611

 COOLING
  TODAY            0                         0      0        0
  MONTH TO DATE    3                         0      3        4
  SINCE MAR 1      3                         0      3        4
  SINCE JAN 1      8                         1      7       39
...................................................................


WIND (MPH)
  HIGHEST WIND SPEED    17   HIGHEST WIND DIRECTION     W (260)
  HIGHEST GUST SPEED    31   HIGHEST GUST DIRECTION     W (270)
  AVERAGE WIND SPEED     7.5


SKY COVER
  POSSIBLE SUNSHINE  MM
  AVERAGE SKY COVER 0.0


WEATHER CONDITIONS
THE FOLLOWING WEATHER WAS RECORDED TODAY.
  NO SIGNIFICANT WEATHER WAS OBSERVED.


RELATIVE HUMIDITY (PERCENT)
 HIGHEST    89           400 AM
 LOWEST     30           300 PM
 AVERAGE    60

..........................................................


THE HUNTSVILLE CLIMATE NORMALS FOR TOMORROW
                         NORMAL    RECORD    YEAR
 MAXIMUM TEMPERATURE (F)   67        85      1995
                                             1939
                                             1935
 MINIMUM TEMPERATURE (F)   44        20      1968


SUNRISE AND SUNSET
MARCH 22 2019.........SUNRISE   548 AM CST   SUNSET   600 PM CST
MARCH 23 2019.........SUNRISE   547 AM CST   SUNSET   601 PM CST


-  INDICATES NEGATIVE NUMBERS.
R  INDICATES RECORD WAS SET OR TIED.
MM INDICATES DATA IS MISSING.
T  INDICATES TRACE AMOUNT.




$$
