000
CDUS44 KHUN 250701
CLIHSV


CLIMATE REPORT
NATIONAL WEATHER SERVICE HUNTSVILLE AL
201 AM CDT SAT MAY 25 2019

...................................

...THE HUNTSVILLE CLIMATE SUMMARY FOR MAY 24 2019...

CLIMATE NORMAL PERIOD 1981 TO 2010
CLIMATE RECORD PERIOD 1894 TO 2019


WEATHER ITEM   OBSERVED TIME   RECORD YEAR NORMAL DEPARTURE LAST
                VALUE   (LST)  VALUE       VALUE  FROM      YEAR
                                                  NORMAL
...................................................................
TEMPERATURE (F)
 YESTERDAY
  MAXIMUM         95    245 PM  96    1933  83     12       92
                                      1944
                                      1996
  MINIMUM         70    504 AM  43    1931  62      8       68
  AVERAGE         83                        72     11       80

PRECIPITATION (IN)
  YESTERDAY        0.00          1.79 1940   0.16  -0.16     0.00
  MONTH TO DATE    3.70                      4.05  -0.35     1.69
  SINCE MAR 1     14.06                     13.58   0.48    14.03
  SINCE JAN 1     34.84                     23.31  11.53    24.44

SNOWFALL (IN)
  YESTERDAY        0.0
  MONTH TO DATE    0.0
  SINCE MAR 1      T
  SINCE JUL 1      T
  SNOW DEPTH       0

DEGREE DAYS
 HEATING
  YESTERDAY        0                         0      0        0
  MONTH TO DATE    9                        25    -16        0
  SINCE MAR 1    520                       547    -27      616
  SINCE JUL 1   2712                      2999   -287     2901

 COOLING
  YESTERDAY       18                         8     10       15
  MONTH TO DATE  200                       130     70      258
  SINCE MAR 1    273                       201     72      275
  SINCE JAN 1    278                       202     76      310
...................................................................


WIND (MPH)
  HIGHEST WIND SPEED    13   HIGHEST WIND DIRECTION    SW (220)
  HIGHEST GUST SPEED    17   HIGHEST GUST DIRECTION     S (190)
  AVERAGE WIND SPEED     5.5


SKY COVER
  POSSIBLE SUNSHINE  MM
  AVERAGE SKY COVER 0.2


WEATHER CONDITIONS
THE FOLLOWING WEATHER WAS RECORDED YESTERDAY.
  NO SIGNIFICANT WEATHER WAS OBSERVED.


RELATIVE HUMIDITY (PERCENT)
 HIGHEST    93           500 AM
 LOWEST     37           400 PM
 AVERAGE    65

..........................................................


THE HUNTSVILLE CLIMATE NORMALS FOR TODAY
                         NORMAL    RECORD    YEAR
 MAXIMUM TEMPERATURE (F)   84        97      1921
                                             1926
 MINIMUM TEMPERATURE (F)   62        45      1935
                                             1942


SUNRISE AND SUNSET
MAY 25 2019...........SUNRISE   538 AM CDT   SUNSET   750 PM CDT
MAY 26 2019...........SUNRISE   538 AM CDT   SUNSET   751 PM CDT


-  INDICATES NEGATIVE NUMBERS.
R  INDICATES RECORD WAS SET OR TIED.
MM INDICATES DATA IS MISSING.
T  INDICATES TRACE AMOUNT.




$$
