000
CDUS43 KAPX 250527
CLIHTL


CLIMATE REPORT
NATIONAL WEATHER SERVICE GAYLORD MI
127 AM EDT TUE JUN 25 2019


...................................

...THE HOUGHTON LAKE MI CLIMATE SUMMARY FOR JUNE 24 2019...

CLIMATE NORMAL PERIOD 1981 TO 2010
CLIMATE RECORD PERIOD 1913 TO 2019


WEATHER ITEM   OBSERVED TIME   RECORD YEAR NORMAL DEPARTURE LAST
                VALUE   (LST)  VALUE       VALUE  FROM      YEAR
                                                  NORMAL
..................................................................
TEMPERATURE (F)
 YESTERDAY
  MAXIMUM         72    451 PM  93    2009  78     -6       77
                                      1923
                                      1921
  MINIMUM         59    429 AM  34    1932  52      7       55
  AVERAGE         66                        65      1       66

PRECIPITATION (IN)
  YESTERDAY        0.61          0.82 1994   0.10   0.51     0.21
  MONTH TO DATE    3.77                      2.51   1.26     1.13
  SINCE JUN 1      3.77                      2.51   1.26     1.13
  SINCE JAN 1     17.47                     12.37   5.10    13.48

DEGREE DAYS
 HEATING
  YESTERDAY        0                         3     -3        0
  MONTH TO DATE  119                       111      8       56
  SINCE JUN 1    119                       111      8       56
  SINCE JUL 1   8296                      8130    166     7832

 COOLING
  YESTERDAY        1                         3     -2        1
  MONTH TO DATE    1                        41    -40       30
  SINCE JUN 1      1                        41    -40       30
  SINCE JAN 1      3                        57    -54       94
..................................................................


WIND (MPH)
  HIGHEST WIND SPEED    23   HIGHEST WIND DIRECTION     W (280)
  HIGHEST GUST SPEED    36   HIGHEST GUST DIRECTION     W (290)
  AVERAGE WIND SPEED     6.9




RELATIVE HUMIDITY (PERCENT)
 HIGHEST    93
 LOWEST     56
 AVERAGE    75

..........................................................


THE HOUGHTON LAKE MI CLIMATE NORMALS FOR TODAY
                         NORMAL    RECORD    YEAR
 MAXIMUM TEMPERATURE (F)   78        96      1931
 MINIMUM TEMPERATURE (F)   53        36      1979


SUNRISE AND SUNSET
JUNE 25 2019..........SUNRISE   556 AM EDT   SUNSET   927 PM EDT
JUNE 26 2019..........SUNRISE   556 AM EDT   SUNSET   927 PM EDT


-  INDICATES NEGATIVE NUMBERS.
R  INDICATES RECORD WAS SET OR TIED.
MM INDICATES DATA IS MISSING.
T  INDICATES TRACE AMOUNT.




$$
