000
CDUS43 KAPX 220526
CLIHTL


CLIMATE REPORT
NATIONAL WEATHER SERVICE GAYLORD MI
126 AM EDT TUE MAY 22 2018


...................................

...THE HOUGHTON LAKE MI CLIMATE SUMMARY FOR MAY 21 2018...

CLIMATE NORMAL PERIOD 1981 TO 2010
CLIMATE RECORD PERIOD 1913 TO 2018


WEATHER ITEM   OBSERVED TIME   RECORD YEAR NORMAL DEPARTURE LAST
                VALUE   (LST)  VALUE       VALUE  FROM      YEAR
                                                  NORMAL
..................................................................
TEMPERATURE (F)
 YESTERDAY
  MAXIMUM         64    139 PM  90    1994  68     -4       69
  MINIMUM         38    536 AM  21    1924  43     -5       45
  AVERAGE         51                        56     -5       57

PRECIPITATION (IN)
  YESTERDAY        0.03          1.24 2001   0.09  -0.06     0.16
  MONTH TO DATE    2.49                      1.83   0.66     1.54
  SINCE MAR 1      6.79                      6.15   0.64     9.44
  SINCE JAN 1     10.96                      8.87   2.09    14.92

DEGREE DAYS
 HEATING
  YESTERDAY       14                        10      4        8
  MONTH TO DATE  180                       271    -91      300
  SINCE MAR 1   2214                      2060    154     1919
  SINCE JUL 1   7767                      7932   -165     6769

 COOLING
  YESTERDAY        0                         1     -1        0
  MONTH TO DATE    4                         2      2       13
  SINCE MAR 1      4                         4      0       14
  SINCE JAN 1      4                         4      0       14
..................................................................


WIND (MPH)
  HIGHEST WIND SPEED    16   HIGHEST WIND DIRECTION    SE (120)
  HIGHEST GUST SPEED    22   HIGHEST GUST DIRECTION    SE (130)
  AVERAGE WIND SPEED     5.1




RELATIVE HUMIDITY (PERCENT)
 HIGHEST   100
 LOWEST     30
 AVERAGE    65

..........................................................


THE HOUGHTON LAKE MI CLIMATE NORMALS FOR TODAY
                         NORMAL    RECORD    YEAR
 MAXIMUM TEMPERATURE (F)   68        94      1927
                                             1921
 MINIMUM TEMPERATURE (F)   43        26      1924


SUNRISE AND SUNSET
MAY 22 2018...........SUNRISE   605 AM EDT   SUNSET   907 PM EDT
MAY 23 2018...........SUNRISE   604 AM EDT   SUNSET   908 PM EDT


-  INDICATES NEGATIVE NUMBERS.
R  INDICATES RECORD WAS SET OR TIED.
MM INDICATES DATA IS MISSING.
T  INDICATES TRACE AMOUNT.




$$
