000
CDUS43 KAPX 262131
CLIHTL


CLIMATE REPORT
NATIONAL WEATHER SERVICE GAYLORD MI
529 PM EDT TUE MAR 26 2019


...................................

...THE HOUGHTON LAKE MI CLIMATE SUMMARY FOR MARCH 26 2019...
VALID TODAY AS OF 0500 PM LOCAL TIME.

CLIMATE NORMAL PERIOD 1981 TO 2010
CLIMATE RECORD PERIOD 1913 TO 2019


WEATHER ITEM   OBSERVED TIME   RECORD YEAR NORMAL DEPARTURE LAST
                VALUE   (LST)  VALUE       VALUE  FROM      YEAR
                                                  NORMAL
..................................................................
TEMPERATURE (F)
 TODAY
  MAXIMUM         42    358 PM  75    1925  44     -2       50
  MINIMUM         14    642 AM -12    2014  22     -8       20
                                      1923
  AVERAGE         28                        33     -5       35

PRECIPITATION (IN)
  TODAY            0.00          1.10 1963   0.07  -0.07     0.00
  MONTH TO DATE    1.58                      1.50   0.08     0.38
  SINCE MAR 1      1.58                      1.50   0.08     0.38
  SINCE JAN 1      5.69                      4.22   1.47     4.55

SNOWFALL (IN)
  TODAY            0.0          11.7  1970   0.2             0.0
  MONTH TO DATE    4.8                       7.2             5.5
  SINCE OCT 1     64.8                      61.7            40.4
  SINCE JUL 1     64.8                      61.7            40.4

DEGREE DAYS
 HEATING
  TODAY           37                        32      5       30
  MONTH TO DATE 1075                       962    113      968
  SINCE MAR 1   1075                       962    113      968
  SINCE JUL 1   6931                      6834     97     6521

 COOLING
  TODAY            0                         0      0        0
  MONTH TO DATE    0                         0      0        0
  SINCE MAR 1      0                         0      0        0
  SINCE JAN 1      0                         0      0        0
..................................................................


WIND (MPH)
  RESULTANT WIND SPEED   3   RESULTANT WIND DIRECTION   W (270)
  HIGHEST WIND SPEED     9   HIGHEST WIND DIRECTION    SW (220)
  HIGHEST GUST SPEED    13   HIGHEST GUST DIRECTION     W (260)
  AVERAGE WIND SPEED     4.2


SKY COVER
  POSSIBLE SUNSHINE  MM
  AVERAGE SKY COVER 0.0


WEATHER CONDITIONS
 THE FOLLOWING WEATHER WAS RECORDED TODAY.
  NO SIGNIFICANT WEATHER WAS OBSERVED.


RELATIVE HUMIDITY (PERCENT)
 HIGHEST    80           400 AM
 LOWEST     18           300 PM
 AVERAGE    49

..........................................................


THE HOUGHTON LAKE MI CLIMATE NORMALS FOR TOMORROW
                         NORMAL    RECORD    YEAR
 MAXIMUM TEMPERATURE (F)   45        77      1945
 MINIMUM TEMPERATURE (F)   23        -7      1947


SUNRISE AND SUNSET
MARCH 26 2019.........SUNRISE   731 AM EDT   SUNSET   758 PM EDT
MARCH 27 2019.........SUNRISE   729 AM EDT   SUNSET   800 PM EDT


-  INDICATES NEGATIVE NUMBERS.
R  INDICATES RECORD WAS SET OR TIED.
MM INDICATES DATA IS MISSING.
T  INDICATES TRACE AMOUNT.




$$
