000
CDUS41 KRLX 200720
CLIHTS


CLIMATE REPORT
NATIONAL WEATHER SERVICE CHARLESTON WV
320 AM EDT WED MAR 20 2019


...................................

...THE HUNTINGTON WV CLIMATE SUMMARY FOR MARCH 19 2019...

CLIMATE NORMAL PERIOD 1981 TO 2010
CLIMATE RECORD PERIOD 1897 TO 2019


WEATHER ITEM   OBSERVED TIME   RECORD YEAR NORMAL DEPARTURE LAST
                VALUE   (LST)  VALUE       VALUE  FROM      YEAR
                                                  NORMAL
..................................................................
TEMPERATURE (F)
 YESTERDAY
  MAXIMUM         54    445 PM  85    1945  58     -4       65
  MINIMUM         25    654 AM  14    1967  36    -11       34
  AVERAGE         40                        47     -7       50

PRECIPITATION (IN)
  YESTERDAY        0.00          1.98 1943   0.13  -0.13     0.15
  MONTH TO DATE    1.56                      2.39  -0.83     1.10
  SINCE JAN 1     10.74                      8.43   2.31    12.14

SNOWFALL (IN)
  YESTERDAY        0.0           1.6  1990   0.1   -0.1      0.0
  MONTH TO DATE    2.4                       2.6   -0.2      2.6
  SINCE SEP 1      7.3                      21.5  -14.2      9.8
  SNOW DEPTH       0

DEGREE DAYS
 HEATING
  YESTERDAY       25                        18      7       15
  MONTH TO DATE  464                       404     60      468
  SINCE MAR 1    464                       404     60      468
  SINCE JUL 1   3730                      3905   -175     3718

 COOLING
  YESTERDAY        0                         0      0        0
  MONTH TO DATE    0                         0      0        0
  SINCE MAR 1      0                         0      0        0
  SINCE JAN 1      0                         0      0        7
..................................................................


WIND (MPH)
  HIGHEST WIND SPEED     9   HIGHEST WIND DIRECTION     N (340)
  HIGHEST GUST SPEED    13   HIGHEST GUST DIRECTION     W (260)
  AVERAGE WIND SPEED     2.1


SKY COVER
  POSSIBLE SUNSHINE  MM
  AVERAGE SKY COVER 0.0


WEATHER CONDITIONS
 THE FOLLOWING WEATHER WAS RECORDED YESTERDAY.
  NO SIGNIFICANT WEATHER WAS OBSERVED.


RELATIVE HUMIDITY (PERCENT)
 HIGHEST    81           300 AM
 LOWEST     24           500 PM
 AVERAGE    53

..........................................................


THE HUNTINGTON WV CLIMATE NORMALS FOR TODAY
                         NORMAL    RECORD    YEAR
 MAXIMUM TEMPERATURE (F)   58        87      1921
 MINIMUM TEMPERATURE (F)   36        16      1923


SUNRISE AND SUNSET
MARCH 20 2019.........SUNRISE   734 AM EDT   SUNSET   742 PM EDT
MARCH 21 2019.........SUNRISE   733 AM EDT   SUNSET   743 PM EDT


-  INDICATES NEGATIVE NUMBERS.
R  INDICATES RECORD WAS SET OR TIED.
MM INDICATES DATA IS MISSING.
T  INDICATES TRACE AMOUNT.




$$
