721
CDUS43 KIND 180534
CLIHUF


CLIMATE REPORT
NATIONAL WEATHER SERVICE INDIANAPOLIS IN
133 AM EDT MON MAR 18 2019


...................................

...THE TERRE HAUTE IN CLIMATE SUMMARY FOR MARCH 17 2019...

CLIMATE NORMAL PERIOD 1981 TO 2010
CLIMATE RECORD PERIOD 9999 TO 9999


WEATHER ITEM   OBSERVED TIME   NORMAL DEPARTURE LAST
                VALUE   (LST)  VALUE  FROM      YEAR
                                      NORMAL
......................................................
TEMPERATURE (F)
 YESTERDAY
  MAXIMUM         50    116 PM  54     -4       43
  MINIMUM         27   1252 AM  33     -6       33
  AVERAGE         39            43     -4       38

PRECIPITATION (IN)
  YESTERDAY        0.00          0.12  -0.12     0.13
  MONTH TO DATE    2.30          1.70   0.60     0.51
  SINCE MAR 1      2.30          1.70   0.60     0.51
  SINCE JAN 1      9.12          5.99   3.13     6.36

DEGREE DAYS
 HEATING
  YESTERDAY       26            22      4       27
  MONTH TO DATE  503           423     80      459
  SINCE MAR 1    503           423     80      459
  SINCE JUL 1   4543          4586    -43     4469

 COOLING
  YESTERDAY        0             0      0        0
  MONTH TO DATE    0             0      0        0
  SINCE MAR 1      0             0      0        0
  SINCE JAN 1      0             0      0        0
......................................................


WIND (MPH)
  HIGHEST WIND SPEED    21   HIGHEST WIND DIRECTION    NW (310)
  HIGHEST GUST SPEED    33   HIGHEST GUST DIRECTION    NW (310)
  AVERAGE WIND SPEED     7.4


SKY COVER
  AVERAGE SKY COVER 0.5


WEATHER CONDITIONS
 THE FOLLOWING WEATHER WAS RECORDED YESTERDAY.
  NO SIGNIFICANT WEATHER WAS OBSERVED.


RELATIVE HUMIDITY (PERCENT)
 HIGHEST    92           200 AM
 LOWEST     49           600 PM
 AVERAGE    71

..........................................................


THE TERRE HAUTE IN CLIMATE NORMALS FOR TODAY
                         NORMAL
 MAXIMUM TEMPERATURE (F)   54
 MINIMUM TEMPERATURE (F)   33


SUNRISE AND SUNSET
MARCH 18 2019.........SUNRISE   756 AM EDT   SUNSET   759 PM EDT
MARCH 19 2019.........SUNRISE   755 AM EDT   SUNSET   800 PM EDT


-  INDICATES NEGATIVE NUMBERS.
R  INDICATES RECORD WAS SET OR TIED.
MM INDICATES DATA IS MISSING.
T  INDICATES TRACE AMOUNT.




$$
