000
CDUS41 KCAR 240557
CLIHUL


CLIMATE REPORT
NATIONAL WEATHER SERVICE CARIBOU, ME
146 AM EDT SUN MAR 24 2019


...................................

...THE HOULTON ME CLIMATE SUMMARY FOR MARCH 23 2019...

CLIMATE NORMAL PERIOD 1981 TO 2010
CLIMATE RECORD PERIOD 1948 TO 2019


WEATHER ITEM   OBSERVED TIME   RECORD YEAR NORMAL DEPARTURE LAST
                VALUE   (LST)  VALUE       VALUE  FROM      YEAR
                                                  NORMAL
..................................................................
TEMPERATURE (F)
 YESTERDAY
  MAXIMUM         38    215 PM  63    1979  38      0       41
  MINIMUM         31   1159 PM  -9    1989  18     13       28
  AVERAGE         35                        28      7       35

PRECIPITATION (IN)
  YESTERDAY        0.07          0.82 2010   0.09  -0.02     0.00
  MONTH TO DATE    1.27                      1.91  -0.64     1.33
  SINCE MAR 1      1.27                      1.91  -0.64     1.33
  SINCE JAN 1      7.39                      6.77   0.62     7.01

SNOWFALL (IN)
  YESTERDAY       MM             7.1  1994   0.5   MM       MM
  MONTH TO DATE   MM                        14.4   MM       MM
  SINCE MAR 1     MM                        14.4   MM       MM
  SINCE JUL 1     MM                        80.0   MM       MM
  SNOW DEPTH      MM

DEGREE DAYS
 HEATING
  YESTERDAY       30                        37     -7       30
  MONTH TO DATE 1027                       946     81      854
  SINCE MAR 1   1027                       946     81      854
  SINCE JUL 1   7771                      7519    252     6922

 COOLING
  YESTERDAY        0                         0      0        0
  MONTH TO DATE    0                         0      0        0
  SINCE MAR 1      0                         0      0        0
  SINCE JAN 1      0                         0      0        0
..................................................................


WIND (MPH)
  HIGHEST WIND SPEED    25   HIGHEST WIND DIRECTION    NW (330)
  HIGHEST GUST SPEED    38   HIGHEST GUST DIRECTION    NW (330)
  AVERAGE WIND SPEED    12.8


SKY COVER
  POSSIBLE SUNSHINE  MM
  AVERAGE SKY COVER 0.9


WEATHER CONDITIONS
 THE FOLLOWING WEATHER WAS RECORDED YESTERDAY.
  LIGHT SNOW
  FOG


RELATIVE HUMIDITY (PERCENT)
 HIGHEST   100          1200 AM
 LOWEST     59          1100 PM
 AVERAGE    80

..........................................................


THE HOULTON ME CLIMATE NORMALS FOR TODAY
                         NORMAL    RECORD    YEAR
 MAXIMUM TEMPERATURE (F)   39        61      1979
 MINIMUM TEMPERATURE (F)   19       -16      2008


SUNRISE AND SUNSET
MARCH 24 2019.........SUNRISE   627 AM EDT   SUNSET   649 PM EDT
MARCH 25 2019.........SUNRISE   625 AM EDT   SUNSET   650 PM EDT


-  INDICATES NEGATIVE NUMBERS.
R  INDICATES RECORD WAS SET OR TIED.
MM INDICATES DATA IS MISSING.
T  INDICATES TRACE AMOUNT.




$$
