049
CDUS41 KCAR 220555
CLIHUL


CLIMATE REPORT
NATIONAL WEATHER SERVICE CARIBOU, ME
154 AM EDT WED MAY 22 2019


...................................

...THE HOULTON ME CLIMATE SUMMARY FOR MAY 21 2019...

CLIMATE NORMAL PERIOD 1981 TO 2010
CLIMATE RECORD PERIOD 1948 TO 2019


WEATHER ITEM   OBSERVED TIME   RECORD YEAR NORMAL DEPARTURE LAST
                VALUE   (LST)  VALUE       VALUE  FROM      YEAR
                                                  NORMAL
..................................................................
TEMPERATURE (F)
 YESTERDAY
  MAXIMUM         52    722 AM  91    1992  66    -14       72
  MINIMUM         40   1159 PM  27    1982  40      0       32
  AVERAGE         46                        53     -7       52

PRECIPITATION (IN)
  YESTERDAY        0.20          1.39 1973   0.12   0.08     0.00
  MONTH TO DATE    1.82                      2.21  -0.39     2.23
  SINCE MAR 1      8.09                      8.68  -0.59     7.68
  SINCE JAN 1     14.21                     13.54   0.67    13.36

SNOWFALL (IN)
  YESTERDAY       MM             T    1990   0.0   MM       MM
  MONTH TO DATE   MM                         0.1   MM       MM
  SINCE MAR 1     MM                        23.9   MM       MM
  SINCE JUL 1     MM                        89.5   MM       MM
  SNOW DEPTH      MM

DEGREE DAYS
 HEATING
  YESTERDAY       19                        12      7       13
  MONTH TO DATE  401                       325     76      296
  SINCE MAR 1   2510                      2325    185     2254
  SINCE JUL 1   9254                      8898    356     8322

 COOLING
  YESTERDAY        0                         0      0        0
  MONTH TO DATE    0                         0      0        0
  SINCE MAR 1      0                         0      0        0
  SINCE JAN 1      0                         0      0        0
..................................................................


WIND (MPH)
  HIGHEST WIND SPEED    24   HIGHEST WIND DIRECTION     N (10)
  HIGHEST GUST SPEED    32   HIGHEST GUST DIRECTION    NW (320)
  AVERAGE WIND SPEED     8.5


SKY COVER
  POSSIBLE SUNSHINE  MM
  AVERAGE SKY COVER 1.0


WEATHER CONDITIONS
 THE FOLLOWING WEATHER WAS RECORDED YESTERDAY.
  HEAVY RAIN
  LIGHT RAIN
  FOG
  FOG W/VISIBILITY <= 1/4 MILE


RELATIVE HUMIDITY (PERCENT)
 HIGHEST    93          1200 AM
 LOWEST     79           900 PM
 AVERAGE    86

..........................................................


THE HOULTON ME CLIMATE NORMALS FOR TODAY
                         NORMAL    RECORD    YEAR
 MAXIMUM TEMPERATURE (F)   66        94      1992
 MINIMUM TEMPERATURE (F)   40        23      1982


SUNRISE AND SUNSET
MAY 22 2019...........SUNRISE   451 AM EDT   SUNSET   805 PM EDT
MAY 23 2019...........SUNRISE   451 AM EDT   SUNSET   806 PM EDT


-  INDICATES NEGATIVE NUMBERS.
R  INDICATES RECORD WAS SET OR TIED.
MM INDICATES DATA IS MISSING.
T  INDICATES TRACE AMOUNT.




$$
