000
CDUS45 KTFX 220802
CLIHVR


CLIMATE REPORT
NATIONAL WEATHER SERVICE GREAT FALLS MT
200 AM MDT FRI MAR 22 2019


...................................

...THE HAVRE MT CLIMATE SUMMARY FOR MARCH 21 2019...

CLIMATE NORMAL PERIOD 1981 TO 2010
CLIMATE RECORD PERIOD 1880 TO 2019


WEATHER ITEM   OBSERVED TIME   RECORD YEAR NORMAL DEPARTURE LAST
                VALUE   (LST)  VALUE       VALUE  FROM      YEAR
                                                  NORMAL
..................................................................
TEMPERATURE (F)
 YESTERDAY
  MAXIMUM         53    441 PM  74    1939  47      6       34
  MINIMUM         21    650 AM -21    2002  23     -2       13
  AVERAGE         37                        35      2       24

PRECIPITATION (IN)
  YESTERDAY        0.00          0.37 1985   0.02  -0.02     0.00
  MONTH TO DATE    0.06                      0.33  -0.27     0.51
  SINCE OCT 1      2.94                      2.35   0.59     6.17
  SINCE JAN 1      1.97                      0.94   1.03     2.65

SNOWFALL (IN)
  YESTERDAY        0.0           6.8  1940   0.2   -0.2      0.0
  MONTH TO DATE    0.8                       4.3   -3.5      4.3
  SINCE MAR 1      0.8                       4.3   -3.5      4.3
  SINCE JUL 1     29.5                      32.2   -2.7     82.6
  SNOW DEPTH       3

DEGREE DAYS
 HEATING
  YESTERDAY       28                        30     -2       41
  MONTH TO DATE 1088                       723    365      991
  SINCE MAR 1   1088                       723    365      991
  SINCE JUL 1   7545                      6843    702     7783

 COOLING
  YESTERDAY        0                         0      0        0
  MONTH TO DATE    0                         0      0        0
  SINCE MAR 1      0                         0      0        0
  SINCE JAN 1      0                         0      0        0
..................................................................


WIND (MPH)
  HIGHEST WIND SPEED    16   HIGHEST WIND DIRECTION     E (90)
  HIGHEST GUST SPEED    19   HIGHEST GUST DIRECTION     E (80)
  AVERAGE WIND SPEED     5.8


SKY COVER
  AVERAGE SKY COVER 0.0


WEATHER CONDITIONS
 THE FOLLOWING WEATHER WAS RECORDED YESTERDAY.
  NO SIGNIFICANT WEATHER WAS OBSERVED.


RELATIVE HUMIDITY (PERCENT)
 HIGHEST   100           800 AM
 LOWEST     56           300 PM
 AVERAGE    78

..........................................................


THE HAVRE MT CLIMATE NORMALS FOR TODAY
                         NORMAL    RECORD    YEAR
 MAXIMUM TEMPERATURE (F)   47        75      1928
                                             1910
 MINIMUM TEMPERATURE (F)   24       -14      2002


SUNRISE AND SUNSET
MARCH 22 2019.........SUNRISE   718 AM MDT   SUNSET   735 PM MDT
MARCH 23 2019.........SUNRISE   716 AM MDT   SUNSET   736 PM MDT


-  INDICATES NEGATIVE NUMBERS.
R  INDICATES RECORD WAS SET OR TIED.
MM INDICATES DATA IS MISSING.
T  INDICATES TRACE AMOUNT.




$$
