000
CDUS45 KTFX 251131
CLIHVR


CLIMATE REPORT
NATIONAL WEATHER SERVICE GREAT FALLS MT
529 AM MDT SAT MAY 25 2019


...................................

...THE HAVRE MT CLIMATE SUMMARY FOR MAY 24 2019...

CLIMATE NORMAL PERIOD 1981 TO 2010
CLIMATE RECORD PERIOD 1880 TO 2019


WEATHER ITEM   OBSERVED TIME   RECORD YEAR NORMAL DEPARTURE LAST
                VALUE   (LST)  VALUE       VALUE  FROM      YEAR
                                                  NORMAL
..................................................................
TEMPERATURE (F)
 YESTERDAY
  MAXIMUM         68    512 PM  96    2001  70     -2       84
  MINIMUM         45   1159 PM  30    2000  44      1       50
  AVERAGE         57                        57      0       67

PRECIPITATION (IN)
  YESTERDAY        0.00          1.31 1953   0.07  -0.07     0.03
  MONTH TO DATE    1.43                      1.26   0.17     0.95
  SINCE OCT 1      5.24                      4.66   0.58     7.85
  SINCE JAN 1      4.27                      3.25   1.02     4.33

SNOWFALL (IN)
  YESTERDAY        0.0           6.0  1904   0.0    0.0      0.0
  MONTH TO DATE    4.0                       1.4    2.6      0.0
  SINCE MAR 1      7.0                      10.7   -3.7     14.2
  SINCE JUL 1     35.7                      38.6   -2.9     92.5
  SNOW DEPTH       0

DEGREE DAYS
 HEATING
  YESTERDAY        8                         9     -1        0
  MONTH TO DATE  396                       296    100      168
  SINCE MAR 1   2345                      1913    432     2352
  SINCE JUL 1   8802                      8033    769     9144

 COOLING
  YESTERDAY        0                         0      0        2
  MONTH TO DATE    0                         0      0        7
  SINCE MAR 1      0                         1     -1        7
  SINCE JAN 1      0                         1     -1        7
..................................................................


WIND (MPH)
  HIGHEST WIND SPEED    14   HIGHEST WIND DIRECTION     E (70)
  HIGHEST GUST SPEED    19   HIGHEST GUST DIRECTION     E (80)
  AVERAGE WIND SPEED     5.3


SKY COVER
  AVERAGE SKY COVER 0.5


WEATHER CONDITIONS
 THE FOLLOWING WEATHER WAS RECORDED YESTERDAY.
  NO SIGNIFICANT WEATHER WAS OBSERVED.


RELATIVE HUMIDITY (PERCENT)
 HIGHEST    77           600 AM
 LOWEST     29           500 PM
 AVERAGE    53

..........................................................


THE HAVRE MT CLIMATE NORMALS FOR TODAY
                         NORMAL    RECORD    YEAR
 MAXIMUM TEMPERATURE (F)   70        94      1928
 MINIMUM TEMPERATURE (F)   44        29      1918
                                             1893


SUNRISE AND SUNSET
MAY 25 2019...........SUNRISE   527 AM MDT   SUNSET   905 PM MDT
MAY 26 2019...........SUNRISE   526 AM MDT   SUNSET   907 PM MDT


-  INDICATES NEGATIVE NUMBERS.
R  INDICATES RECORD WAS SET OR TIED.
MM INDICATES DATA IS MISSING.
T  INDICATES TRACE AMOUNT.




$$
