000
CDUS44 KHGX 222129
CLIIAH


CLIMATE REPORT
NATIONAL WEATHER SERVICE HOUSTON/GALVESTON TX
428 PM CDT FRI MAR 22 2019


...................................

...THE HOUSTON INTERCONTINENTAL CLIMATE SUMMARY FOR MARCH 22 2019...
VALID TODAY AS OF 0400 PM LOCAL TIME.

CLIMATE NORMAL PERIOD 1981 TO 2010
CLIMATE RECORD PERIOD 1892 TO 2019


WEATHER ITEM   OBSERVED TIME   RECORD YEAR NORMAL DEPARTURE LAST
                VALUE   (LST)  VALUE       VALUE  FROM      YEAR
                                                  NORMAL
..................................................................
TEMPERATURE (F)
 TODAY
  MAXIMUM         81    156 PM  89    1916  75      6       75
  MINIMUM         50    645 AM  32    1970  54     -4       49
                                      1915
  AVERAGE         66                        64      2       62

PRECIPITATION (IN)
  TODAY            0.00          2.01 1918   0.12  -0.12     0.00
  MONTH TO DATE    0.47                      2.42  -1.95     0.04
  SINCE MAR 1      0.47                      2.42  -1.95     0.04
  SINCE JAN 1      6.28                      9.00  -2.72     8.83

SNOWFALL (IN)
  TODAY            0.0
  MONTH TO DATE    0.0
  SINCE JUL 1      T

DEGREE DAYS
 HEATING
  TODAY            0                         4     -4        3
  MONTH TO DATE  137                       116     21       58
  SINCE MAR 1    137                       116     21       58
  SINCE JUL 1   1233                      1304    -71     1184

 COOLING
  TODAY            1                         3     -2        0
  MONTH TO DATE   52                        43      9       79
  SINCE MAR 1     52                        43      9       79
  SINCE JAN 1     99                        81     18      167
..................................................................


WIND (MPH)
  RESULTANT WIND SPEED   2   RESULTANT WIND DIRECTION  SW (220)
  HIGHEST WIND SPEED    13   HIGHEST WIND DIRECTION     S (180)
  HIGHEST GUST SPEED    15   HIGHEST GUST DIRECTION     S (180)
  AVERAGE WIND SPEED     3.4



WEATHER CONDITIONS
 THE FOLLOWING WEATHER WAS RECORDED TODAY.
  NO SIGNIFICANT WEATHER WAS OBSERVED.


RELATIVE HUMIDITY (PERCENT)
 HIGHEST   100           600 AM
 LOWEST     28           300 PM
 AVERAGE    64

..........................................................


THE HOUSTON INTERCONTINENTAL CLIMATE NORMALS FOR TOMORROW
                         NORMAL    RECORD    YEAR
 MAXIMUM TEMPERATURE (F)   75        89      1929
 MINIMUM TEMPERATURE (F)   54        35      1989
                                             1977


SUNRISE AND SUNSET
MARCH 22 2019.........SUNRISE   723 AM CDT   SUNSET   734 PM CDT
MARCH 23 2019.........SUNRISE   722 AM CDT   SUNSET   735 PM CDT


-  INDICATES NEGATIVE NUMBERS.
R  INDICATES RECORD WAS SET OR TIED.
MM INDICATES DATA IS MISSING.
T  INDICATES TRACE AMOUNT.




$$
