000
CDUS44 KHGX 270803
CLIIAH


CLIMATE REPORT
NATIONAL WEATHER SERVICE HOUSTON/GALVESTON TX
301 AM CDT MON MAY 27 2019


...................................

...THE HOUSTON INTERCONTINENTAL CLIMATE SUMMARY FOR MAY 26 2019...

CLIMATE NORMAL PERIOD 1981 TO 2010
CLIMATE RECORD PERIOD 1892 TO 2019


WEATHER ITEM   OBSERVED TIME   RECORD YEAR NORMAL DEPARTURE LAST
                VALUE   (LST)  VALUE       VALUE  FROM      YEAR
                                                  NORMAL
..................................................................
TEMPERATURE (F)
 YESTERDAY
  MAXIMUM         90    211 PM  98    2011  89      1       94
  MINIMUM         71    433 AM  57    1979  70      1       69
  AVERAGE         81                        79      2       82

PRECIPITATION (IN)
  YESTERDAY        0.00          2.91 2014   0.17  -0.17     0.59
  MONTH TO DATE    6.97                      4.24   2.73     3.83
  SINCE MAR 1     10.83                     10.96  -0.13     8.70
  SINCE JAN 1     16.64                     17.54  -0.90    17.49

DEGREE DAYS
 COOLING
  YESTERDAY       16                        14      2       17
  MONTH TO DATE  342                       297     45      377
  SINCE MAR 1    599                       540     59      634
  SINCE JAN 1    646                       578     68      722
..................................................................


WIND (MPH)
  HIGHEST WIND SPEED    21   HIGHEST WIND DIRECTION    SE (120)
  HIGHEST GUST SPEED    26   HIGHEST GUST DIRECTION    SE (150)




RELATIVE HUMIDITY (PERCENT)
 HIGHEST   100
 LOWEST     59
 AVERAGE    80

..........................................................


THE HOUSTON INTERCONTINENTAL CLIMATE NORMALS FOR TODAY
                         NORMAL    RECORD    YEAR
 MAXIMUM TEMPERATURE (F)   89        98      1928
 MINIMUM TEMPERATURE (F)   70        50      1901


SUNRISE AND SUNSET
MAY 27 2019...........SUNRISE   622 AM CDT   SUNSET   815 PM CDT
MAY 28 2019...........SUNRISE   622 AM CDT   SUNSET   816 PM CDT


-  INDICATES NEGATIVE NUMBERS.
R  INDICATES RECORD WAS SET OR TIED.
MM INDICATES DATA IS MISSING.
T  INDICATES TRACE AMOUNT.




$$
