000
CDUS43 KUNR 190842
CLIICR


CLIMATE REPORT
NATIONAL WEATHER SERVICE RAPID CITY SD
237 AM MDT TUE MAR 19 2019


...................................

...THE WINNER REGIONAL AIRPORT SD CLIMATE SUMMARY FOR MARCH 18 2019...

CLIMATE NORMAL PERIOD 1981 TO 2010
CLIMATE RECORD PERIOD 9999 TO 9999


WEATHER ITEM   OBSERVED TIME   NORMAL DEPARTURE LAST
                VALUE   (LST)  VALUE  FROM      YEAR
                                      NORMAL
......................................................
TEMPERATURE (F)
 YESTERDAY
  MAXIMUM         44    502 PM  49     -5       37
  MINIMUM         21    701 AM  26     -5       26
  AVERAGE         33            38     -5       32

PRECIPITATION (IN)
  YESTERDAY        0.00          0.05  -0.05     0.01
  MONTH TO DATE    0.98          0.52   0.46     1.32
  SINCE MAR 1      0.98          0.52   0.46     1.32
  SINCE JAN 1      1.52          1.28   0.24     2.35

DEGREE DAYS
 HEATING
  YESTERDAY       32            27      5       33
  MONTH TO DATE  776           551    225      548
  SINCE MAR 1    776           551    225      548
  SINCE JUL 1   6165          5560    605     5448

 COOLING
  YESTERDAY        0             0      0        0
  MONTH TO DATE    0             0      0        0
  SINCE MAR 1      0             0      0        0
  SINCE JAN 1      0             0      0        0
......................................................


WIND (MPH)
  HIGHEST WIND SPEED    15   HIGHEST WIND DIRECTION     S (200)
  HIGHEST GUST SPEED    20   HIGHEST GUST DIRECTION     S (200)
  AVERAGE WIND SPEED     6.9


SKY COVER
  AVERAGE SKY COVER 0.3


WEATHER CONDITIONS
 THE FOLLOWING WEATHER WAS RECORDED YESTERDAY.
  NO SIGNIFICANT WEATHER WAS OBSERVED.


RELATIVE HUMIDITY (PERCENT)
 HIGHEST    88          1200 AM
 LOWEST     49           300 PM
 AVERAGE    69

..........................................................




SUNRISE AND SUNSET
MARCH 19 2019.........SUNRISE   745 AM CDT   SUNSET   750 PM CDT
MARCH 20 2019.........SUNRISE   743 AM CDT   SUNSET   751 PM CDT


-  INDICATES NEGATIVE NUMBERS.
R  INDICATES RECORD WAS SET OR TIED.
MM INDICATES DATA IS MISSING.
T  INDICATES TRACE AMOUNT.




$$
