000
CDUS43 KUNR 240903
CLIICR


CLIMATE REPORT
NATIONAL WEATHER SERVICE RAPID CITY SD
301 AM MDT THU MAY 24 2018


...................................

...THE WINNER REGIONAL AIRPORT SD CLIMATE SUMMARY FOR MAY 23 2018...

CLIMATE NORMAL PERIOD 1981 TO 2010
CLIMATE RECORD PERIOD 9999 TO 9999


WEATHER ITEM   OBSERVED TIME   NORMAL DEPARTURE LAST
                VALUE   (LST)  VALUE  FROM      YEAR
                                      NORMAL
......................................................
TEMPERATURE (F)
 YESTERDAY
  MAXIMUM         87    231 PM  72     15       59
  MINIMUM         65    159 AM  49     16       42
  AVERAGE         76            60     16       51

PRECIPITATION (IN)
  YESTERDAY        0.04          0.10  -0.06      T
  MONTH TO DATE    1.56          2.42  -0.86     2.97
  SINCE MAR 1      3.98          6.29  -2.31     5.39
  SINCE JAN 1      5.01          7.05  -2.04     7.03

DEGREE DAYS
 HEATING
  YESTERDAY        0             6     -6       14
  MONTH TO DATE  105           204    -99      170
  SINCE MAR 1   1723          1599    124     1361
  SINCE JUL 1   6623          6608     15     5513

 COOLING
  YESTERDAY       11             1     10        0
  MONTH TO DATE   53            18     35       26
  SINCE MAR 1     56            20     36       28
  SINCE JAN 1     56            20     36       28
......................................................


WIND (MPH)
  HIGHEST WIND SPEED    25   HIGHEST WIND DIRECTION    SW (220)
  HIGHEST GUST SPEED    45   HIGHEST GUST DIRECTION     S (190)
  AVERAGE WIND SPEED    12.7


SKY COVER
  AVERAGE SKY COVER 0.1


WEATHER CONDITIONS
 THE FOLLOWING WEATHER WAS RECORDED YESTERDAY.
  THUNDERSTORM
  LIGHT RAIN
  FOG
  HAZE


RELATIVE HUMIDITY (PERCENT)
 HIGHEST    81           300 AM
 LOWEST     40           500 PM
 AVERAGE    61

..........................................................




SUNRISE AND SUNSET
MAY 24 2018...........SUNRISE   607 AM CDT   SUNSET   906 PM CDT
MAY 25 2018...........SUNRISE   606 AM CDT   SUNSET   907 PM CDT


-  INDICATES NEGATIVE NUMBERS.
R  INDICATES RECORD WAS SET OR TIED.
MM INDICATES DATA IS MISSING.
T  INDICATES TRACE AMOUNT.




$$
