000
CDUS43 KUNR 240836
CLIICR


CLIMATE REPORT
NATIONAL WEATHER SERVICE RAPID CITY SD
233 AM MDT FRI MAY 24 2019


...................................

...THE WINNER REGIONAL AIRPORT SD CLIMATE SUMMARY FOR MAY 23 2019...

CLIMATE NORMAL PERIOD 1981 TO 2010
CLIMATE RECORD PERIOD 9999 TO 9999


WEATHER ITEM   OBSERVED TIME   NORMAL DEPARTURE LAST
                VALUE   (LST)  VALUE  FROM      YEAR
                                      NORMAL
......................................................
TEMPERATURE (F)
 YESTERDAY
  MAXIMUM         60    403 PM  72    -12       87
  MINIMUM         40    444 AM  49     -9       65
  AVERAGE         50            60    -10       76

PRECIPITATION (IN)
  YESTERDAY        0.26          0.10   0.16     0.04
  MONTH TO DATE    6.38          2.42   3.96     1.56
  SINCE MAR 1      8.13          6.29   1.84     3.98
  SINCE JAN 1      8.67          7.05   1.62     5.01

DEGREE DAYS
 HEATING
  YESTERDAY       15             6      9        0
  MONTH TO DATE  308           204    104      105
  SINCE MAR 1   1903          1599    304     1723
  SINCE JUL 1   7292          6608    684     6623

 COOLING
  YESTERDAY        0             1     -1       11
  MONTH TO DATE    6            18    -12       53
  SINCE MAR 1     14            20     -6       56
  SINCE JAN 1     14            20     -6       56
......................................................


WIND (MPH)
  HIGHEST WIND SPEED    16   HIGHEST WIND DIRECTION     E (110)
  HIGHEST GUST SPEED    21   HIGHEST GUST DIRECTION    SE (120)
  AVERAGE WIND SPEED     7.9


SKY COVER
  AVERAGE SKY COVER 0.6


WEATHER CONDITIONS
 THE FOLLOWING WEATHER WAS RECORDED YESTERDAY.
  THUNDERSTORM
  RAIN
  LIGHT RAIN
  FOG


RELATIVE HUMIDITY (PERCENT)
 HIGHEST    89          1200 AM
 LOWEST     57           200 PM
 AVERAGE    73

..........................................................




SUNRISE AND SUNSET
MAY 24 2019...........SUNRISE   607 AM CDT   SUNSET   906 PM CDT
MAY 25 2019...........SUNRISE   606 AM CDT   SUNSET   907 PM CDT


-  INDICATES NEGATIVE NUMBERS.
R  INDICATES RECORD WAS SET OR TIED.
MM INDICATES DATA IS MISSING.
T  INDICATES TRACE AMOUNT.




$$
