903
CDUS43 KICT 202208
CLIICT


CLIMATE REPORT
NATIONAL WEATHER SERVICE WICHITA KS
508 PM CDT MON MAY 20 2019


...................................

...THE WICHITA EISENHOWER NATIONAL CLIMATE SUMMARY FOR MAY 20 2019...
VALID TODAY AS OF 0500 PM LOCAL TIME.

CLIMATE NORMAL PERIOD 1981 TO 2010
CLIMATE RECORD PERIOD 1888 TO 2019


WEATHER ITEM   OBSERVED TIME   RECORD YEAR NORMAL DEPARTURE LAST
                VALUE   (LST)  VALUE       VALUE  FROM      YEAR
                                                  NORMAL
..................................................................
TEMPERATURE (F)
 TODAY
  MAXIMUM         59   1215 AM  98    1956  78    -19       74
  MINIMUM         50   1226 PM  37    1968  57     -7       58
  AVERAGE         55                        67    -12       66

PRECIPITATION (IN)
  TODAY            1.57          2.46 1899   0.16   1.41     0.16
  MONTH TO DATE    6.21                      2.82   3.39     2.18
  SINCE MAR 1     11.13                      8.10   3.03     5.06
  SINCE JAN 1     13.17                     10.11   3.06     5.54

SNOWFALL (IN)
  TODAY            0.0           0.0  2007   0.0    0.0      0.0
                                      2001
  MONTH TO DATE    0.0                       0.0    0.0      0.0
  SINCE MAR 1      2.7                       2.5    0.2      1.0
  SINCE JUL 1     10.1                      14.9   -4.8      2.0
  SNOW DEPTH       0

DEGREE DAYS
 HEATING
  TODAY           10                         2      8        0
  MONTH TO DATE   87                        66     21        0
  SINCE MAR 1    948                       934     14      921
  SINCE JUL 1   4674                      4574    100     4277

 COOLING
  TODAY            0                         4     -4        1
  MONTH TO DATE   44                        52     -8      182
  SINCE MAR 1     62                        78    -16      201
  SINCE JAN 1     62                        78    -16      201
..................................................................


WIND (MPH)
  HIGHEST WIND SPEED    33   HIGHEST WIND DIRECTION    NE (60)
  HIGHEST GUST SPEED    44   HIGHEST GUST DIRECTION    NE (60)
  AVERAGE WIND SPEED    14.2


SKY COVER
  POSSIBLE SUNSHINE  MM
  AVERAGE SKY COVER 0.8


WEATHER CONDITIONS
 THE FOLLOWING WEATHER WAS RECORDED TODAY.
  THUNDERSTORM
  HEAVY RAIN
  RAIN
  LIGHT RAIN
  FOG


RELATIVE HUMIDITY (PERCENT)
 HIGHEST    86          1100 AM
 LOWEST     64           700 AM
 AVERAGE    75

..........................................................


THE WICHITA EISENHOWER NATIONAL CLIMATE NORMALS FOR TOMORROW
                         NORMAL    RECORD    YEAR
 MAXIMUM TEMPERATURE (F)   78        99      1925
 MINIMUM TEMPERATURE (F)   57        36      1967


SUNRISE AND SUNSET
MAY 20 2019...........SUNRISE   616 AM CDT   SUNSET   836 PM CDT
MAY 21 2019...........SUNRISE   616 AM CDT   SUNSET   837 PM CDT


-  INDICATES NEGATIVE NUMBERS.
R  INDICATES RECORD WAS SET OR TIED.
MM INDICATES DATA IS MISSING.
T  INDICATES TRACE AMOUNT.




$$
