000
CDUS43 KICT 200630
CLIICT


CLIMATE REPORT
NATIONAL WEATHER SERVICE WICHITA KS
129 AM CDT WED MAR 20 2019


...................................

...THE WICHITA EISENHOWER NATIONAL CLIMATE SUMMARY FOR MARCH 19 2019...

CLIMATE NORMAL PERIOD 1981 TO 2010
CLIMATE RECORD PERIOD 1888 TO 2019


WEATHER ITEM   OBSERVED TIME   RECORD YEAR NORMAL DEPARTURE LAST
                VALUE   (LST)  VALUE       VALUE  FROM      YEAR
                                                  NORMAL
..................................................................
TEMPERATURE (F)
 YESTERDAY
  MAXIMUM         70    159 PM  91    1907  59     11       50
  MINIMUM         41    700 AM   4    1923  36      5       39
  AVERAGE         56                        47      9       45

PRECIPITATION (IN)
  YESTERDAY        0.03          1.63 2003   0.10  -0.07     0.86
  MONTH TO DATE    2.04                      1.54   0.50     0.97
  SINCE MAR 1      2.04                      1.54   0.50     0.97
  SINCE JAN 1      4.08                      3.55   0.53     1.45

SNOWFALL (IN)
  YESTERDAY       MM            11.3  1998   0.1   MM        0.0
  MONTH TO DATE    2.7                       1.6    1.1      0.0
  SINCE MAR 1      2.7                       1.6    1.1      0.0
  SINCE JUL 1     10.1                      14.0   -3.9      1.0
  SNOW DEPTH       0

DEGREE DAYS
 HEATING
  YESTERDAY        9                        18     -9       20
  MONTH TO DATE  486                       388     98      310
  SINCE MAR 1    486                       388     98      310
  SINCE JUL 1   4212                      4028    184     3666

 COOLING
  YESTERDAY        0                         0      0        0
  MONTH TO DATE    0                         0      0        0
  SINCE MAR 1      0                         0      0        0
  SINCE JAN 1      0                         0      0        0
..................................................................


WIND (MPH)
  HIGHEST WIND SPEED    29   HIGHEST WIND DIRECTION    SW (210)
  HIGHEST GUST SPEED    39   HIGHEST GUST DIRECTION     S (200)
  AVERAGE WIND SPEED    14.3


SKY COVER
  POSSIBLE SUNSHINE  MM
  AVERAGE SKY COVER 0.7


WEATHER CONDITIONS
 THE FOLLOWING WEATHER WAS RECORDED YESTERDAY.
  LIGHT RAIN


RELATIVE HUMIDITY (PERCENT)
 HIGHEST    83           800 PM
 LOWEST     26           200 PM
 AVERAGE    55

..........................................................


THE WICHITA EISENHOWER NATIONAL CLIMATE NORMALS FOR TODAY
                         NORMAL    RECORD    YEAR
 MAXIMUM TEMPERATURE (F)   59        89      2017
 MINIMUM TEMPERATURE (F)   36        13      1965


SUNRISE AND SUNSET
MARCH 20 2019.........SUNRISE   733 AM CDT   SUNSET   741 PM CDT
MARCH 21 2019.........SUNRISE   732 AM CDT   SUNSET   742 PM CDT


-  INDICATES NEGATIVE NUMBERS.
R  INDICATES RECORD WAS SET OR TIED.
MM INDICATES DATA IS MISSING.
T  INDICATES TRACE AMOUNT.




$$
