218
CDUS45 KPIH 222324
CLIIDA


CLIMATE REPORT
NATIONAL WEATHER SERVICE POCATELLO ID
523 PM MDT FRI MAR 22 2019


...................................

...THE IDAHO FALLS ID CLIMATE SUMMARY FOR MARCH 22 2019...
VALID TODAY AS OF 0500 PM LOCAL TIME.

CLIMATE NORMAL PERIOD 1981 TO 2010
CLIMATE RECORD PERIOD 1948 TO 2019


WEATHER ITEM   OBSERVED TIME   RECORD YEAR NORMAL DEPARTURE LAST
                VALUE   (LST)  VALUE       VALUE  FROM      YEAR
                                                  NORMAL
..................................................................
TEMPERATURE (F)
 TODAY
  MAXIMUM         45    154 PM  71    1972  49     -4       50
  MINIMUM         32    349 AM  -1    1952  28      4       34
  AVERAGE         39                        38      1       42

PRECIPITATION (IN)
  TODAY            0.11          0.65 2018   0.03   0.08     0.65
  MONTH TO DATE    0.29                      0.61  -0.32     1.18
  SINCE OCT 1      4.44                      4.53  -0.09     3.64
  SINCE JAN 1      2.74                      1.96   0.78     1.71

SNOWFALL (IN)
  TODAY           MM
  MONTH TO DATE   MM
  SINCE MAR 1     MM
  SINCE JUL 1     MM
  SNOW DEPTH      MM

DEGREE DAYS
 HEATING
  TODAY           26                        27     -1       23
  MONTH TO DATE  736                       676     60      701
  SINCE MAR 1    736                       676     60      701
  SINCE JUL 1   6621                      6478    143     5989

 COOLING
  TODAY            0                         0      0        0
  MONTH TO DATE    0                         0      0        0
  SINCE MAR 1      0                         0      0        0
  SINCE JAN 1      0                         0      0        0
..................................................................


WIND (MPH)
  HIGHEST WIND SPEED    15   HIGHEST WIND DIRECTION    SE (140)
  HIGHEST GUST SPEED    19   HIGHEST GUST DIRECTION    SW (220)
  AVERAGE WIND SPEED     5.1


SKY COVER
  POSSIBLE SUNSHINE  MM
  AVERAGE SKY COVER 0.9


WEATHER CONDITIONS
 THE FOLLOWING WEATHER WAS RECORDED TODAY.
  LIGHT RAIN
  FOG


RELATIVE HUMIDITY (PERCENT)
 HIGHEST    89           100 AM
 LOWEST     70          1200 AM
 AVERAGE    80

..........................................................


THE IDAHO FALLS ID CLIMATE NORMALS FOR TOMORROW
                         NORMAL    RECORD    YEAR
 MAXIMUM TEMPERATURE (F)   50        70      2004
 MINIMUM TEMPERATURE (F)   28         4      1964


SUNRISE AND SUNSET
MARCH 22 2019.........SUNRISE   728 AM MDT   SUNSET   743 PM MDT
MARCH 23 2019.........SUNRISE   726 AM MDT   SUNSET   744 PM MDT


-  INDICATES NEGATIVE NUMBERS.
R  INDICATES RECORD WAS SET OR TIED.
MM INDICATES DATA IS MISSING.
T  INDICATES TRACE AMOUNT.




$$
