000
CDUS45 KPIH 250730
CLIIDA


CLIMATE REPORT
NATIONAL WEATHER SERVICE POCATELLO ID
130 AM MDT SAT MAY 25 2019


...................................

...THE IDAHO FALLS ID CLIMATE SUMMARY FOR MAY 24 2019...

CLIMATE NORMAL PERIOD 1981 TO 2010
CLIMATE RECORD PERIOD 1948 TO 2019


WEATHER ITEM   OBSERVED TIME   RECORD YEAR NORMAL DEPARTURE LAST
                VALUE   (LST)  VALUE       VALUE  FROM      YEAR
                                                  NORMAL
..................................................................
TEMPERATURE (F)
 YESTERDAY
  MAXIMUM         59    340 PM  87    2003  69    -10       75
                                      2001
  MINIMUM         42   1124 PM  26    1960  41      1       42
  AVERAGE         51                        55     -4       59

PRECIPITATION (IN)
  YESTERDAY        0.25          0.66 2011   0.05   0.20     0.00
  MONTH TO DATE    2.77                      1.15   1.62     1.18
  SINCE OCT 1      8.34                      7.07   1.27     6.68
  SINCE JAN 1      6.64                      4.50   2.14     4.75

SNOWFALL (IN)
  YESTERDAY       MM
  MONTH TO DATE   MM
  SINCE MAR 1     MM
  SINCE JUL 1     MM
  SNOW DEPTH      MM

DEGREE DAYS
 HEATING
  YESTERDAY       14                        10      4        6
  MONTH TO DATE  357                       314     43      241
  SINCE MAR 1   1826                      1825      1     1717
  SINCE JUL 1   7711                      7627     84     7005

 COOLING
  YESTERDAY        0                         0      0        0
  MONTH TO DATE    0                         0      0        1
  SINCE MAR 1      0                         0      0        1
  SINCE JAN 1      0                         0      0        1
..................................................................


WIND (MPH)
  HIGHEST WIND SPEED    22   HIGHEST WIND DIRECTION     S (160)
  HIGHEST GUST SPEED    28   HIGHEST GUST DIRECTION     S (160)
  AVERAGE WIND SPEED    12.2


SKY COVER
  POSSIBLE SUNSHINE  MM
  AVERAGE SKY COVER 0.9


WEATHER CONDITIONS
 THE FOLLOWING WEATHER WAS RECORDED YESTERDAY.
  HEAVY RAIN
  LIGHT RAIN
  FOG


RELATIVE HUMIDITY (PERCENT)
 HIGHEST    96           100 AM
 LOWEST     51           300 PM
 AVERAGE    74

..........................................................


THE IDAHO FALLS ID CLIMATE NORMALS FOR TODAY
                         NORMAL    RECORD    YEAR
 MAXIMUM TEMPERATURE (F)   69        88      2003
 MINIMUM TEMPERATURE (F)   41        25      1989


SUNRISE AND SUNSET
MAY 25 2019...........SUNRISE   555 AM MDT   SUNSET   856 PM MDT
MAY 26 2019...........SUNRISE   554 AM MDT   SUNSET   857 PM MDT


-  INDICATES NEGATIVE NUMBERS.
R  INDICATES RECORD WAS SET OR TIED.
MM INDICATES DATA IS MISSING.
T  INDICATES TRACE AMOUNT.




$$
