000
CDUS43 KUNR 190842
CLIIEN


CLIMATE REPORT
NATIONAL WEATHER SERVICE RAPID CITY SD
237 AM MDT TUE MAR 19 2019


...................................

...THE PINE RIDGE SD CLIMATE SUMMARY FOR MARCH 18 2019...

CLIMATE NORMAL PERIOD 1981 TO 2010
CLIMATE RECORD PERIOD 9999 TO 9999


WEATHER ITEM   OBSERVED TIME   NORMAL DEPARTURE LAST
                VALUE   (LST)  VALUE  FROM      YEAR
                                      NORMAL
......................................................
TEMPERATURE (F)
 YESTERDAY
  MAXIMUM         43    432 PM  51     -8       43
  MINIMUM         24   1251 AM  23      1       29
  AVERAGE         34            37     -3       36

PRECIPITATION (IN)
  YESTERDAY        0.00          0.02  -0.02     0.04
  MONTH TO DATE    1.75          0.40   1.35     1.04
  SINCE MAR 1      1.75          0.40   1.35     1.04
  SINCE JAN 1      2.13          1.19   0.94     2.07

DEGREE DAYS
 HEATING
  YESTERDAY       31            28      3       29
  MONTH TO DATE  826           556    270      543
  SINCE MAR 1    826           556    270      543
  SINCE JUL 1   6020          5906    114     5847

 COOLING
  YESTERDAY        0             0      0        0
  MONTH TO DATE    0             0      0        0
  SINCE MAR 1      0             0      0        0
  SINCE JAN 1      0             0      0        0
......................................................


WIND (MPH)
  HIGHEST WIND SPEED    15   HIGHEST WIND DIRECTION     S (200)
  HIGHEST GUST SPEED    21   HIGHEST GUST DIRECTION     S (200)
  AVERAGE WIND SPEED     6.2


SKY COVER
  AVERAGE SKY COVER 0.3


WEATHER CONDITIONS
 THE FOLLOWING WEATHER WAS RECORDED YESTERDAY.
  NO SIGNIFICANT WEATHER WAS OBSERVED.


RELATIVE HUMIDITY (PERCENT)
 HIGHEST    88          1200 AM
 LOWEST     57           300 PM
 AVERAGE    73

..........................................................




SUNRISE AND SUNSET
MARCH 19 2019.........SUNRISE   655 AM MDT   SUNSET   701 PM MDT
MARCH 20 2019.........SUNRISE   654 AM MDT   SUNSET   702 PM MDT


-  INDICATES NEGATIVE NUMBERS.
R  INDICATES RECORD WAS SET OR TIED.
MM INDICATES DATA IS MISSING.
T  INDICATES TRACE AMOUNT.




$$
