000
CDUS43 KUNR 190853
CLIIEN


CLIMATE REPORT
NATIONAL WEATHER SERVICE RAPID CITY SD
250 AM MDT SUN MAY 19 2019


...................................

...THE PINE RIDGE SD CLIMATE SUMMARY FOR MAY 18 2019...

CLIMATE NORMAL PERIOD 1981 TO 2010
CLIMATE RECORD PERIOD 9999 TO 9999


WEATHER ITEM   OBSERVED TIME   NORMAL DEPARTURE LAST
                VALUE   (LST)  VALUE  FROM      YEAR
                                      NORMAL
......................................................
TEMPERATURE (F)
 YESTERDAY
  MAXIMUM         48   1014 AM  71    -23       75
  MINIMUM         34   1159 PM  42     -8       50
  AVERAGE         41            56    -15       63

PRECIPITATION (IN)
  YESTERDAY        0.02          0.06  -0.04      T
  MONTH TO DATE    1.50          1.49   0.01     1.88
  SINCE MAR 1      5.79          4.27   1.52     4.63
  SINCE JAN 1      6.17          5.06   1.11     5.66

DEGREE DAYS
 HEATING
  YESTERDAY       24             9     15        2
  MONTH TO DATE  298           213     85      141
  SINCE MAR 1   2003          1683    320     1695
  SINCE JUL 1   7197          7033    164     6999

 COOLING
  YESTERDAY        0             1     -1        0
  MONTH TO DATE    3             1      2       16
  SINCE MAR 1      3             1      2       17
  SINCE JAN 1      3             1      2       17
......................................................


WIND (MPH)
  HIGHEST WIND SPEED    20   HIGHEST WIND DIRECTION    NW (310)
  HIGHEST GUST SPEED    26   HIGHEST GUST DIRECTION    NW (330)
  AVERAGE WIND SPEED    11.2


SKY COVER
  AVERAGE SKY COVER 1.0


WEATHER CONDITIONS
 THE FOLLOWING WEATHER WAS RECORDED YESTERDAY.
  LIGHT RAIN
  LIGHT SNOW
  FOG


RELATIVE HUMIDITY (PERCENT)
 HIGHEST    96           100 AM
 LOWEST     60           500 PM
 AVERAGE    78

..........................................................




SUNRISE AND SUNSET
MAY 19 2019...........SUNRISE   523 AM MDT   SUNSET   811 PM MDT
MAY 20 2019...........SUNRISE   522 AM MDT   SUNSET   812 PM MDT


-  INDICATES NEGATIVE NUMBERS.
R  INDICATES RECORD WAS SET OR TIED.
MM INDICATES DATA IS MISSING.
T  INDICATES TRACE AMOUNT.




$$
