000
CDUS45 KVEF 210829
CLIIGM


CLIMATE REPORT
NATIONAL WEATHER SERVICE LAS VEGAS, NV
128 AM PDT TUE MAY 21 2019


...................................

...THE KINGMAN AZ CLIMATE SUMMARY FOR MAY 20 2019...

CLIMATE NORMAL PERIOD 1981 TO 2010
CLIMATE RECORD PERIOD 1901 TO 2019


WEATHER ITEM   OBSERVED TIME   RECORD YEAR NORMAL DEPARTURE LAST
                VALUE   (LST)  VALUE       VALUE  FROM      YEAR
                                                  NORMAL
..................................................................
TEMPERATURE (F)
 YESTERDAY
  MAXIMUM         65    435 PM 105    1923  86    -21       87
  MINIMUM         44    434 AM  38    1974  54    -10       58
                                      1931
                                      1909
  AVERAGE         55                        70    -15       73

PRECIPITATION (IN)
  YESTERDAY        0.01          0.25 1917   0.00   0.01     0.00
  MONTH TO DATE    0.45                      0.10   0.35     0.00
  SINCE OCT 1      7.43                      5.53   1.90     1.31
  SINCE JAN 1      5.39                      3.43   1.96     1.31

DEGREE DAYS
 HEATING
  YESTERDAY       10                         1      9        0
  MONTH TO DATE   47                        45      2       29
  SINCE MAR 1    579                       678    -99      494
  SINCE JUL 1   3059                      3091    -32     2272

 COOLING
  YESTERDAY        0                         6     -6        8
  MONTH TO DATE   39                        85    -46      116
  SINCE MAR 1     74                       116    -42      195
  SINCE JAN 1     74                       116    -42      195
..................................................................


WIND (MPH)
  RESULTANT WIND SPEED  12   RESULTANT WIND DIRECTION  SW (230)
  HIGHEST WIND SPEED    24   HIGHEST WIND DIRECTION     W (280)
  HIGHEST GUST SPEED    30   HIGHEST GUST DIRECTION     W (270)
  AVERAGE WIND SPEED    13.9


SKY COVER
  POSSIBLE SUNSHINE  MM
  AVERAGE SKY COVER 0.4


WEATHER CONDITIONS
 THE FOLLOWING WEATHER WAS RECORDED YESTERDAY.
  LIGHT RAIN


RELATIVE HUMIDITY (PERCENT)
 HIGHEST    76           400 AM
 LOWEST     27           500 PM
 AVERAGE    52

..........................................................


THE KINGMAN AZ CLIMATE NORMALS FOR TODAY
                         NORMAL    RECORD    YEAR
 MAXIMUM TEMPERATURE (F)   87       106      1923
 MINIMUM TEMPERATURE (F)   54        30      1975


SUNRISE AND SUNSET
MAY 21 2019...........SUNRISE   528 AM MST   SUNSET   738 PM MST
MAY 22 2019...........SUNRISE   527 AM MST   SUNSET   738 PM MST


-  INDICATES NEGATIVE NUMBERS.
R  INDICATES RECORD WAS SET OR TIED.
MM INDICATES DATA IS MISSING.
T  INDICATES TRACE AMOUNT.




$$
