000
CDUS45 KVEF 240900
CLIIGM


CLIMATE REPORT
NATIONAL WEATHER SERVICE LAS VEGAS, NV
200 AM PDT SUN MAR 24 2019


...................................

...THE KINGMAN AZ CLIMATE SUMMARY FOR MARCH 23 2019...

CLIMATE NORMAL PERIOD 1981 TO 2010
CLIMATE RECORD PERIOD 1901 TO 2019


WEATHER ITEM   OBSERVED TIME   RECORD YEAR NORMAL DEPARTURE LAST
                VALUE   (LST)  VALUE       VALUE  FROM      YEAR
                                                  NORMAL
..................................................................
TEMPERATURE (F)
 YESTERDAY
  MAXIMUM         68    253 PM  85    1956  67      1       69
  MINIMUM         41    621 AM  24    2009  39      2       50
                                      1936
  AVERAGE         55                        53      2       60

PRECIPITATION (IN)
  YESTERDAY        0.00          1.20 1954   0.02  -0.02      T
  MONTH TO DATE    0.35                      0.60  -0.25     0.49
  SINCE OCT 1      6.55                      4.86   1.69     1.31
  SINCE JAN 1      4.51                      2.76   1.75     1.31

DEGREE DAYS
 HEATING
  YESTERDAY       10                        12     -2        5
  MONTH TO DATE  301                       327    -26      303
  SINCE MAR 1    301                       327    -26      303
  SINCE JUL 1   2781                      2740     41     2081

 COOLING
  YESTERDAY        0                         0      0        0
  MONTH TO DATE    0                         0      0        0
  SINCE MAR 1      0                         0      0        0
  SINCE JAN 1      0                         0      0        0
..................................................................


WIND (MPH)
  RESULTANT WIND SPEED   9   RESULTANT WIND DIRECTION   S (190)
  HIGHEST WIND SPEED    29   HIGHEST WIND DIRECTION    SW (230)
  HIGHEST GUST SPEED    33   HIGHEST GUST DIRECTION    SW (240)
  AVERAGE WIND SPEED    11.9


SKY COVER
  POSSIBLE SUNSHINE  MM
  AVERAGE SKY COVER 0.0


WEATHER CONDITIONS
 THE FOLLOWING WEATHER WAS RECORDED YESTERDAY.
  NO SIGNIFICANT WEATHER WAS OBSERVED.


RELATIVE HUMIDITY (PERCENT)
 HIGHEST    70          1200 AM
 LOWEST     22           400 PM
 AVERAGE    46

..........................................................


THE KINGMAN AZ CLIMATE NORMALS FOR TODAY
                         NORMAL    RECORD    YEAR
 MAXIMUM TEMPERATURE (F)   68        83      1956
 MINIMUM TEMPERATURE (F)   39        16      1904


SUNRISE AND SUNSET
MARCH 24 2019.........SUNRISE   634 AM MST   SUNSET   651 PM MST
MARCH 25 2019.........SUNRISE   633 AM MST   SUNSET   652 PM MST


-  INDICATES NEGATIVE NUMBERS.
R  INDICATES RECORD WAS SET OR TIED.
MM INDICATES DATA IS MISSING.
T  INDICATES TRACE AMOUNT.




$$
