000
CDUS41 KPHI 210553
CLIILG


CLIMATE REPORT
NATIONAL WEATHER SERVICE MOUNT HOLLY NJ
152 AM EDT MON MAY 21 2018


...................................

...THE WILMINGTON DE CLIMATE SUMMARY FOR MAY 20 2018...

CLIMATE NORMAL PERIOD 1981 TO 2010
CLIMATE RECORD PERIOD 1894 TO 2018


WEATHER ITEM   OBSERVED TIME   RECORD YEAR NORMAL DEPARTURE LAST
                VALUE   (LST)  VALUE       VALUE  FROM      YEAR
                                                  NORMAL
..................................................................
TEMPERATURE (F)
 YESTERDAY
  MAXIMUM         84    331 PM  96    1996  74     10       73
  MINIMUM         66   1159 PM  37    2002  54     12       56
  AVERAGE         75                        64     11       65

PRECIPITATION (IN)
  YESTERDAY        0.01          4.05 1894   0.14  -0.13     0.00
  MONTH TO DATE    4.88                      2.49   2.39     3.42
  SINCE MAR 1     12.12                      9.91   2.21    10.72
  SINCE JAN 1     20.56                     15.60   4.96    14.74

SNOWFALL (IN)
  YESTERDAY        0.0           0.0  1894   0.0    0.0      0.0
  MONTH TO DATE    0.0                       0.0    0.0      0.0
  SINCE MAR 1     14.2                       2.2   12.0      3.4
  SINCE JUL 1     28.0                      20.2    7.8      9.0
  SNOW DEPTH       0

DEGREE DAYS
 HEATING
  YESTERDAY        0                         3     -3        0
  MONTH TO DATE   32                       106    -74      123
  SINCE MAR 1   1260                      1152    108     1050
  SINCE JUL 1   4620                      4775   -155     4052

 COOLING
  YESTERDAY       10                         2      8        0
  MONTH TO DATE   56                        29     27       50
  SINCE MAR 1     64                        41     23       80
  SINCE JAN 1     64                        41     23       80
..................................................................


WIND (MPH)
  HIGHEST WIND SPEED    21   HIGHEST WIND DIRECTION     W (250)
  HIGHEST GUST SPEED    26   HIGHEST GUST DIRECTION     W (250)
  AVERAGE WIND SPEED     9.4


SKY COVER
  POSSIBLE SUNSHINE  MM
  AVERAGE SKY COVER 0.6


WEATHER CONDITIONS
 THE FOLLOWING WEATHER WAS RECORDED YESTERDAY.
  LIGHT RAIN
  FOG


RELATIVE HUMIDITY (PERCENT)
 HIGHEST   100          1200 AM
 LOWEST     63           400 PM
 AVERAGE    82

..........................................................


THE WILMINGTON DE CLIMATE NORMALS FOR TODAY
                         NORMAL    RECORD    YEAR
 MAXIMUM TEMPERATURE (F)   74        95      1996
 MINIMUM TEMPERATURE (F)   54        35      2002


SUNRISE AND SUNSET
MAY 21 2018...........SUNRISE   543 AM EDT   SUNSET   815 PM EDT
MAY 22 2018...........SUNRISE   542 AM EDT   SUNSET   816 PM EDT


-  INDICATES NEGATIVE NUMBERS.
R  INDICATES RECORD WAS SET OR TIED.
MM INDICATES DATA IS MISSING.
T  INDICATES TRACE AMOUNT.




$$
