000
CDUS41 KPHI 252128
CLIILG


CLIMATE REPORT
NATIONAL WEATHER SERVICE MOUNT HOLLY NJ
528 PM EDT SAT MAY 25 2019


...................................

...THE WILMINGTON DE CLIMATE SUMMARY FOR MAY 25 2019...
VALID TODAY AS OF 0500 PM LOCAL TIME.

CLIMATE NORMAL PERIOD 1981 TO 2010
CLIMATE RECORD PERIOD 1894 TO 2019


WEATHER ITEM   OBSERVED TIME   RECORD YEAR NORMAL DEPARTURE LAST
                VALUE   (LST)  VALUE       VALUE  FROM      YEAR
                                                  NORMAL
..................................................................
TEMPERATURE (F)
 TODAY
  MAXIMUM         72    220 PM  92    1991  76     -4       85
  MINIMUM         61    654 AM  39    1956  56      5       57
  AVERAGE         67                        66      1       71

PRECIPITATION (IN)
  TODAY            0.00          2.01 1952   0.13  -0.13     0.00
  MONTH TO DATE    3.79                      3.15   0.64     5.38
  SINCE MAR 1     10.66                     10.57   0.09    12.62
  SINCE JAN 1     18.09                     16.26   1.83    21.06

SNOWFALL (IN)
  TODAY            0.0           0.0  1894   0.0    0.0      0.0
  MONTH TO DATE    0.0                       0.0    0.0      0.0
  SINCE MAR 1      3.4                       2.2    1.2     14.2
  SINCE JUL 1     20.5                      20.2    0.3     28.0
  SNOW DEPTH       0

DEGREE DAYS
 HEATING
  TODAY            0                         3     -3        0
  MONTH TO DATE   73                       121    -48       34
  SINCE MAR 1   1001                      1167   -166     1262
  SINCE JUL 1   4525                      4790   -265     4622

 COOLING
  TODAY            2                         3     -1        6
  MONTH TO DATE   56                        44     12       79
  SINCE MAR 1     69                        56     13       87
  SINCE JAN 1     69                        56     13       87
..................................................................


WIND (MPH)
  HIGHEST WIND SPEED    22   HIGHEST WIND DIRECTION     S (160)
  HIGHEST GUST SPEED    26   HIGHEST GUST DIRECTION     S (160)
  AVERAGE WIND SPEED    11.9


SKY COVER
  POSSIBLE SUNSHINE  MM
  AVERAGE SKY COVER 0.7


WEATHER CONDITIONS
 THE FOLLOWING WEATHER WAS RECORDED TODAY.
  NO SIGNIFICANT WEATHER WAS OBSERVED.


RELATIVE HUMIDITY (PERCENT)
 HIGHEST    84           700 AM
 LOWEST     57           100 PM
 AVERAGE    71

..........................................................


THE WILMINGTON DE CLIMATE NORMALS FOR TOMORROW
                         NORMAL    RECORD    YEAR
 MAXIMUM TEMPERATURE (F)   76        92      2010
 MINIMUM TEMPERATURE (F)   56        40      1925


SUNRISE AND SUNSET
MAY 25 2019...........SUNRISE   540 AM EDT   SUNSET   819 PM EDT
MAY 26 2019...........SUNRISE   540 AM EDT   SUNSET   819 PM EDT


-  INDICATES NEGATIVE NUMBERS.
R  INDICATES RECORD WAS SET OR TIED.
MM INDICATES DATA IS MISSING.
T  INDICATES TRACE AMOUNT.




$$
