000
CDUS41 KPHI 250552
CLIILG


CLIMATE REPORT
NATIONAL WEATHER SERVICE MOUNT HOLLY NJ
152 AM EDT MON MAR 25 2019


...................................

...THE WILMINGTON DE CLIMATE SUMMARY FOR MARCH 24 2019...

CLIMATE NORMAL PERIOD 1981 TO 2010
CLIMATE RECORD PERIOD 1894 TO 2019


WEATHER ITEM   OBSERVED TIME   RECORD YEAR NORMAL DEPARTURE LAST
                VALUE   (LST)  VALUE       VALUE  FROM      YEAR
                                                  NORMAL
..................................................................
TEMPERATURE (F)
 YESTERDAY
  MAXIMUM         62    311 PM  79    1929  55      7       49
  MINIMUM         32    444 AM  15    1940  36     -4       29
  AVERAGE         47                        46      1       39

PRECIPITATION (IN)
  YESTERDAY        0.00          1.32 1989   0.13  -0.13     0.00
  MONTH TO DATE    3.98                      2.96   1.02     4.36
  SINCE MAR 1      3.98                      2.96   1.02     4.36
  SINCE JAN 1     11.41                      8.65   2.76    12.80

SNOWFALL (IN)
  YESTERDAY        0.0           1.0  1990   0.0    0.0      0.0
  MONTH TO DATE    3.4                       1.7    1.7     14.2
  SINCE MAR 1      3.4                       1.7    1.7     14.2
  SINCE JUL 1     20.5                      19.7    0.8     28.0
  SNOW DEPTH       0

DEGREE DAYS
 HEATING
  YESTERDAY       18                        19     -1       26
  MONTH TO DATE  597                       555     42      652
  SINCE MAR 1    597                       555     42      652
  SINCE JUL 1   4121                      4178    -57     4012

 COOLING
  YESTERDAY        0                         0      0        0
  MONTH TO DATE    0                         0      0        0
  SINCE MAR 1      0                         0      0        0
  SINCE JAN 1      0                         0      0        0
..................................................................


WIND (MPH)
  HIGHEST WIND SPEED    18   HIGHEST WIND DIRECTION    SW (210)
  HIGHEST GUST SPEED    23   HIGHEST GUST DIRECTION    SW (210)
  AVERAGE WIND SPEED     7.3


SKY COVER
  POSSIBLE SUNSHINE  MM
  AVERAGE SKY COVER 0.0


WEATHER CONDITIONS
 THE FOLLOWING WEATHER WAS RECORDED YESTERDAY.
  NO SIGNIFICANT WEATHER WAS OBSERVED.


RELATIVE HUMIDITY (PERCENT)
 HIGHEST    56           400 AM
 LOWEST     19           300 PM
 AVERAGE    38

..........................................................


THE WILMINGTON DE CLIMATE NORMALS FOR TODAY
                         NORMAL    RECORD    YEAR
 MAXIMUM TEMPERATURE (F)   56        80      1939
 MINIMUM TEMPERATURE (F)   36        17      1940
                                             1911


SUNRISE AND SUNSET
MARCH 25 2019.........SUNRISE   658 AM EDT   SUNSET   719 PM EDT
MARCH 26 2019.........SUNRISE   657 AM EDT   SUNSET   720 PM EDT


-  INDICATES NEGATIVE NUMBERS.
R  INDICATES RECORD WAS SET OR TIED.
MM INDICATES DATA IS MISSING.
T  INDICATES TRACE AMOUNT.




$$
