000
CDUS43 KILX 260636
CLIILX


CLIMATE REPORT
NATIONAL WEATHER SERVICE LINCOLN IL
135 AM CDT THU APR 26 2018


...................................

...THE LINCOLN IL CLIMATE SUMMARY FOR APRIL 25 2018...

CLIMATE NORMAL PERIOD 1981 TO 2010
CLIMATE RECORD PERIOD 1905 TO 2018


WEATHER ITEM   OBSERVED TIME   RECORD YEAR NORMAL DEPARTURE LAST
                VALUE   (LST)  VALUE       VALUE  FROM      YEAR
                                                  NORMAL
..................................................................
TEMPERATURE (F)
 YESTERDAY
  MAXIMUM         65        MM  89    1954  68     -3       81
  MINIMUM         41        MM  21    1934  44     -3       44
  AVERAGE         53                        56     -3       63

PRECIPITATION (IN)
  YESTERDAY        0.00          2.02 1957   0.12  -0.12     0.00
  MONTH TO DATE    2.51                      2.95  -0.44     2.73
  SINCE MAR 1      6.78                      5.55   1.23     6.72
  SINCE JAN 1     12.30                      9.30   3.00     9.37

SNOWFALL (IN)
  YESTERDAY        0.0           0.0    MM   0.0    0.0      0.0
  MONTH TO DATE    7.1                       0.3    6.8      0.0
  SINCE MAR 1      7.4                       2.0    5.4      3.7
  SINCE JUL 1     17.3                      20.5   -3.2     10.9
  SNOW DEPTH       0

DEGREE DAYS
 HEATING
  YESTERDAY       12                        10      2        2
  MONTH TO DATE  553                       348    205      207
  SINCE MAR 1   1380                      1089    291      904
  SINCE JUL 1   5780                      5512    268     4512

 COOLING
  YESTERDAY        0                         1     -1        0
  MONTH TO DATE    4                         8     -4       14
  SINCE MAR 1      4                        10     -6       14
  SINCE JAN 1      4                        10     -6       14
..................................................................


WIND (MPH)
  HIGHEST WIND SPEED    MM   HIGHEST WIND DIRECTION    MM
  HIGHEST GUST SPEED    MM   HIGHEST GUST DIRECTION    MM
  AVERAGE WIND SPEED    MM


SKY COVER
  POSSIBLE SUNSHINE  MM


WEATHER CONDITIONS
 THE FOLLOWING WEATHER WAS RECORDED YESTERDAY.
  FOG


..........................................................


THE LINCOLN IL CLIMATE NORMALS FOR TODAY
                         NORMAL    RECORD    YEAR
 MAXIMUM TEMPERATURE (F)   68        91      1986
 MINIMUM TEMPERATURE (F)   45        24      1919


SUNRISE AND SUNSET
APRIL 26 2018.........SUNRISE   604 AM CDT   SUNSET   747 PM CDT
APRIL 27 2018.........SUNRISE   602 AM CDT   SUNSET   748 PM CDT


-  INDICATES NEGATIVE NUMBERS.
R  INDICATES RECORD WAS SET OR TIED.
MM INDICATES DATA IS MISSING.
T  INDICATES TRACE AMOUNT.




$$
