039
CDUS43 KIND 200540
CLIIND


CLIMATE REPORT
NATIONAL WEATHER SERVICE INDIANAPOLIS IN
139 AM EDT WED MAR 20 2019


...................................

...THE INDIANAPOLIS IN CLIMATE SUMMARY FOR MARCH 19 2019...

CLIMATE NORMAL PERIOD 1981 TO 2010
CLIMATE RECORD PERIOD 1871 TO 2019


WEATHER ITEM   OBSERVED TIME   RECORD YEAR NORMAL DEPARTURE LAST
                VALUE   (LST)  VALUE       VALUE  FROM      YEAR
                                                  NORMAL
..................................................................
TEMPERATURE (F)
 YESTERDAY
  MAXIMUM         50    510 PM  82    2012  53     -3       60
  MINIMUM         26    524 AM   7    1923  34     -8       35
  AVERAGE         38                        43     -5       48

PRECIPITATION (IN)
  YESTERDAY        0.00          1.90 1963   0.12  -0.12     0.00
  MONTH TO DATE    2.47                      2.05   0.42     0.83
  SINCE MAR 1      2.47                      2.05   0.42     0.83
  SINCE JAN 1      9.97                      7.03   2.94     7.48

SNOWFALL (IN)
  YESTERDAY        0.0          12.1  1906   0.1   -0.1      0.0
  MONTH TO DATE    1.7                       2.0   -0.3      0.8
  SINCE MAR 1      1.7                       2.0   -0.3      0.8
  SINCE JUL 1     18.8                      25.1   -6.3      9.8
  SNOW DEPTH       0

DEGREE DAYS
 HEATING
  YESTERDAY       27                        22      5       17
  MONTH TO DATE  565                       475     90      524
  SINCE MAR 1    565                       475     90      524
  SINCE JUL 1   4671                      4618     53     4491

 COOLING
  YESTERDAY        0                         0      0        0
  MONTH TO DATE    0                         0      0        0
  SINCE MAR 1      0                         0      0        0
  SINCE JAN 1      0                         0      0        5
..................................................................


WIND (MPH)
  HIGHEST WIND SPEED    12   HIGHEST WIND DIRECTION     W (250)
  HIGHEST GUST SPEED    16   HIGHEST GUST DIRECTION    SW (240)
  AVERAGE WIND SPEED     2.7


SKY COVER
  AVERAGE SKY COVER 0.5


WEATHER CONDITIONS
 THE FOLLOWING WEATHER WAS RECORDED YESTERDAY.
  NO SIGNIFICANT WEATHER WAS OBSERVED.


RELATIVE HUMIDITY (PERCENT)
 HIGHEST    85           800 AM
 LOWEST     34           600 PM
 AVERAGE    60

..........................................................


THE INDIANAPOLIS IN CLIMATE NORMALS FOR TODAY
                         NORMAL    RECORD    YEAR
 MAXIMUM TEMPERATURE (F)   54        83      2012
 MINIMUM TEMPERATURE (F)   34         3      1885


SUNRISE AND SUNSET
MARCH 20 2019.........SUNRISE   749 AM EDT   SUNSET   757 PM EDT
MARCH 21 2019.........SUNRISE   747 AM EDT   SUNSET   758 PM EDT


-  INDICATES NEGATIVE NUMBERS.
R  INDICATES RECORD WAS SET OR TIED.
MM INDICATES DATA IS MISSING.
T  INDICATES TRACE AMOUNT.




$$
