000
CDUS43 KIND 202332
CLIIND


CLIMATE REPORT
NATIONAL WEATHER SERVICE INDIANAPOLIS IN
732 PM EDT MON MAY 20 2019


...................................

...THE INDIANAPOLIS IN CLIMATE SUMMARY FOR MAY 20 2019...
VALID AS OF 0700 PM LOCAL TIME.

CLIMATE NORMAL PERIOD 1981 TO 2010
CLIMATE RECORD PERIOD 1871 TO 2019


WEATHER ITEM   OBSERVED TIME   RECORD YEAR NORMAL DEPARTURE LAST
                VALUE   (LST)  VALUE       VALUE  FROM      YEAR
                                                  NORMAL
..................................................................
TEMPERATURE (F)
 TODAY
  MAXIMUM         63   1235 AM  90    1977  74    -11       86
                                      1941
                                      1921
  MINIMUM         52    549 AM  38    1894  54     -2       63
  AVERAGE         58                        64     -6       75

PRECIPITATION (IN)
  TODAY            0.00          1.68 1984   0.16  -0.16     0.00
  MONTH TO DATE    2.58                      3.28  -0.70     1.03
  SINCE MAR 1     12.56                     10.65   1.91    10.51
  SINCE JAN 1     20.06                     15.63   4.43    17.16

SNOWFALL (IN)
  TODAY            0.0           T    1894   0.0    0.0      0.0
  MONTH TO DATE    0.0                       0.0    0.0      0.0
  SINCE MAR 1      2.3                       2.8   -0.5     14.2
  SINCE JUL 1     19.4                      25.9   -6.5     23.2
  SNOW DEPTH       0

..................................................................


WIND (MPH)
  HIGHEST WIND SPEED    20   HIGHEST WIND DIRECTION     W (270)
  HIGHEST GUST SPEED    26   HIGHEST GUST DIRECTION    NW (300)
  AVERAGE WIND SPEED    12.5


SKY COVER
  AVERAGE SKY COVER 0.7


WEATHER CONDITIONS
 THE FOLLOWING WEATHER WAS RECORDED TODAY.
  NO SIGNIFICANT WEATHER WAS OBSERVED.


RELATIVE HUMIDITY (PERCENT)
 HIGHEST    97          1200 AM
 LOWEST     60           100 PM

..........................................................


THE INDIANAPOLIS IN CLIMATE NORMALS FOR TOMORROW
                         NORMAL    RECORD    YEAR
 MAXIMUM TEMPERATURE (F)   74        92      1941
 MINIMUM TEMPERATURE (F)   54        36      2002
                                             1895


SUNRISE AND SUNSET
MAY 20 2019...........SUNRISE   627 AM EDT   SUNSET   857 PM EDT
MAY 21 2019...........SUNRISE   626 AM EDT   SUNSET   858 PM EDT


-  INDICATES NEGATIVE NUMBERS.
R  INDICATES RECORD WAS SET OR TIED.
MM INDICATES DATA IS MISSING.
T  INDICATES TRACE AMOUNT.




$$
