000
CDUS43 KDLH 192229
CLIINL


CLIMATE REPORT
NATIONAL WEATHER SERVICE DULUTH MN
523 PM CDT TUE MAR 19 2019


...................................

...THE INTERNATIONAL FALLS CLIMATE SUMMARY FOR MARCH 19 2019...
VALID TODAY AS OF 0500 PM LOCAL TIME.

CLIMATE NORMAL PERIOD 1981 TO 2010
CLIMATE RECORD PERIOD 1895 TO 2019


WEATHER ITEM   OBSERVED TIME   RECORD YEAR NORMAL DEPARTURE LAST
                VALUE   (LST)  VALUE       VALUE  FROM      YEAR
                                                  NORMAL
..................................................................
TEMPERATURE (F)
 TODAY
  MAXIMUM         38    359 PM  78    2012  36      2       34
  MINIMUM         22    659 AM -22    1923  14      8       24
  AVERAGE         30                        25      5       29

PRECIPITATION (IN)
  TODAY            0.00          0.30 1913   0.03  -0.03     0.00
                                      1897
  MONTH TO DATE    0.80                      0.50   0.30      T
  SINCE MAR 1      0.80                      0.50   0.30      T
  SINCE JAN 1      3.14                      1.69   1.45     1.69

SNOWFALL (IN)
  TODAY            0.0           2.3  1952   0.2   -0.2      0.0
  MONTH TO DATE    5.3                       4.9    0.4       T
  SINCE JUL 1     62.1                      61.7    0.4     54.6
  SNOW DEPTH      17

DEGREE DAYS
 HEATING
  TODAY           35                        40     -5       36
  MONTH TO DATE  948                       842    106      802
  SINCE MAR 1    948                       842    106      802
  SINCE JUL 1   8831                      8425    406     8582

 COOLING
  TODAY            0                         0      0        0
  MONTH TO DATE    0                         0      0        0
  SINCE MAR 1      0                         0      0        0
  SINCE JAN 1      0                         0      0        0
..................................................................


WIND (MPH)
  HIGHEST WIND SPEED    14   HIGHEST WIND DIRECTION    SW (240)
  HIGHEST GUST SPEED    20   HIGHEST GUST DIRECTION    SW (220)


SKY COVER
  AVERAGE SKY COVER 0.6


WEATHER CONDITIONS
 THE FOLLOWING WEATHER WAS RECORDED TODAY.
  NO SIGNIFICANT WEATHER WAS OBSERVED.


RELATIVE HUMIDITY (PERCENT)
 HIGHEST    92           700 AM
 LOWEST     47          1200 AM
 AVERAGE    70

..........................................................


THE INTERNATIONAL FALLS CLIMATE NORMALS FOR TOMORROW
                         NORMAL    RECORD    YEAR
 MAXIMUM TEMPERATURE (F)   37        61      2012
                                             1987
 MINIMUM TEMPERATURE (F)   15       -28      1965


SUNRISE AND SUNSET
MARCH 19 2019.........SUNRISE   719 AM CDT   SUNSET   725 PM CDT
MARCH 20 2019.........SUNRISE   717 AM CDT   SUNSET   726 PM CDT


-  INDICATES NEGATIVE NUMBERS.
R  INDICATES RECORD WAS SET OR TIED.
MM INDICATES DATA IS MISSING.
T  INDICATES TRACE AMOUNT.




$$
