000
CDUS43 KDLH 222232
CLIINL


CLIMATE REPORT
NATIONAL WEATHER SERVICE DULUTH MN
529 PM CDT SUN APR 22 2018


...................................

...THE INTERNATIONAL FALLS CLIMATE SUMMARY FOR APRIL 22 2018...
VALID TODAY AS OF 0500 PM LOCAL TIME.

CLIMATE NORMAL PERIOD 1981 TO 2010
CLIMATE RECORD PERIOD 1895 TO 2018


WEATHER ITEM   OBSERVED TIME   RECORD YEAR NORMAL DEPARTURE LAST
                VALUE   (LST)  VALUE       VALUE  FROM      YEAR
                                                  NORMAL
..................................................................
TEMPERATURE (F)
 TODAY
  MAXIMUM         64    350 PM  81    1990  55      9       64
  MINIMUM         29    534 AM  17    2004  30     -1       28
                                      1910
  AVERAGE         47                        43      4       46

PRECIPITATION (IN)
  TODAY            0.00          0.81 2007   0.06  -0.06     0.11
  MONTH TO DATE    0.28                      1.03  -0.75     0.62
  SINCE MAR 1      0.63                      1.98  -1.35     1.30
  SINCE JAN 1      2.32                      3.17  -0.85     4.05

SNOWFALL (IN)
  TODAY            0.0           4.0         0.2   -0.2       T
  MONTH TO DATE    3.4                       5.4   -2.0       T
  SINCE JUL 1     62.2                      69.8   -7.6     67.8
  SNOW DEPTH       T

DEGREE DAYS
 HEATING
  TODAY           18                        22     -4       19
  MONTH TO DATE  857                       607    250      495
  SINCE MAR 1   2128                      1890    238     1752
  SINCE JUL 1   9908                      9473    435     8226

 COOLING
  TODAY            0                         0      0        0
  MONTH TO DATE    0                         0      0        0
  SINCE MAR 1      0                         0      0        0
  SINCE JAN 1      0                         0      0        0
..................................................................


WIND (MPH)
  HIGHEST WIND SPEED    18   HIGHEST WIND DIRECTION    SW (210)
  HIGHEST GUST SPEED    26   HIGHEST GUST DIRECTION    SW (210)


SKY COVER
  AVERAGE SKY COVER 0.0


WEATHER CONDITIONS
 THE FOLLOWING WEATHER WAS RECORDED TODAY.
  NO SIGNIFICANT WEATHER WAS OBSERVED.


RELATIVE HUMIDITY (PERCENT)
 HIGHEST    78           600 AM
 LOWEST     25           300 PM
 AVERAGE    52

..........................................................


THE INTERNATIONAL FALLS CLIMATE NORMALS FOR TOMORROW
                         NORMAL    RECORD    YEAR
 MAXIMUM TEMPERATURE (F)   56        81      1990
 MINIMUM TEMPERATURE (F)   30         6      1909


SUNRISE AND SUNSET
APRIL 22 2018.........SUNRISE   610 AM CDT   SUNSET   815 PM CDT
APRIL 23 2018.........SUNRISE   608 AM CDT   SUNSET   817 PM CDT


-  INDICATES NEGATIVE NUMBERS.
R  INDICATES RECORD WAS SET OR TIED.
MM INDICATES DATA IS MISSING.
T  INDICATES TRACE AMOUNT.




$$
