000
CDUS45 KFGZ 240059
CLIINW


CLIMATE REPORT
NATIONAL WEATHER SERVICE FLAGSTAFF, AZ
559 PM MST SAT MAR 23 2019


...................................

...THE WINSLOW AZ AIRPORT CLIMATE SUMMARY FOR MARCH 23 2019...
VALID TODAY AS OF 0500 PM LOCAL TIME.

CLIMATE NORMAL PERIOD 1981 TO 2010
CLIMATE RECORD PERIOD 1915 TO 2019


WEATHER ITEM   OBSERVED TIME   RECORD YEAR NORMAL DEPARTURE LAST
                VALUE   (LST)  VALUE       VALUE  FROM      YEAR
                                                  NORMAL
..................................................................
TEMPERATURE (F)
 TODAY
  MAXIMUM         68    331 PM  82    1971  65      3       71
  MINIMUM         33    635 AM  12    1917  32      1       46
  AVERAGE         51                        48      3       59

PRECIPITATION (IN)
  TODAY            0.00          0.47 2007   0.02  -0.02      T
  MONTH TO DATE    0.77                      0.40   0.37     0.10
  SINCE OCT 1      5.89                      2.98   2.91     0.25
  SINCE JAN 1      2.00                      1.38   0.62     0.23

DEGREE DAYS
 HEATING
  TODAY           14                        17     -3        6
  MONTH TO DATE  371                       434    -63      429
  SINCE JUL 1   3919                      3929    -10     3474

 COOLING
  TODAY            0                         0      0        0
  MONTH TO DATE    0                         0      0        0
  SINCE JAN 1      0                         0      0        0
..................................................................


WIND (MPH)
  HIGHEST WIND SPEED    21   HIGHEST WIND DIRECTION     W (280)
  HIGHEST GUST SPEED    31   HIGHEST GUST DIRECTION     W (270)
  AVERAGE WIND SPEED     5.6


SKY COVER
  POSSIBLE SUNSHINE  MM
  AVERAGE SKY COVER 0.0


WEATHER CONDITIONS
 THE FOLLOWING WEATHER WAS RECORDED TODAY.
  NO SIGNIFICANT WEATHER WAS OBSERVED.


RELATIVE HUMIDITY (PERCENT)
 HIGHEST    82           600 AM
 LOWEST     18           400 PM
 AVERAGE    50

..........................................................


THE WINSLOW AZ AIRPORT CLIMATE NORMALS FOR TOMORROW
                         NORMAL    RECORD    YEAR
 MAXIMUM TEMPERATURE (F)   66        81      1956
 MINIMUM TEMPERATURE (F)   32        14      1917


SUNRISE AND SUNSET
MARCH 23 2019.........SUNRISE   623 AM MST   SUNSET   637 PM MST
MARCH 24 2019.........SUNRISE   621 AM MST   SUNSET   638 PM MST


-  INDICATES NEGATIVE NUMBERS.
R  INDICATES RECORD WAS SET OR TIED.
MM INDICATES DATA IS MISSING.
T  INDICATES TRACE AMOUNT.




$$
