000
CDUS45 KFGZ 220735
CLIINW


CLIMATE REPORT
NATIONAL WEATHER SERVICE FLAGSTAFF, AZ
1235 AM MST WED MAY 22 2019


...................................

...THE WINSLOW AZ AIRPORT CLIMATE SUMMARY FOR MAY 21 2019...

CLIMATE NORMAL PERIOD 1981 TO 2010
CLIMATE RECORD PERIOD 1915 TO 2019


WEATHER ITEM   OBSERVED TIME   RECORD YEAR NORMAL DEPARTURE LAST
                VALUE   (LST)  VALUE       VALUE  FROM      YEAR
                                                  NORMAL
..................................................................
TEMPERATURE (F)
 YESTERDAY
  MAXIMUM         65    327 PM  96    2005  83    -18       87
  MINIMUM         42    211 AM  33    1974  47     -5       45
  AVERAGE         54                        65    -11       66

PRECIPITATION (IN)
  YESTERDAY        0.00          0.62 1959   0.01  -0.01     0.00
  MONTH TO DATE    0.45                      0.23   0.22      T
  SINCE OCT 1      6.41                      3.61   2.80     0.33
  SINCE JAN 1      2.52                      2.01   0.51     0.31

DEGREE DAYS
 HEATING
  YESTERDAY       11                         2      9        0
  MONTH TO DATE  123                        90     33       58
  SINCE JUL 1   4358                      4469   -111     3853

 COOLING
  YESTERDAY        0                         2     -2        1
  MONTH TO DATE    9                        30    -21       54
  SINCE JAN 1     19                        34    -15       69
..................................................................


WIND (MPH)
  HIGHEST WIND SPEED    33   HIGHEST WIND DIRECTION    SW (230)
  HIGHEST GUST SPEED    41   HIGHEST GUST DIRECTION    SW (230)
  AVERAGE WIND SPEED    20.7


SKY COVER
  POSSIBLE SUNSHINE  MM
  AVERAGE SKY COVER 0.4


WEATHER CONDITIONS
 THE FOLLOWING WEATHER WAS RECORDED YESTERDAY.
  NO SIGNIFICANT WEATHER WAS OBSERVED.


RELATIVE HUMIDITY (PERCENT)
 HIGHEST    62          1200 AM
 LOWEST     23           500 PM
 AVERAGE    43

..........................................................


THE WINSLOW AZ AIRPORT CLIMATE NORMALS FOR TODAY
                         NORMAL    RECORD    YEAR
 MAXIMUM TEMPERATURE (F)   84        98      2005
 MINIMUM TEMPERATURE (F)   47        30      1975
                                             1927


SUNRISE AND SUNSET
MAY 22 2019...........SUNRISE   515 AM MST   SUNSET   725 PM MST
MAY 23 2019...........SUNRISE   514 AM MST   SUNSET   726 PM MST


-  INDICATES NEGATIVE NUMBERS.
R  INDICATES RECORD WAS SET OR TIED.
MM INDICATES DATA IS MISSING.
T  INDICATES TRACE AMOUNT.




$$
