000
CDUS43 KDVN 240916
CLIIOW


CLIMATE REPORT
NATIONAL WEATHER SERVICE QUAD CITIES IA IL
414 AM CDT SUN MAR 24 2019


...................................

...THE IOWA CITY IA CLIMATE SUMMARY FOR MARCH 23 2019...

CLIMATE NORMAL PERIOD 1981 TO 2010
CLIMATE RECORD PERIOD 9999 TO 9999


WEATHER ITEM   OBSERVED TIME   RECORD YEAR NORMAL DEPARTURE LAST
                VALUE   (LST)  VALUE       VALUE  FROM      YEAR
                                                  NORMAL
..................................................................
TEMPERATURE (F)
 YESTERDAY
  MAXIMUM         57    147 PM  MM      MM  52      5       50
  MINIMUM         27    339 AM  MM      MM  32     -5       31
  AVERAGE         42                        42      0       41

PRECIPITATION (IN)
  YESTERDAY        T            MM      MM   0.05  -0.05     0.36
  MONTH TO DATE    1.59                      1.65  -0.06     1.82
  SINCE MAR 1      1.59                      1.65  -0.06     1.82
  SINCE JAN 1      5.79                      3.81   1.98     4.66

DEGREE DAYS
 HEATING
  YESTERDAY       23                        23      0       24
  MONTH TO DATE  772                       650    122      635
  SINCE MAR 1    772                       650    122      635
  SINCE JUL 1   5988                      5600    388     5344

 COOLING
  YESTERDAY        0                         0      0        0
  MONTH TO DATE    0                         0      0        0
  SINCE MAR 1      0                         0      0        0
  SINCE JAN 1      0                         0      0        0
..................................................................


WIND (MPH)
  HIGHEST WIND SPEED    16   HIGHEST WIND DIRECTION    SE (140)
  HIGHEST GUST SPEED    22   HIGHEST GUST DIRECTION    SE (150)
  AVERAGE WIND SPEED     5.9


SKY COVER
  POSSIBLE SUNSHINE  MM
  AVERAGE SKY COVER 0.2


WEATHER CONDITIONS
 THE FOLLOWING WEATHER WAS RECORDED YESTERDAY.
  LIGHT RAIN


RELATIVE HUMIDITY (PERCENT)
 HIGHEST    92           200 AM
 LOWEST     38           200 PM
 AVERAGE    65

..........................................................


THE IOWA CITY IA CLIMATE NORMALS FOR TODAY
                         NORMAL    RECORD    YEAR
 MAXIMUM TEMPERATURE (F)   53        MM        MM
 MINIMUM TEMPERATURE (F)   32        MM        MM


SUNRISE AND SUNSET
MARCH 24 2019.........SUNRISE   703 AM CDT   SUNSET   723 PM CDT
MARCH 25 2019.........SUNRISE   701 AM CDT   SUNSET   724 PM CDT


-  INDICATES NEGATIVE NUMBERS.
R  INDICATES RECORD WAS SET OR TIED.
MM INDICATES DATA IS MISSING.
T  INDICATES TRACE AMOUNT.




$$
