000
CDUS43 KDVN 270912
CLIIOW


CLIMATE REPORT
NATIONAL WEATHER SERVICE QUAD CITIES IA IL
411 AM CDT FRI APR 27 2018


...................................

...THE IOWA CITY IA CLIMATE SUMMARY FOR APRIL 26 2018...

CLIMATE NORMAL PERIOD 1981 TO 2010
CLIMATE RECORD PERIOD 9999 TO 9999


WEATHER ITEM   OBSERVED TIME   RECORD YEAR NORMAL DEPARTURE LAST
                VALUE   (LST)  VALUE       VALUE  FROM      YEAR
                                                  NORMAL
..................................................................
TEMPERATURE (F)
 YESTERDAY
  MAXIMUM         72    429 PM  MM      MM  65      7       65
  MINIMUM         36    531 AM  MM      MM  44     -8       43
  AVERAGE         54                        54      0       54

PRECIPITATION (IN)
  YESTERDAY        0.00         MM      MM   0.14  -0.14     0.15
  MONTH TO DATE    0.68                      2.83  -2.15     2.76
  SINCE MAR 1      3.82                      5.05  -1.23     5.82
  SINCE JAN 1      6.66                      7.21  -0.55     8.22

DEGREE DAYS
 HEATING
  YESTERDAY       11                        11      0       11
  MONTH TO DATE  628                       386    242      231
  SINCE MAR 1   1480                      1203    277      981
  SINCE JUL 1   6189                      6153     36     4876

 COOLING
  YESTERDAY        0                         0      0        0
  MONTH TO DATE    0                         0      0       11
  SINCE MAR 1      0                         0      0       11
  SINCE JAN 1      0                         0      0       11
..................................................................


WIND (MPH)
  HIGHEST WIND SPEED    21   HIGHEST WIND DIRECTION    NW (300)
  HIGHEST GUST SPEED    27   HIGHEST GUST DIRECTION    NW (330)
  AVERAGE WIND SPEED     7.5


SKY COVER
  POSSIBLE SUNSHINE  MM
  AVERAGE SKY COVER 0.0


WEATHER CONDITIONS
 THE FOLLOWING WEATHER WAS RECORDED YESTERDAY.
  NO SIGNIFICANT WEATHER WAS OBSERVED.


RELATIVE HUMIDITY (PERCENT)
 HIGHEST    76           300 AM
 LOWEST     20           100 PM
 AVERAGE    48

..........................................................


THE IOWA CITY IA CLIMATE NORMALS FOR TODAY
                         NORMAL    RECORD    YEAR
 MAXIMUM TEMPERATURE (F)   65        MM        MM
 MINIMUM TEMPERATURE (F)   44        MM        MM


SUNRISE AND SUNSET
APRIL 27 2018.........SUNRISE   608 AM CDT   SUNSET   800 PM CDT
APRIL 28 2018.........SUNRISE   607 AM CDT   SUNSET   801 PM CDT


-  INDICATES NEGATIVE NUMBERS.
R  INDICATES RECORD WAS SET OR TIED.
MM INDICATES DATA IS MISSING.
T  INDICATES TRACE AMOUNT.




$$
