000
CDUS43 KDVN 210912
CLIIOW


CLIMATE REPORT
NATIONAL WEATHER SERVICE QUAD CITIES IA IL
412 AM CDT TUE MAY 21 2019


...................................

...THE IOWA CITY IA CLIMATE SUMMARY FOR MAY 20 2019...

CLIMATE NORMAL PERIOD 1981 TO 2010
CLIMATE RECORD PERIOD 9999 TO 9999


WEATHER ITEM   OBSERVED TIME   RECORD YEAR NORMAL DEPARTURE LAST
                VALUE   (LST)  VALUE       VALUE  FROM      YEAR
                                                  NORMAL
..................................................................
TEMPERATURE (F)
 YESTERDAY
  MAXIMUM         58    356 PM  MM      MM  73    -15       67
  MINIMUM         43    625 AM  MM      MM  52     -9       59
  AVERAGE         51                        63    -12       63

PRECIPITATION (IN)
  YESTERDAY        0.01         MM      MM   0.13  -0.12     0.00
  MONTH TO DATE    4.26                      2.79   1.47     2.50
  SINCE MAR 1     10.82                      8.51   2.31     6.32
  SINCE JAN 1     15.02                     10.67   4.35     9.16

DEGREE DAYS
 HEATING
  YESTERDAY       14                         4     10        2
  MONTH TO DATE  193                       136     57       30
  SINCE MAR 1   1542                      1379    163     1549
  SINCE JUL 1   6758                      6329    429     6258

 COOLING
  YESTERDAY        0                         2     -2        0
  MONTH TO DATE    8                        23    -15       54
  SINCE MAR 1      9                        27    -18       54
  SINCE JAN 1      9                        27    -18       54
..................................................................


WIND (MPH)
  HIGHEST WIND SPEED    22   HIGHEST WIND DIRECTION    NW (320)
  HIGHEST GUST SPEED    28   HIGHEST GUST DIRECTION     N (350)
  AVERAGE WIND SPEED     9.8


SKY COVER
  POSSIBLE SUNSHINE  MM
  AVERAGE SKY COVER 0.8


WEATHER CONDITIONS
 THE FOLLOWING WEATHER WAS RECORDED YESTERDAY.
  LIGHT RAIN


RELATIVE HUMIDITY (PERCENT)
 HIGHEST    86          1100 PM
 LOWEST     55           300 PM
 AVERAGE    71

..........................................................


THE IOWA CITY IA CLIMATE NORMALS FOR TODAY
                         NORMAL    RECORD    YEAR
 MAXIMUM TEMPERATURE (F)   74        MM        MM
 MINIMUM TEMPERATURE (F)   53        MM        MM


SUNRISE AND SUNSET
MAY 21 2019...........SUNRISE   542 AM CDT   SUNSET   825 PM CDT
MAY 22 2019...........SUNRISE   541 AM CDT   SUNSET   826 PM CDT


-  INDICATES NEGATIVE NUMBERS.
R  INDICATES RECORD WAS SET OR TIED.
MM INDICATES DATA IS MISSING.
T  INDICATES TRACE AMOUNT.




$$
