000
CDUS41 KCTP 250627
CLIIPT


CLIMATE REPORT
NATIONAL WEATHER SERVICE STATE COLLEGE PA
227 AM EDT WED APR 25 2018


...................................

...THE WILLIAMSPORT PA CLIMATE SUMMARY FOR APRIL 24 2018...

CLIMATE NORMAL PERIOD 1981 TO 2010
CLIMATE RECORD PERIOD 1895 TO 2018


WEATHER ITEM   OBSERVED TIME   RECORD YEAR NORMAL DEPARTURE LAST
                VALUE   (LST)  VALUE       VALUE  FROM      YEAR
                                                  NORMAL
..................................................................
TEMPERATURE (F)
 YESTERDAY
  MAXIMUM         66    157 PM  96    1925  65      1       69
  MINIMUM         44    526 AM  25    1930  42      2       39
  AVERAGE         55                        53      2       54

PRECIPITATION (IN)
  YESTERDAY        0.11          2.09 1977   0.10   0.01     0.02
  MONTH TO DATE    3.39                      2.60   0.79     3.52
  SINCE MAR 1      5.52                      5.57  -0.05     7.26
  SINCE JAN 1     13.31                     10.61   2.70    12.56

SNOWFALL (IN)
  YESTERDAY        0.0           2.2  1967   0.0    0.0      0.0
  MONTH TO DATE    5.2                       1.1    4.1       T
  SINCE MAR 1      7.8                       8.0   -0.2     22.6
  SINCE JUL 1     26.8                      36.0   -9.2     41.1
  SNOW DEPTH       0

DEGREE DAYS
 HEATING
  YESTERDAY       10                        12     -2       11
  MONTH TO DATE  503                       391    112      241
  SINCE MAR 1   1364                      1220    144     1099
  SINCE JUL 1   5414                      5687   -273     4735

 COOLING
  YESTERDAY        0                         0      0        0
  MONTH TO DATE    0                         0      0        5
  SINCE MAR 1      0                         0      0        5
  SINCE JAN 1      0                         0      0        5
..................................................................


WIND (MPH)
  HIGHEST WIND SPEED    20   HIGHEST WIND DIRECTION    SE (140)
  HIGHEST GUST SPEED    33   HIGHEST GUST DIRECTION     S (170)
  AVERAGE WIND SPEED     6.0


SKY COVER
  POSSIBLE SUNSHINE  MM
  AVERAGE SKY COVER 0.5


WEATHER CONDITIONS
 THE FOLLOWING WEATHER WAS RECORDED YESTERDAY.
  LIGHT RAIN


RELATIVE HUMIDITY (PERCENT)
 HIGHEST    89          1000 PM
 LOWEST     34           300 PM
 AVERAGE    62

..........................................................


THE WILLIAMSPORT PA CLIMATE NORMALS FOR TODAY
                         NORMAL    RECORD    YEAR
 MAXIMUM TEMPERATURE (F)   65        93      1925
 MINIMUM TEMPERATURE (F)   42        26      1956


SUNRISE AND SUNSET
APRIL 25 2018.........SUNRISE   613 AM EDT   SUNSET   759 PM EDT
APRIL 26 2018.........SUNRISE   612 AM EDT   SUNSET   800 PM EDT


-  INDICATES NEGATIVE NUMBERS.
R  INDICATES RECORD WAS SET OR TIED.
MM INDICATES DATA IS MISSING.
T  INDICATES TRACE AMOUNT.




$$
