000
CDUS41 KCTP 210659
CLIIPT


CLIMATE REPORT
NATIONAL WEATHER SERVICE STATE COLLEGE PA
258 AM EDT THU MAR 21 2019


...................................

...THE WILLIAMSPORT PA CLIMATE SUMMARY FOR MARCH 20 2019...

CLIMATE NORMAL PERIOD 1981 TO 2010
CLIMATE RECORD PERIOD 1895 TO 2019


WEATHER ITEM   OBSERVED TIME   RECORD YEAR NORMAL DEPARTURE LAST
                VALUE   (LST)  VALUE       VALUE  FROM      YEAR
                                                  NORMAL
..................................................................
TEMPERATURE (F)
 YESTERDAY
  MAXIMUM         53    354 PM  76    1918  49      4       41
  MINIMUM         23    627 AM   9    1902  30     -7       24
  AVERAGE         38                        40     -2       33

PRECIPITATION (IN)
  YESTERDAY        0.00          1.11 2003   0.10  -0.10     0.00
  MONTH TO DATE    0.79                      1.80  -1.01     1.73
  SINCE MAR 1      0.79                      1.80  -1.01     1.73
  SINCE JAN 1      8.06                      6.84   1.22     9.52

SNOWFALL (IN)
  YESTERDAY        0.0           8.0  1906   0.2   -0.2      0.0
  MONTH TO DATE    4.6                       5.3   -0.7      2.4
  SINCE MAR 1      4.6                       5.3   -0.7      2.4
  SINCE JUL 1     32.4                      33.3   -0.9     21.4
  SNOW DEPTH       0

DEGREE DAYS
 HEATING
  YESTERDAY       27                        25      2       32
  MONTH TO DATE  616                       576     40      592
  SINCE MAR 1    616                       576     40      592
  SINCE JUL 1   4838                      5043   -205     4642

 COOLING
  YESTERDAY        0                         0      0        0
  MONTH TO DATE    0                         0      0        0
  SINCE MAR 1      0                         0      0        0
  SINCE JAN 1      0                         0      0        0
..................................................................


WIND (MPH)
  HIGHEST WIND SPEED    22   HIGHEST WIND DIRECTION    SE (130)
  HIGHEST GUST SPEED    30   HIGHEST GUST DIRECTION    SE (130)
  AVERAGE WIND SPEED     6.4


SKY COVER
  POSSIBLE SUNSHINE  MM
  AVERAGE SKY COVER 0.0


WEATHER CONDITIONS
 THE FOLLOWING WEATHER WAS RECORDED YESTERDAY.
  NO SIGNIFICANT WEATHER WAS OBSERVED.


RELATIVE HUMIDITY (PERCENT)
 HIGHEST    81           700 AM
 LOWEST     24           100 PM
 AVERAGE    53

..........................................................


THE WILLIAMSPORT PA CLIMATE NORMALS FOR TODAY
                         NORMAL    RECORD    YEAR
 MAXIMUM TEMPERATURE (F)   50        76      1938
 MINIMUM TEMPERATURE (F)   30         8      1965


SUNRISE AND SUNSET
MARCH 21 2019.........SUNRISE   710 AM EDT   SUNSET   721 PM EDT
MARCH 22 2019.........SUNRISE   708 AM EDT   SUNSET   722 PM EDT


-  INDICATES NEGATIVE NUMBERS.
R  INDICATES RECORD WAS SET OR TIED.
MM INDICATES DATA IS MISSING.
T  INDICATES TRACE AMOUNT.




$$
