000
CDUS41 KCTP 192140
CLIIPT


CLIMATE REPORT
NATIONAL WEATHER SERVICE STATE COLLEGE PA
539 PM EDT SUN MAY 19 2019


...................................

...THE WILLIAMSPORT PA CLIMATE SUMMARY FOR MAY 19 2019...
VALID TODAY AS OF 0500 PM LOCAL TIME.

CLIMATE NORMAL PERIOD 1981 TO 2010
CLIMATE RECORD PERIOD 1895 TO 2019


WEATHER ITEM   OBSERVED TIME   RECORD YEAR NORMAL DEPARTURE LAST
                VALUE   (LST)  VALUE       VALUE  FROM      YEAR
                                                  NORMAL
..................................................................
TEMPERATURE (F)
 TODAY
  MAXIMUM         81    308 PM  96    1996  72      9       59
  MINIMUM         54    423 AM  29    1973  49      5       51
  AVERAGE         68                        61      7       55

PRECIPITATION (IN)
  TODAY            T             1.81 1988   0.12  -0.12     0.66
  MONTH TO DATE    3.65                      2.19   1.46     4.94
  SINCE MAR 1      9.84                      8.40   1.44    10.97
  SINCE JAN 1     17.11                     13.44   3.67    18.76

SNOWFALL (IN)
  TODAY            0.0           0.0  2002   0.0    0.0      0.0
                                      2001
  MONTH TO DATE    0.0                       0.0    0.0      0.0
  SINCE MAR 1      4.6                       8.0   -3.4      7.8
  SINCE JUL 1     32.4                      36.0   -3.6     26.8
  SNOW DEPTH       0

DEGREE DAYS
 HEATING
  TODAY            0                         6     -6       10
  MONTH TO DATE  105                       150    -45       68
  SINCE MAR 1   1331                      1438   -107     1499
  SINCE JUL 1   5553                      5905   -352     5549

 COOLING
  TODAY            3                         1      2        0
  MONTH TO DATE   11                        14     -3       39
  SINCE MAR 1     14                        19     -5       39
  SINCE JAN 1     14                        19     -5       39
..................................................................


WIND (MPH)
  HIGHEST WIND SPEED    22   HIGHEST WIND DIRECTION     S (170)
  HIGHEST GUST SPEED    29   HIGHEST GUST DIRECTION     S (170)
  AVERAGE WIND SPEED     4.5


SKY COVER
  POSSIBLE SUNSHINE  MM
  AVERAGE SKY COVER 0.4


WEATHER CONDITIONS
 THE FOLLOWING WEATHER WAS RECORDED TODAY.
  THUNDERSTORM
  LIGHT RAIN
  HAZE


RELATIVE HUMIDITY (PERCENT)
 HIGHEST    93           400 AM
 LOWEST     62           200 PM
 AVERAGE    78

..........................................................


THE WILLIAMSPORT PA CLIMATE NORMALS FOR TOMORROW
                         NORMAL    RECORD    YEAR
 MAXIMUM TEMPERATURE (F)   73        96      1996
 MINIMUM TEMPERATURE (F)   49        34      2008
                                             1929
                                             1913


SUNRISE AND SUNSET
MAY 19 2019...........SUNRISE   546 AM EDT   SUNSET   823 PM EDT
MAY 20 2019...........SUNRISE   545 AM EDT   SUNSET   824 PM EDT


-  INDICATES NEGATIVE NUMBERS.
R  INDICATES RECORD WAS SET OR TIED.
MM INDICATES DATA IS MISSING.
T  INDICATES TRACE AMOUNT.




$$
