000
CDUS43 KEAX 250036
CLIIRK


CLIMATE REPORT
NATIONAL WEATHER SERVICE KANSAS CITY/PLEASANT HILL MO
735 PM CDT SUN MAR 24 2019


...................................

...THE KIRKSVILLE MO CLIMATE SUMMARY FOR MARCH 24 2019...
VALID TODAY AS OF 0700 PM LOCAL TIME.

CLIMATE NORMAL PERIOD 1981 TO 2010
CLIMATE RECORD PERIOD 9999 TO 9999


WEATHER ITEM   OBSERVED TIME   NORMAL DEPARTURE LAST
                VALUE   (LST)  VALUE  FROM      YEAR
                                      NORMAL
......................................................
TEMPERATURE (F)
 TODAY
  MAXIMUM         54    359 PM  55     -1       41
  MINIMUM         44    405 AM  33     11       31
  AVERAGE         49            44      5       36

PRECIPITATION (IN)
  TODAY            0.47          0.07   0.40     0.48
  MONTH TO DATE    2.12          2.00   0.12     2.21
  SINCE MAR 1      2.12          2.00   0.12     2.21
  SINCE JAN 1      6.12          4.80   1.32     6.32

DEGREE DAYS
 HEATING
  TODAY           16            21     -5       29
  MONTH TO DATE  645           617     28      629
  SINCE MAR 1    645           617     28      629
  SINCE JUL 1   5332          5150    182     4948

 COOLING
  TODAY            0             0      0        0
  MONTH TO DATE    0             0      0        0
  SINCE MAR 1      0             0      0        0
  SINCE JAN 1      0             0      0        0
......................................................


WIND (MPH)
  HIGHEST WIND SPEED    10   HIGHEST WIND DIRECTION    SE (150)
  HIGHEST GUST SPEED    14   HIGHEST GUST DIRECTION    SE (150)
  AVERAGE WIND SPEED     6.6


SKY COVER
  AVERAGE SKY COVER 0.8


WEATHER CONDITIONS
 THE FOLLOWING WEATHER WAS RECORDED TODAY.
  THUNDERSTORM
  HEAVY RAIN
  LIGHT RAIN
  FOG


RELATIVE HUMIDITY (PERCENT)
 HIGHEST   100           200 PM
 LOWEST     83           900 AM
 AVERAGE    92

..........................................................


THE KIRKSVILLE MO CLIMATE NORMALS FOR TOMORROW
                         NORMAL
 MAXIMUM TEMPERATURE (F)   55
 MINIMUM TEMPERATURE (F)   34


SUNRISE AND SUNSET
MARCH 24 2019.........SUNRISE   707 AM CDT   SUNSET   726 PM CDT
MARCH 25 2019.........SUNRISE   706 AM CDT   SUNSET   727 PM CDT


-  INDICATES NEGATIVE NUMBERS.
R  INDICATES RECORD WAS SET OR TIED.
MM INDICATES DATA IS MISSING.
T  INDICATES TRACE AMOUNT.




$$
