000
CDUS43 KEAX 250039
CLIIRK


CLIMATE REPORT
NATIONAL WEATHER SERVICE KANSAS CITY/PLEASANT HILL MO
734 PM CDT FRI MAY 24 2019


...................................

...THE KIRKSVILLE MO CLIMATE SUMMARY FOR MAY 24 2019...
VALID TODAY AS OF 0700 PM LOCAL TIME.

CLIMATE NORMAL PERIOD 1981 TO 2010
CLIMATE RECORD PERIOD 9999 TO 9999


WEATHER ITEM   OBSERVED TIME   NORMAL DEPARTURE LAST
                VALUE   (LST)  VALUE  FROM      YEAR
                                      NORMAL
......................................................
TEMPERATURE (F)
 TODAY
  MAXIMUM         85    405 PM  75     10       88
  MINIMUM         65    512 AM  55     10       MM
  AVERAGE         75            65     10       MM

PRECIPITATION (IN)
  TODAY            0.29          0.17   0.12     0.00
  MONTH TO DATE    7.51          3.82   3.69     2.34
  SINCE MAR 1     15.18         10.21   4.97     5.81
  SINCE JAN 1     19.18         13.01   6.17     9.92

DEGREE DAYS
 HEATING
  TODAY            0             3     -3       MM
  MONTH TO DATE  176           136     40        1
  SINCE MAR 1   1287          1293     -6     1393
  SINCE JUL 1   5974          5826    148     5712

 COOLING
  TODAY           10             2      8       MM
  MONTH TO DATE   36            34      2       90
  SINCE MAR 1     42            41      1       98
  SINCE JAN 1     42            41      1       98
......................................................


WIND (MPH)
  HIGHEST WIND SPEED    29   HIGHEST WIND DIRECTION     N (340)
  HIGHEST GUST SPEED    45   HIGHEST GUST DIRECTION     N (340)
  AVERAGE WIND SPEED    10.0


SKY COVER
  AVERAGE SKY COVER 0.3


WEATHER CONDITIONS
 THE FOLLOWING WEATHER WAS RECORDED TODAY.
  THUNDERSTORM
  HEAVY RAIN
  LIGHT RAIN
  FOG


RELATIVE HUMIDITY (PERCENT)
 HIGHEST   100           400 AM
 LOWEST     61           400 PM
 AVERAGE    81

..........................................................


THE KIRKSVILLE MO CLIMATE NORMALS FOR TOMORROW
                         NORMAL
 MAXIMUM TEMPERATURE (F)   75
 MINIMUM TEMPERATURE (F)   55


SUNRISE AND SUNSET
MAY 24 2019...........SUNRISE   548 AM CDT   SUNSET   827 PM CDT
MAY 25 2019...........SUNRISE   547 AM CDT   SUNSET   828 PM CDT


-  INDICATES NEGATIVE NUMBERS.
R  INDICATES RECORD WAS SET OR TIED.
MM INDICATES DATA IS MISSING.
T  INDICATES TRACE AMOUNT.




$$
