661
CDUS43 KBIS 220722
CLIISN


CLIMATE REPORT
NATIONAL WEATHER SERVICE BISMARCK ND
222 AM CDT FRI MAR 22 2019


...................................

...THE WILLISTON ND CLIMATE SUMMARY FOR MARCH 21 2019...

CLIMATE NORMAL PERIOD 1981 TO 2010
CLIMATE RECORD PERIOD 1894 TO 2019


WEATHER ITEM   OBSERVED TIME   RECORD YEAR NORMAL DEPARTURE LAST
                VALUE   (LST)  VALUE       VALUE  FROM      YEAR
                                                  NORMAL
..................................................................
TEMPERATURE (F)
 YESTERDAY
  MAXIMUM         52    442 PM  72    1910  43      9       42
  MINIMUM         23    712 AM -15    1899  20      3       17
  AVERAGE         38                        32      6       30

PRECIPITATION (IN)
  YESTERDAY        0.00          0.53 1941   0.02  -0.02     0.00
  MONTH TO DATE    0.01                      0.46  -0.45     0.99
  SINCE MAR 1      0.01                      0.46  -0.45     0.99
  SINCE JAN 1      1.94                      1.44   0.50     1.56

DEGREE DAYS
 HEATING
  YESTERDAY       27                        33     -6       35
  MONTH TO DATE 1011                       801    210      883
  SINCE MAR 1   1011                       801    210      883
  SINCE JUL 1   7996                      7569    427     7737

 COOLING
  YESTERDAY        0                         0      0        0
  MONTH TO DATE    0                         0      0        0
  SINCE MAR 1      0                         0      0        0
  SINCE JAN 1      0                         0      0        0
..................................................................


WIND (MPH)
  HIGHEST WIND SPEED    12   HIGHEST WIND DIRECTION    NE (40)
  HIGHEST GUST SPEED    16   HIGHEST GUST DIRECTION    NE (40)
  AVERAGE WIND SPEED     3.9


SKY COVER
  POSSIBLE SUNSHINE  MM
  AVERAGE SKY COVER 0.1


WEATHER CONDITIONS
 THE FOLLOWING WEATHER WAS RECORDED YESTERDAY.
  FOG
  FOG W/VISIBILITY <= 1/4 MILE


RELATIVE HUMIDITY (PERCENT)
 HIGHEST    96           500 AM
 LOWEST     54           200 PM
 AVERAGE    75

..........................................................


THE WILLISTON ND CLIMATE NORMALS FOR TODAY
                         NORMAL    RECORD    YEAR
 MAXIMUM TEMPERATURE (F)   44        84      1910
 MINIMUM TEMPERATURE (F)   21       -26      1899


SUNRISE AND SUNSET
MARCH 22 2019.........SUNRISE   754 AM CDT   SUNSET   810 PM CDT
MARCH 23 2019.........SUNRISE   752 AM CDT   SUNSET   812 PM CDT


-  INDICATES NEGATIVE NUMBERS.
R  INDICATES RECORD WAS SET OR TIED.
MM INDICATES DATA IS MISSING.
T  INDICATES TRACE AMOUNT.




$$
