000
CDUS41 KOKX 180616
CLIISP


CLIMATE REPORT
NATIONAL WEATHER SERVICE NEW YORK NY
216 AM EDT MON MAR 18 2019


...................................

...THE ISLIP NY CLIMATE SUMMARY FOR MARCH 17 2019...

CLIMATE NORMAL PERIOD 1981 TO 2010
CLIMATE RECORD PERIOD 1963 TO 2019


WEATHER ITEM   OBSERVED TIME   RECORD YEAR NORMAL DEPARTURE LAST
                VALUE   (LST)  VALUE       VALUE  FROM      YEAR
                                                  NORMAL
..................................................................
TEMPERATURE (F)
 YESTERDAY
  MAXIMUM         44    333 PM  70    2003  47     -3       47
  MINIMUM         28    446 AM   8    1967  31     -3       25
  AVERAGE         36                        39     -3       36

PRECIPITATION (IN)
  YESTERDAY        0.00          0.97 1972   0.15  -0.15     0.00
  MONTH TO DATE    2.11                      2.38  -0.27     5.66
  SINCE MAR 1      2.11                      2.38  -0.27     5.66
  SINCE JAN 1      9.66                      9.28   0.38    15.61

SNOWFALL (IN)
  YESTERDAY        0.0           2.3  1993   0.1   -0.1      0.0
  MONTH TO DATE    4.1                       3.2    0.9     13.5
  SINCE OCT 1     12.8                      22.9  -10.1     42.9
  SINCE JUL 1     12.8                      22.9  -10.1     42.9
  SNOW DEPTH       0

DEGREE DAYS
 HEATING
  YESTERDAY       29                        26      3       29
  MONTH TO DATE  492                       472     20      472
  SINCE MAR 1    492                       472     20      472
  SINCE JUL 1   4175                      4367   -192     3972

 COOLING
  YESTERDAY        0                         0      0        0
  MONTH TO DATE    0                         0      0        0
  SINCE MAR 1      0                         0      0        0
  SINCE JAN 1      0                         0      0        0
..................................................................


WIND (MPH)
  HIGHEST WIND SPEED    23   HIGHEST WIND DIRECTION    NW (300)
  HIGHEST GUST SPEED    30   HIGHEST GUST DIRECTION    NW (300)
  AVERAGE WIND SPEED    12.4


SKY COVER
  AVERAGE SKY COVER 0.2


WEATHER CONDITIONS
 THE FOLLOWING WEATHER WAS RECORDED YESTERDAY.
  NO SIGNIFICANT WEATHER WAS OBSERVED.


RELATIVE HUMIDITY (PERCENT)
 HIGHEST    58           400 AM
 LOWEST     27           300 PM
 AVERAGE    43

..........................................................


THE ISLIP NY CLIMATE NORMALS FOR TODAY
                         NORMAL    RECORD    YEAR
 MAXIMUM TEMPERATURE (F)   48        77      2011
 MINIMUM TEMPERATURE (F)   32         0      1967


SUNRISE AND SUNSET
MARCH 18 2019.........SUNRISE   700 AM EDT   SUNSET   702 PM EDT
MARCH 19 2019.........SUNRISE   658 AM EDT   SUNSET   703 PM EDT


-  INDICATES NEGATIVE NUMBERS.
R  INDICATES RECORD WAS SET OR TIED.
MM INDICATES DATA IS MISSING.
T  INDICATES TRACE AMOUNT.




$$
