000
CDCA42 TJSJ 250435
CLIIST


CLIMATE REPORT
NATIONAL WEATHER SERVICE SAN JUAN, PR
1235 AM AST SAT MAY 25 2019


...................................

...THE CYRIL E. KING AP/ST THOMAS  CLIMATE SUMMARY FOR MAY 24 2019...

CLIMATE NORMAL PERIOD 1981 TO 2010
CLIMATE RECORD PERIOD 1953 TO 2019


WEATHER ITEM   OBSERVED TIME   RECORD YEAR NORMAL DEPARTURE LAST
                VALUE   (LST)  VALUE       VALUE  FROM      YEAR
                                                  NORMAL
..................................................................
TEMPERATURE (F)
 YESTERDAY
  MAXIMUM         86   1139 AM  95    1994  88     -2       MM
  MINIMUM         76    423 AM  72    1992  77     -1       MM
  AVERAGE         81                        82     -1       MM

PRECIPITATION (IN)
  YESTERDAY        0.08          1.21 1987   0.09  -0.01     0.00
  MONTH TO DATE    0.64                      2.50  -1.86     2.04
  SINCE MAR 1      2.97                      6.66  -3.69     5.36
  SINCE JAN 1      6.66                     10.47  -3.81    11.37

SNOWFALL (IN)
  YESTERDAY        0.0                       0.0    0.0      0.0
  MONTH TO DATE    0.0                       0.0    0.0      0.0
  SINCE MAR 1      0.0                       0.0    0.0      0.0
  SINCE JUL 1      0.0                       0.0    0.0      0.0

DEGREE DAYS
 HEATING
  YESTERDAY        0                         0      0       MM
  MONTH TO DATE    0                         0      0        0
  SINCE MAR 1      0                         0      0        0
  SINCE JUL 1      0                         0      0        0

 COOLING
  YESTERDAY       16                        17     -1       MM
  MONTH TO DATE  368                       400    -32      361
  SINCE MAR 1   1294                      1314    -20      859
  SINCE JAN 1   2116                      2128    -12     1654
..................................................................


WIND (MPH)
  HIGHEST WIND SPEED    20   HIGHEST WIND DIRECTION     E (110)
  HIGHEST GUST SPEED    25   HIGHEST GUST DIRECTION    SE (130)
  AVERAGE WIND SPEED    11.5


SKY COVER
  AVERAGE SKY COVER 0.4


WEATHER CONDITIONS
 THE FOLLOWING WEATHER WAS RECORDED YESTERDAY.
  FOG
  HAZE


RELATIVE HUMIDITY (PERCENT)
 HIGHEST    91
 LOWEST     65
 AVERAGE    78

..........................................................


THE CYRIL E. KING AP/ST THOMAS  CLIMATE NORMALS FOR TODAY
                         NORMAL    RECORD    YEAR
 MAXIMUM TEMPERATURE (F)   88        96      1995
 MINIMUM TEMPERATURE (F)   77        72      1989


SUNRISE AND SUNSET
MAY 25 2019...........SUNRISE   544 AM AST   SUNSET   650 PM AST
MAY 26 2019...........SUNRISE   544 AM AST   SUNSET   650 PM AST


-  INDICATES NEGATIVE NUMBERS.
R  INDICATES RECORD WAS SET OR TIED.
MM INDICATES DATA IS MISSING.
T  INDICATES TRACE AMOUNT.




$$
