000
CDHW43 PHFO 261245
CLIITO


CLIMATE REPORT
NATIONAL WEATHER SERVICE HONOLULU HI
245 AM HST TUE MAR 26 2019


...................................

...THE HILO HI CLIMATE SUMMARY FOR MARCH 25 2019...

CLIMATE NORMAL PERIOD 1981 TO 2010
CLIMATE RECORD PERIOD 1946 TO 2019


WEATHER ITEM   OBSERVED TIME   RECORD YEAR NORMAL DEPARTURE LAST
                VALUE   (LST)  VALUE       VALUE  FROM      YEAR
                                                  NORMAL
..................................................................
TEMPERATURE (F)
 YESTERDAY
  MAXIMUM         79    138 PM  85    2005  79      0       82
  MINIMUM         64   1159 PM  59    1979  65     -1       67
  AVERAGE         72                        72      0       75

PRECIPITATION (IN)
  YESTERDAY        0.16          2.33 1980   0.43  -0.27     0.01
  MONTH TO DATE    4.03                     10.74  -6.71     9.26
  SINCE MAR 1      4.03                     10.74  -6.71     9.26
  SINCE JAN 1     16.53                     29.56 -13.03    39.34

SNOWFALL (IN)
  YESTERDAY        0.0
  MONTH TO DATE    0.0
  SINCE MAR 1      0.0
  SINCE JUL 1      0.0
  SNOW DEPTH      MM

DEGREE DAYS
 HEATING
  YESTERDAY        0                         0      0        0
  MONTH TO DATE    0                         0      0        0
  SINCE MAR 1      0                         0      0        0
  SINCE JUL 1      1                         0      1        0

 COOLING
  YESTERDAY        7                         7      0       10
  MONTH TO DATE  153                       172    -19      217
  SINCE MAR 1    153                       172    -19      217
  SINCE JAN 1    545                       542      3      725
..................................................................


WIND (MPH)
  HIGHEST WIND SPEED    16   HIGHEST WIND DIRECTION     E (70)
  HIGHEST GUST SPEED    21   HIGHEST GUST DIRECTION    NE (30)
  AVERAGE WIND SPEED     7.3


SKY COVER
  POSSIBLE SUNSHINE  MM
  AVERAGE SKY COVER  MM


WEATHER CONDITIONS
 THE FOLLOWING WEATHER WAS RECORDED YESTERDAY.
  NO SIGNIFICANT WEATHER WAS OBSERVED.


RELATIVE HUMIDITY (PERCENT)
 HIGHEST    MM
 LOWEST     MM
 AVERAGE    MM

..........................................................


THE HILO HI CLIMATE NORMALS FOR TODAY
                         NORMAL    RECORD    YEAR
 MAXIMUM TEMPERATURE (F)   79        87      2018
                                             2003
 MINIMUM TEMPERATURE (F)   65        56      1955


SUNRISE AND SUNSET
MARCH 26 2019.........SUNRISE   619 AM HST   SUNSET   633 PM HST
MARCH 27 2019.........SUNRISE   618 AM HST   SUNSET   633 PM HST


-  INDICATES NEGATIVE NUMBERS.
R  INDICATES RECORD WAS SET OR TIED.
MM INDICATES DATA IS MISSING.
T  INDICATES TRACE AMOUNT.




$$
