000
CDUS44 KJAN 210841
CLIJAN


CLIMATE REPORT
NATIONAL WEATHER SERVICE JACKSON MS
338 AM CDT THU MAR 21 2019


...................................

...THE JACKSON CLIMATE SUMMARY FOR MARCH 20 2019...

CLIMATE NORMAL PERIOD 1981 TO 2010
CLIMATE RECORD PERIOD 1896 TO 2019


WEATHER ITEM   OBSERVED TIME   RECORD YEAR NORMAL DEPARTURE LAST
                VALUE   (LST)  VALUE       VALUE  FROM      YEAR
                                                  NORMAL
..................................................................
TEMPERATURE (F)
 YESTERDAY
  MAXIMUM         71    431 PM  89    1907  70      1       65
  MINIMUM         33    636 AM  23    1923  46    -13       46
  AVERAGE         52                        58     -6       56

PRECIPITATION (IN)
  YESTERDAY        T             2.56 2005   0.15  -0.15     0.00
  MONTH TO DATE    3.07                      3.20  -0.13     7.01
  SINCE MAR 1      3.07                      3.20  -0.13     7.01
  SINCE JAN 1     12.71                     12.93  -0.22    20.62

SNOWFALL (IN)
  YESTERDAY        0.0           0.0    MM   0.0    0.0      0.0
  MONTH TO DATE    0.0                       0.1   -0.1      0.0
  SINCE MAR 1      0.0                       0.1   -0.1      0.0
  SINCE JUL 1      0.3                       0.8   -0.5      5.9

DEGREE DAYS
 HEATING
  YESTERDAY       13                         8      5        9
  MONTH TO DATE  224                       202     22      182
  SINCE MAR 1    224                       202     22      182
  SINCE JUL 1   1935                      2194   -259     1852

 COOLING
  YESTERDAY        0                         1     -1        0
  MONTH TO DATE   20                        17      3       15
  SINCE MAR 1     20                        17      3       15
  SINCE JAN 1     48                        27     21       80
..................................................................


WIND (MPH)
  HIGHEST WIND SPEED    26   HIGHEST WIND DIRECTION     N (340)
  HIGHEST GUST SPEED    34   HIGHEST GUST DIRECTION     N (340)
  AVERAGE WIND SPEED     4.3


SKY COVER
  POSSIBLE SUNSHINE  MM
  AVERAGE SKY COVER 0.2


WEATHER CONDITIONS
 THE FOLLOWING WEATHER WAS RECORDED YESTERDAY.
  LIGHT RAIN


RELATIVE HUMIDITY (PERCENT)
 HIGHEST    89           500 AM
 LOWEST     22          1200 PM
 AVERAGE    56

..........................................................


THE JACKSON CLIMATE NORMALS FOR TODAY
                         NORMAL    RECORD    YEAR
 MAXIMUM TEMPERATURE (F)   70        88      1907
 MINIMUM TEMPERATURE (F)   46        19      1965


SUNRISE AND SUNSET
MARCH 21 2019.........SUNRISE   703 AM CDT   SUNSET   712 PM CDT
MARCH 22 2019.........SUNRISE   702 AM CDT   SUNSET   713 PM CDT


-  INDICATES NEGATIVE NUMBERS.
R  INDICATES RECORD WAS SET OR TIED.
MM INDICATES DATA IS MISSING.
T  INDICATES TRACE AMOUNT.

&&

AT 1 AM:

THE PEARL RIVER STAGE AT JACKSON WAS 9 FEET. THE RIVER FELL
1 FOOT OVER THE PAST 24 HOURS.

THE MISSISSIPPI RIVER STAGE AT VICKSBURG WAS 51 FEET. THE RIVER
HAS REMAINED STEADY OVER THE PAST 24 HOURS.


$$
