000
CDUS44 KJAN 192226
CLIJAN


CLIMATE REPORT
NATIONAL WEATHER SERVICE JACKSON MS
526 PM CDT SUN MAY 19 2019


...................................

...THE JACKSON CLIMATE SUMMARY FOR MAY 19 2019...
VALID AS OF 0500 PM LOCAL TIME.

CLIMATE NORMAL PERIOD 1981 TO 2010
CLIMATE RECORD PERIOD 1896 TO 2019


WEATHER ITEM   OBSERVED TIME   RECORD YEAR NORMAL DEPARTURE LAST
                VALUE   (LST)  VALUE       VALUE  FROM      YEAR
                                                  NORMAL
..................................................................
TEMPERATURE (F)
 TODAY
  MAXIMUM         80    333 PM  94    1951  84     -4       91
  MINIMUM         66    455 AM  46    2007  63      3       69
                                      1976
  AVERAGE         73                        73      0       80

PRECIPITATION (IN)
  TODAY            1.10          3.65 1930   0.14   0.96     0.00
  MONTH TO DATE    7.02                      2.68   4.34     2.49
  SINCE MAR 1     19.60                     12.68   6.92    20.72
  SINCE JAN 1     29.24                     22.41   6.83    34.33

SNOWFALL (IN)
  TODAY            0.0           0.0    MM   0.0    0.0      0.0
  MONTH TO DATE    0.0                       0.0    0.0      0.0
  SINCE MAR 1      0.0                       0.1   -0.1      0.0
  SINCE JUL 1      0.3                       0.8   -0.5      5.9

DEGREE DAYS
 HEATING
  TODAY            0                         0      0        0
  MONTH TO DATE    0                        10    -10        0
  SINCE MAR 1    384                       397    -13      380
  SINCE JUL 1   2095                      2389   -294     2050

 COOLING
  TODAY            8                         8      0       15
  MONTH TO DATE  144                       120     24      189
  SINCE MAR 1    247                       228     19      253
  SINCE JAN 1    275                       238     37      318
..................................................................


WIND (MPH)
  HIGHEST WIND SPEED    25   HIGHEST WIND DIRECTION     W (260)
  HIGHEST GUST SPEED    32   HIGHEST GUST DIRECTION     W (260)
  AVERAGE WIND SPEED    11.3


SKY COVER
  POSSIBLE SUNSHINE  MM
  AVERAGE SKY COVER 0.8


WEATHER CONDITIONS
 THE FOLLOWING WEATHER WAS RECORDED TODAY.
  THUNDERSTORM
  HEAVY RAIN
  RAIN
  LIGHT RAIN
  FOG


RELATIVE HUMIDITY (PERCENT)
 HIGHEST    93           600 AM
 LOWEST     67           200 PM
 AVERAGE    80

..........................................................


THE JACKSON CLIMATE NORMALS FOR TOMORROW
                         NORMAL    RECORD    YEAR
 MAXIMUM TEMPERATURE (F)   84        97      1964
 MINIMUM TEMPERATURE (F)   63        44      2002


SUNRISE AND SUNSET
MAY 19 2019...........SUNRISE   600 AM CDT   SUNSET   754 PM CDT
MAY 20 2019...........SUNRISE   559 AM CDT   SUNSET   755 PM CDT


-  INDICATES NEGATIVE NUMBERS.
R  INDICATES RECORD WAS SET OR TIED.
MM INDICATES DATA IS MISSING.
T  INDICATES TRACE AMOUNT.




$$
