000
CDUS42 KJAX 230526
CLIJAX


CLIMATE REPORT
NATIONAL WEATHER SERVICE JACKSONVILLE FL
126 AM EDT SAT MAR 23 2019


...................................

...THE JACKSONVILLE CLIMATE SUMMARY FOR MARCH 22 2019...

CLIMATE NORMAL PERIOD 1981 TO 2010
CLIMATE RECORD PERIOD 1871 TO 2019


WEATHER ITEM   OBSERVED TIME   RECORD YEAR NORMAL DEPARTURE LAST
                VALUE   (LST)  VALUE       VALUE  FROM      YEAR
                                                  NORMAL
..................................................................
TEMPERATURE (F)
 YESTERDAY
  MAXIMUM         75    346 PM  90    1935  75      0       66
                                      1907
  MINIMUM         43    634 AM  31    1876  51     -8       41
  AVERAGE         59                        63     -4       54

PRECIPITATION (IN)
  YESTERDAY        0.00          1.77 1885   0.11  -0.11     0.00
  MONTH TO DATE    1.55                      2.88  -1.33     1.06
  SINCE MAR 1      1.55                      2.88  -1.33     1.06
  SINCE JAN 1      7.75                      9.37  -1.62     6.43

SNOWFALL (IN)
  YESTERDAY        0.0           0.0  2002   0.0    0.0      0.0
                                      2001
  MONTH TO DATE    0.0                       0.0    0.0       T
  SINCE MAR 1      0.0                       0.0    0.0       T
  SINCE JUL 1      0.0                       T      0.0       T
  SNOW DEPTH       0

DEGREE DAYS
 HEATING
  YESTERDAY        6                         4      2       11
  MONTH TO DATE  108                       124    -16      176
  SINCE MAR 1    108                       124    -16      176
  SINCE JUL 1    911                      1257   -346     1042

 COOLING
  YESTERDAY        0                         2     -2        0
  MONTH TO DATE   44                        36      8       30
  SINCE MAR 1     44                        36      8       30
  SINCE JAN 1    138                        65     73      145
..................................................................


WIND (MPH)
  HIGHEST WIND SPEED    21   HIGHEST WIND DIRECTION    NW (300)
  HIGHEST GUST SPEED    29   HIGHEST GUST DIRECTION    NW (300)
  AVERAGE WIND SPEED     9.0


SKY COVER
  POSSIBLE SUNSHINE  MM
  AVERAGE SKY COVER 0.0


WEATHER CONDITIONS
 THE FOLLOWING WEATHER WAS RECORDED YESTERDAY.
  NO SIGNIFICANT WEATHER WAS OBSERVED.


RELATIVE HUMIDITY (PERCENT)
 HIGHEST    83           700 AM
 LOWEST     19           500 PM
 AVERAGE    51

..........................................................


THE JACKSONVILLE CLIMATE NORMALS FOR TODAY
                         NORMAL    RECORD    YEAR
 MAXIMUM TEMPERATURE (F)   75        91      1935
 MINIMUM TEMPERATURE (F)   51        33      1986


SUNRISE AND SUNSET
MARCH 23 2019.........SUNRISE   727 AM EDT   SUNSET   740 PM EDT
MARCH 24 2019.........SUNRISE   726 AM EDT   SUNSET   741 PM EDT


-  INDICATES NEGATIVE NUMBERS.
R  INDICATES RECORD WAS SET OR TIED.
MM INDICATES DATA IS MISSING.
T  INDICATES TRACE AMOUNT.




$$
