000
CDUS44 KMEG 220636
CLIJBR


CLIMATE REPORT
NATIONAL WEATHER SERVICE MEMPHIS TN
136 AM CDT FRI MAR 22 2019


...................................

...THE JONESBORO CLIMATE SUMMARY FOR MARCH 21 2019...

CLIMATE NORMAL PERIOD 1981 TO 2010
CLIMATE RECORD PERIOD 1897 TO 2019


WEATHER ITEM   OBSERVED TIME   RECORD YEAR NORMAL DEPARTURE LAST
                VALUE   (LST)  VALUE       VALUE  FROM      YEAR
                                                  NORMAL
..................................................................
TEMPERATURE (F)
 YESTERDAY
  MAXIMUM         62    455 PM  87    1907  62      0       57
  MINIMUM         41    617 AM  19    1906  42     -1       41
  AVERAGE         52                        52      0       49

PRECIPITATION (IN)
  YESTERDAY        0.00          2.02 1968   0.15  -0.15     0.00
  MONTH TO DATE    0.89                      2.96  -2.07     2.39
  SINCE MAR 1      0.89                      2.96  -2.07     2.39
  SINCE JAN 1     15.93                     10.11   5.82    19.04

DEGREE DAYS
 HEATING
  YESTERDAY       13                        13      0       16
  MONTH TO DATE  426                       346     80      316
  SINCE MAR 1    426                       346     80      316
  SINCE JUL 1   3242                      3302    -60     3099

 COOLING
  YESTERDAY        0                         0      0        0
  MONTH TO DATE    0                         0      0        0
  SINCE MAR 1      0                         0      0        0
  SINCE JAN 1      0                         0      0        5
..................................................................


WIND (MPH)
  HIGHEST WIND SPEED    16   HIGHEST WIND DIRECTION    NW (310)
  HIGHEST GUST SPEED    22   HIGHEST GUST DIRECTION     N (350)
  AVERAGE WIND SPEED     7.3


SKY COVER
  POSSIBLE SUNSHINE  MM
  AVERAGE SKY COVER 0.1


WEATHER CONDITIONS
 THE FOLLOWING WEATHER WAS RECORDED YESTERDAY.
  FOG


RELATIVE HUMIDITY (PERCENT)
 HIGHEST   100          1200 AM
 LOWEST     36           500 PM
 AVERAGE    68

..........................................................


THE JONESBORO CLIMATE NORMALS FOR TODAY
                         NORMAL    RECORD    YEAR
 MAXIMUM TEMPERATURE (F)   62        88      1907
 MINIMUM TEMPERATURE (F)   42        23      1974
                                             1915


SUNRISE AND SUNSET
MARCH 22 2019.........SUNRISE   704 AM CDT   SUNSET   716 PM CDT
MARCH 23 2019.........SUNRISE   702 AM CDT   SUNSET   717 PM CDT


-  INDICATES NEGATIVE NUMBERS.
R  INDICATES RECORD WAS SET OR TIED.
MM INDICATES DATA IS MISSING.
T  INDICATES TRACE AMOUNT.




$$
