000
CDUS44 KMEG 250639
CLIJBR


CLIMATE REPORT
NATIONAL WEATHER SERVICE MEMPHIS TN
138 AM CDT FRI MAY 25 2018


...................................

...THE JONESBORO CLIMATE SUMMARY FOR MAY 24 2018...

CLIMATE NORMAL PERIOD 1981 TO 2010
CLIMATE RECORD PERIOD 1897 TO 2018


WEATHER ITEM   OBSERVED TIME   RECORD YEAR NORMAL DEPARTURE LAST
                VALUE   (LST)  VALUE       VALUE  FROM      YEAR
                                                  NORMAL
..................................................................
TEMPERATURE (F)
 YESTERDAY
  MAXIMUM         88    117 PM  98    1921  83      5       70
  MINIMUM         70    305 AM  45    1919  61      9       55
                                      1913
  AVERAGE         79                        72      7       63

PRECIPITATION (IN)
  YESTERDAY        0.89          6.19 2016   0.13   0.76     0.29
  MONTH TO DATE    4.37                      3.89   0.48     4.87
  SINCE MAR 1     13.83                     13.41   0.42    19.82
  SINCE JAN 1     30.48                     20.56   9.92    25.43

DEGREE DAYS
 HEATING
  YESTERDAY        0                         0      0        2
  MONTH TO DATE    0                        35    -35       37
  SINCE MAR 1    737                       694     43      495
  SINCE JUL 1   3520                      3650   -130     2628

 COOLING
  YESTERDAY       14                         7      7        0
  MONTH TO DATE  259                       108    151      101
  SINCE MAR 1    270                       155    115      171
  SINCE JAN 1    275                       155    120      175
..................................................................


WIND (MPH)
  HIGHEST WIND SPEED    23   HIGHEST WIND DIRECTION     E (70)
  HIGHEST GUST SPEED    26   HIGHEST GUST DIRECTION     E (70)
  AVERAGE WIND SPEED     4.0


SKY COVER
  POSSIBLE SUNSHINE  MM
  AVERAGE SKY COVER 0.3


WEATHER CONDITIONS
 THE FOLLOWING WEATHER WAS RECORDED YESTERDAY.
  THUNDERSTORM
  HEAVY RAIN
  RAIN
  LIGHT RAIN
  FOG


RELATIVE HUMIDITY (PERCENT)
 HIGHEST   100          1200 AM
 LOWEST     63           100 PM
 AVERAGE    82

..........................................................


THE JONESBORO CLIMATE NORMALS FOR TODAY
                         NORMAL    RECORD    YEAR
 MAXIMUM TEMPERATURE (F)   83        98      1911
 MINIMUM TEMPERATURE (F)   61        34      1897


SUNRISE AND SUNSET
MAY 25 2018...........SUNRISE   551 AM CDT   SUNSET   809 PM CDT
MAY 26 2018...........SUNRISE   550 AM CDT   SUNSET   810 PM CDT


-  INDICATES NEGATIVE NUMBERS.
R  INDICATES RECORD WAS SET OR TIED.
MM INDICATES DATA IS MISSING.
T  INDICATES TRACE AMOUNT.




$$
