000
CDUS44 KMEG 270637
CLIJBR


CLIMATE REPORT
NATIONAL WEATHER SERVICE MEMPHIS TN
136 AM CDT MON MAY 27 2019


...................................

...THE JONESBORO CLIMATE SUMMARY FOR MAY 26 2019...

CLIMATE NORMAL PERIOD 1981 TO 2010
CLIMATE RECORD PERIOD 1897 TO 2019


WEATHER ITEM   OBSERVED TIME   RECORD YEAR NORMAL DEPARTURE LAST
                VALUE   (LST)  VALUE       VALUE  FROM      YEAR
                                                  NORMAL
..................................................................
TEMPERATURE (F)
 YESTERDAY
  MAXIMUM         93    258 PM 100    1911  83     10       88
  MINIMUM         71   1114 PM  33    1897  61     10       70
  AVERAGE         82                        72     10       79

PRECIPITATION (IN)
  YESTERDAY        0.00          4.15 1963   0.12  -0.12     0.00
  MONTH TO DATE    7.09                      4.12   2.97     4.20
  SINCE MAR 1     19.03                     13.64   5.39    13.66
  SINCE JAN 1     34.07                     20.79  13.28    30.31

DEGREE DAYS
 HEATING
  YESTERDAY        0                         0      0        0
  MONTH TO DATE   27                        35     -8        0
  SINCE MAR 1    699                       694      5      737
  SINCE JUL 1   3515                      3650   -135     3520

 COOLING
  YESTERDAY       17                         8      9       14
  MONTH TO DATE  181                       123     58      287
  SINCE MAR 1    219                       170     49      298
  SINCE JAN 1    219                       170     49      303
..................................................................


WIND (MPH)
  HIGHEST WIND SPEED    24   HIGHEST WIND DIRECTION    SW (240)
  HIGHEST GUST SPEED    28   HIGHEST GUST DIRECTION    SW (220)
  AVERAGE WIND SPEED    10.0


SKY COVER
  POSSIBLE SUNSHINE  MM
  AVERAGE SKY COVER 0.0


WEATHER CONDITIONS
 THE FOLLOWING WEATHER WAS RECORDED YESTERDAY.
  NO SIGNIFICANT WEATHER WAS OBSERVED.


RELATIVE HUMIDITY (PERCENT)
 HIGHEST    87           500 AM
 LOWEST     34           500 PM
 AVERAGE    61

..........................................................


THE JONESBORO CLIMATE NORMALS FOR TODAY
                         NORMAL    RECORD    YEAR
 MAXIMUM TEMPERATURE (F)   84       100      1911
 MINIMUM TEMPERATURE (F)   61        41      1961


SUNRISE AND SUNSET
MAY 27 2019...........SUNRISE   550 AM CDT   SUNSET   810 PM CDT
MAY 28 2019...........SUNRISE   549 AM CDT   SUNSET   811 PM CDT


-  INDICATES NEGATIVE NUMBERS.
R  INDICATES RECORD WAS SET OR TIED.
MM INDICATES DATA IS MISSING.
T  INDICATES TRACE AMOUNT.




$$
