000
CDUS45 KBOI 250934
CLIJER


CLIMATE REPORT
NATIONAL WEATHER SERVICE BOISE ID
333 AM MDT SAT MAY 25 2019


...................................

...THE JEROME ID CLIMATE SUMMARY FOR MAY 24 2019...

CLIMATE NORMAL PERIOD 1981 TO 2010
CLIMATE RECORD PERIOD 1915 TO 2019


WEATHER ITEM   OBSERVED TIME   RECORD YEAR NORMAL DEPARTURE LAST
                VALUE   (LST)  VALUE       VALUE  FROM      YEAR
                                                  NORMAL
..................................................................
TEMPERATURE (F)
 YESTERDAY
  MAXIMUM         69    305 PM  94    2001  70     -1       79
                                      1934
  MINIMUM         45    559 AM  31    1950  45      0       52
  AVERAGE         57                        57      0       66

PRECIPITATION (IN)
  YESTERDAY        T             1.01 2015   0.03  -0.03      T
  MONTH TO DATE    1.33                      1.05   0.28     1.48
  SINCE OCT 1      9.87                      8.93   0.94     7.37
  SINCE JAN 1      6.68                      5.41   1.27     4.82

DEGREE DAYS
 HEATING
  YESTERDAY        8                         8      0        0
  MONTH TO DATE  241                       272    -31      141
  SINCE MAR 1   1446                      1588   -142     1369
  SINCE JUL 1   5980                      6475   -495     5790

 COOLING
  YESTERDAY        0                         1     -1        1
  MONTH TO DATE    2                         3     -1       10
  SINCE MAR 1      2                         3     -1       13
  SINCE JAN 1      2                         3     -1       13
..................................................................


WIND (MPH)
  HIGHEST WIND SPEED    26   HIGHEST WIND DIRECTION     W (260)
  HIGHEST GUST SPEED    32   HIGHEST GUST DIRECTION    NW (300)
  AVERAGE WIND SPEED    10.4


SKY COVER
  AVERAGE SKY COVER 0.4


WEATHER CONDITIONS
 THE FOLLOWING WEATHER WAS RECORDED YESTERDAY.
  LIGHT RAIN


RELATIVE HUMIDITY (PERCENT)
 HIGHEST    92           200 AM
 LOWEST     37           200 PM
 AVERAGE    65

..........................................................


THE JEROME ID CLIMATE NORMALS FOR TODAY
                         NORMAL    RECORD    YEAR
 MAXIMUM TEMPERATURE (F)   71        98      2001
 MINIMUM TEMPERATURE (F)   45        24      1920


SUNRISE AND SUNSET
MAY 25 2019...........SUNRISE   607 AM MDT   SUNSET   903 PM MDT
MAY 26 2019...........SUNRISE   606 AM MDT   SUNSET   904 PM MDT


-  INDICATES NEGATIVE NUMBERS.
R  INDICATES RECORD WAS SET OR TIED.
MM INDICATES DATA IS MISSING.
T  INDICATES TRACE AMOUNT.




$$
