000
CDUS45 KBOI 220932
CLIJER


CLIMATE REPORT
NATIONAL WEATHER SERVICE BOISE ID
332 AM MDT FRI MAR 22 2019


...................................

...THE JEROME ID CLIMATE SUMMARY FOR MARCH 21 2019...

CLIMATE NORMAL PERIOD 1981 TO 2010
CLIMATE RECORD PERIOD 1915 TO 2019


WEATHER ITEM   OBSERVED TIME   RECORD YEAR NORMAL DEPARTURE LAST
                VALUE   (LST)  VALUE       VALUE  FROM      YEAR
                                                  NORMAL
..................................................................
TEMPERATURE (F)
 YESTERDAY
  MAXIMUM         54    409 PM  79    1928  52      2       57
  MINIMUM         39    509 AM  15    1955  32      7       37
  AVERAGE         47                        42      5       47

PRECIPITATION (IN)
  YESTERDAY        T             1.01 1973   0.03  -0.03     0.11
  MONTH TO DATE    0.25                      0.63  -0.38     0.69
  SINCE OCT 1      6.60                      6.09   0.51     4.97
  SINCE JAN 1      3.41                      2.57   0.84     2.42

DEGREE DAYS
 HEATING
  YESTERDAY       18                        23     -5       18
  MONTH TO DATE  573                       549     24      564
  SINCE MAR 1    573                       549     24      564
  SINCE JUL 1   5107                      5436   -329     4985

 COOLING
  YESTERDAY        0                         0      0        0
  MONTH TO DATE    0                         0      0        0
  SINCE MAR 1      0                         0      0        0
  SINCE JAN 1      0                         0      0        0
..................................................................


WIND (MPH)
  HIGHEST WIND SPEED    26   HIGHEST WIND DIRECTION    NE (50)
  HIGHEST GUST SPEED    33   HIGHEST GUST DIRECTION    NE (50)
  AVERAGE WIND SPEED    13.2


SKY COVER
  AVERAGE SKY COVER 0.9


WEATHER CONDITIONS
 THE FOLLOWING WEATHER WAS RECORDED YESTERDAY.
  LIGHT RAIN


RELATIVE HUMIDITY (PERCENT)
 HIGHEST    71           100 PM
 LOWEST     39          1100 AM
 AVERAGE    55

..........................................................


THE JEROME ID CLIMATE NORMALS FOR TODAY
                         NORMAL    RECORD    YEAR
 MAXIMUM TEMPERATURE (F)   52        80      2004
 MINIMUM TEMPERATURE (F)   32        11      1938


SUNRISE AND SUNSET
MARCH 22 2019.........SUNRISE   738 AM MDT   SUNSET   752 PM MDT
MARCH 23 2019.........SUNRISE   736 AM MDT   SUNSET   753 PM MDT


-  INDICATES NEGATIVE NUMBERS.
R  INDICATES RECORD WAS SET OR TIED.
MM INDICATES DATA IS MISSING.
T  INDICATES TRACE AMOUNT.




$$
