183
CDUS41 KOKX 210616
CLIJFK


CLIMATE REPORT
NATIONAL WEATHER SERVICE NEW YORK NY
216 AM EDT THU MAR 21 2019


...................................

...THE KENNEDY NY CLIMATE SUMMARY FOR MARCH 20 2019...

CLIMATE NORMAL PERIOD 1981 TO 2010
CLIMATE RECORD PERIOD 1948 TO 2019


WEATHER ITEM   OBSERVED TIME   RECORD YEAR NORMAL DEPARTURE LAST
                VALUE   (LST)  VALUE       VALUE  FROM      YEAR
                                                  NORMAL
..................................................................
TEMPERATURE (F)
 YESTERDAY
  MAXIMUM         50        MM  70    2010  50      0       37
  MINIMUM         31        MM  15    1949  35     -4       30
  AVERAGE         41                        43     -2       34

PRECIPITATION (IN)
  YESTERDAY        0.00          0.86 2002   0.13  -0.13     0.03
  MONTH TO DATE    2.63                      2.33   0.30     4.02
  SINCE MAR 1      2.63                      2.33   0.30     4.02
  SINCE JAN 1     10.20                      8.08   2.12    11.79

SNOWFALL (IN)
  YESTERDAY        0.0           3.0  2015   0.1   -0.1       T
  MONTH TO DATE    6.1                       2.8    3.3      4.1
  SINCE OCT 1     14.7                      22.3   -7.6     23.1
  SINCE JUL 1     14.7                      22.3   -7.6     23.1
  SNOW DEPTH       0

DEGREE DAYS
 HEATING
  YESTERDAY       24                        22      2       31
  MONTH TO DATE  547                       499     48      533
  SINCE MAR 1    547                       499     48      533
  SINCE JUL 1   4038                      4010     28     3912

 COOLING
  YESTERDAY        0                         0      0        0
  MONTH TO DATE    0                         0      0        0
  SINCE MAR 1      0                         0      0        0
  SINCE JAN 1      0                         0      0        0
..................................................................


WIND (MPH)
  HIGHEST WIND SPEED    17   HIGHEST WIND DIRECTION     S (170)
  HIGHEST GUST SPEED    MM   HIGHEST GUST DIRECTION    MM
  AVERAGE WIND SPEED     8.4


SKY COVER
  POSSIBLE SUNSHINE  MM
  AVERAGE SKY COVER 0.5


WEATHER CONDITIONS
 THE FOLLOWING WEATHER WAS RECORDED YESTERDAY.
  NO SIGNIFICANT WEATHER WAS OBSERVED.


RELATIVE HUMIDITY (PERCENT)
 HIGHEST   100           700 AM
 LOWEST     33           100 PM
 AVERAGE    67

..........................................................


THE KENNEDY NY CLIMATE NORMALS FOR TODAY
                         NORMAL    RECORD    YEAR
 MAXIMUM TEMPERATURE (F)   50        65      2012
 MINIMUM TEMPERATURE (F)   36        17      1986


SUNRISE AND SUNSET
MARCH 21 2019.........SUNRISE   657 AM EDT   SUNSET   708 PM EDT
MARCH 22 2019.........SUNRISE   656 AM EDT   SUNSET   709 PM EDT


-  INDICATES NEGATIVE NUMBERS.
R  INDICATES RECORD WAS SET OR TIED.
MM INDICATES DATA IS MISSING.
T  INDICATES TRACE AMOUNT.




$$
