000
CDUS41 KOKX 192042
CLIJFK


CLIMATE REPORT
NATIONAL WEATHER SERVICE NEW YORK NY
442 PM EDT SUN MAY 19 2019


...................................

...THE KENNEDY NY CLIMATE SUMMARY FOR MAY 19 2019...
VALID TODAY AS OF 0400 PM LOCAL TIME.

CLIMATE NORMAL PERIOD 1981 TO 2010
CLIMATE RECORD PERIOD 1948 TO 2019


WEATHER ITEM   OBSERVED TIME   RECORD YEAR NORMAL DEPARTURE LAST
                VALUE   (LST)  VALUE       VALUE  FROM      YEAR
                                                  NORMAL
..................................................................
TEMPERATURE (F)
 TODAY
  MAXIMUM         69    259 PM  92    2017  69      0       57
  MINIMUM         56    358 AM  42    2002  54      2       50
                                      1976
  AVERAGE         63                        62      1       54

PRECIPITATION (IN)
  TODAY            0.14          1.76 1999   0.13   0.01     0.75
  MONTH TO DATE    4.42                      2.25   2.17     2.78
  SINCE MAR 1     12.86                      9.90   2.96    11.16
  SINCE JAN 1     20.43                     15.65   4.78    18.93

SNOWFALL (IN)
  TODAY            0.0          MM      MM   0.0    0.0      0.0
  MONTH TO DATE    0.0                       0.0    0.0      0.0
  SINCE OCT 1     14.7                      23.8   -9.1     35.5
  SINCE JUL 1     14.7                      23.8   -9.1     35.5
  SNOW DEPTH       0

DEGREE DAYS
 HEATING
  TODAY            2                         5     -3       11
  MONTH TO DATE  154                       129     25       80
  SINCE MAR 1   1282                      1269     13     1401
  SINCE JUL 1   4773                      4780     -7     4780

 COOLING
  TODAY            0                         1     -1        0
  MONTH TO DATE    0                        10    -10       16
  SINCE MAR 1      0                        13    -13       16
  SINCE JAN 1      0                        13    -13       16
..................................................................


WIND (MPH)
  HIGHEST WIND SPEED    30   HIGHEST WIND DIRECTION     S (170)
  HIGHEST GUST SPEED    37   HIGHEST GUST DIRECTION     S (180)
  AVERAGE WIND SPEED    12.2


SKY COVER
  AVERAGE SKY COVER 0.6


WEATHER CONDITIONS
 THE FOLLOWING WEATHER WAS RECORDED TODAY.
  HEAVY RAIN
  LIGHT RAIN
  FOG


RELATIVE HUMIDITY (PERCENT)
 HIGHEST   100           100 AM
 LOWEST     78          1000 AM
 AVERAGE    89

..........................................................


THE KENNEDY NY CLIMATE NORMALS FOR TOMORROW
                         NORMAL    RECORD    YEAR
 MAXIMUM TEMPERATURE (F)   70        95      1996
 MINIMUM TEMPERATURE (F)   54        42      2002


SUNRISE AND SUNSET
MAY 19 2019...........SUNRISE   535 AM EDT   SUNSET   809 PM EDT
MAY 20 2019...........SUNRISE   534 AM EDT   SUNSET   810 PM EDT


-  INDICATES NEGATIVE NUMBERS.
R  INDICATES RECORD WAS SET OR TIED.
MM INDICATES DATA IS MISSING.
T  INDICATES TRACE AMOUNT.




$$
