000
CDUS43 KSGF 262226
CLIJLN


CLIMATE REPORT
NATIONAL WEATHER SERVICE SPRINGFIELD MO
526 PM CDT SUN MAY 26 2019


...................................

...THE JOPLIN MO CLIMATE SUMMARY FOR MAY 26 2019...
VALID TODAY AS OF 0500 PM LOCAL TIME.

CLIMATE NORMAL PERIOD 1981 TO 2010
CLIMATE RECORD PERIOD 1902 TO 2019


WEATHER ITEM   OBSERVED TIME   RECORD YEAR NORMAL DEPARTURE LAST
                VALUE   (LST)  VALUE       VALUE  FROM      YEAR
                                                  NORMAL
..................................................................
TEMPERATURE (F)
 TODAY
  MAXIMUM         80    349 PM  94    1953  80      0       91
  MINIMUM         64    518 AM  41    1988  59      5       64
  AVERAGE         72                        70      2       78

PRECIPITATION (IN)
  TODAY            0.62          2.27 1963   0.18   0.44     0.00
  MONTH TO DATE   13.91                      4.80   9.11     3.48
  SINCE MAR 1     23.30                     12.69  10.61     7.89
  SINCE JAN 1     27.89                     17.04  10.85    13.30

DEGREE DAYS
 HEATING
  TODAY            0                         1     -1        0
  MONTH TO DATE   72                        61     11        3
  SINCE MAR 1    901                       810     91      899
  SINCE JUL 1   4415                      4064    351     4087

 COOLING
  TODAY            7                         6      1       13
  MONTH TO DATE   88                        95     -7      214
  SINCE MAR 1    118                       148    -30      230
  SINCE JAN 1    118                       149    -31      230
..................................................................


WIND (MPH)
  HIGHEST WIND SPEED    20   HIGHEST WIND DIRECTION     W (280)
  HIGHEST GUST SPEED    27   HIGHEST GUST DIRECTION     W (290)


SKY COVER
  AVERAGE SKY COVER 0.6


WEATHER CONDITIONS
 THE FOLLOWING WEATHER WAS RECORDED TODAY.
  THUNDERSTORM
  RAIN
  LIGHT RAIN
  FOG


RELATIVE HUMIDITY (PERCENT)
 HIGHEST   100           300 AM
 LOWEST     69           300 PM
 AVERAGE    85

..........................................................


THE JOPLIN MO CLIMATE NORMALS FOR TOMORROW
                         NORMAL    RECORD    YEAR
 MAXIMUM TEMPERATURE (F)   80        92      2012
 MINIMUM TEMPERATURE (F)   59        44      1961


SUNRISE AND SUNSET
MAY 26 2019...........SUNRISE   602 AM CDT   SUNSET   828 PM CDT
MAY 27 2019...........SUNRISE   602 AM CDT   SUNSET   829 PM CDT


-  INDICATES NEGATIVE NUMBERS.
R  INDICATES RECORD WAS SET OR TIED.
MM INDICATES DATA IS MISSING.
T  INDICATES TRACE AMOUNT.




$$
