000
CDUS43 KSGF 190626
CLIJLN


CLIMATE REPORT
NATIONAL WEATHER SERVICE SPRINGFIELD MO
126 AM CDT TUE MAR 19 2019


...................................

...THE JOPLIN MO CLIMATE SUMMARY FOR MARCH 18 2019...

CLIMATE NORMAL PERIOD 1981 TO 2010
CLIMATE RECORD PERIOD 1902 TO 2019


WEATHER ITEM   OBSERVED TIME   RECORD YEAR NORMAL DEPARTURE LAST
                VALUE   (LST)  VALUE       VALUE  FROM      YEAR
                                                  NORMAL
..................................................................
TEMPERATURE (F)
 YESTERDAY
  MAXIMUM         59    435 PM  83    1982  61     -2       63
  MINIMUM         37    658 AM  18    1965  38     -1       36
  AVERAGE         48                        50     -2       50

PRECIPITATION (IN)
  YESTERDAY        0.00          3.22 2008   0.11  -0.11     0.11
  MONTH TO DATE    1.68                      1.89  -0.21     0.32
  SINCE MAR 1      1.68                      1.89  -0.21     0.32
  SINCE JAN 1      6.27                      6.24   0.03     5.73

DEGREE DAYS
 HEATING
  YESTERDAY       17                        16      1       15
  MONTH TO DATE  465                       329    136      317
  SINCE MAR 1    465                       329    136      317
  SINCE JUL 1   3979                      3583    396     3505

 COOLING
  YESTERDAY        0                         0      0        0
  MONTH TO DATE    0                         0      0        0
  SINCE MAR 1      0                         0      0        0
  SINCE JAN 1      0                         1     -1        0
..................................................................


WIND (MPH)
  HIGHEST WIND SPEED    15   HIGHEST WIND DIRECTION     E (100)
  HIGHEST GUST SPEED    22   HIGHEST GUST DIRECTION     E (110)
  AVERAGE WIND SPEED     6.9


SKY COVER
  AVERAGE SKY COVER 0.2


WEATHER CONDITIONS
 THE FOLLOWING WEATHER WAS RECORDED YESTERDAY.
  NO SIGNIFICANT WEATHER WAS OBSERVED.


RELATIVE HUMIDITY (PERCENT)
 HIGHEST    64           700 AM
 LOWEST     33           400 PM
 AVERAGE    49

..........................................................


THE JOPLIN MO CLIMATE NORMALS FOR TODAY
                         NORMAL    RECORD    YEAR
 MAXIMUM TEMPERATURE (F)   61        89      1912
 MINIMUM TEMPERATURE (F)   39        13      1965


SUNRISE AND SUNSET
MARCH 19 2019.........SUNRISE   723 AM CDT   SUNSET   729 PM CDT
MARCH 20 2019.........SUNRISE   722 AM CDT   SUNSET   730 PM CDT


-  INDICATES NEGATIVE NUMBERS.
R  INDICATES RECORD WAS SET OR TIED.
MM INDICATES DATA IS MISSING.
T  INDICATES TRACE AMOUNT.




$$
