000
CDUS43 KBIS 200036
CLIJMS


CLIMATE REPORT
NATIONAL WEATHER SERVICE BISMARCK ND
736 PM CDT TUE MAR 19 2019


...................................

...THE JAMESTOWN ND CLIMATE SUMMARY FOR MARCH 19 2019...
VALID TODAY AS OF 0500 PM LOCAL TIME.

CLIMATE NORMAL PERIOD 1981 TO 2010
CLIMATE RECORD PERIOD 1891 TO 2019


WEATHER ITEM   OBSERVED TIME   RECORD YEAR NORMAL DEPARTURE LAST
                VALUE   (LST)  VALUE       VALUE  FROM      YEAR
                                                  NORMAL
..................................................................
TEMPERATURE (F)
 TODAY
  MAXIMUM         37    556 PM  76    2012  38     -1       34
  MINIMUM         16    457 AM -21    1923  19     -3       27
  AVERAGE         27                        29     -2       31

PRECIPITATION (IN)
  TODAY            0.00          0.60 1893   0.03  -0.03     0.11
  MONTH TO DATE    0.03                      0.47  -0.44     0.23
  SINCE MAR 1      0.03                      0.47  -0.44     0.23
  SINCE JAN 1      0.34                      1.32  -0.98     0.36

DEGREE DAYS
 HEATING
  TODAY           38                        36      2       34
  MONTH TO DATE  981                       766    215      793
  SINCE MAR 1    981                       766    215      793
  SINCE JUL 1   8334                      7525    809     7504

 COOLING
  TODAY            0                         0      0        0
  MONTH TO DATE    0                         0      0        0
  SINCE MAR 1      0                         0      0        0
  SINCE JAN 1      0                         0      0        0
..................................................................


WIND (MPH)
  RESULTANT WIND SPEED   9   RESULTANT WIND DIRECTION   W (290)
  HIGHEST WIND SPEED    17   HIGHEST WIND DIRECTION     W (270)
  HIGHEST GUST SPEED    23   HIGHEST GUST DIRECTION     W (260)
  AVERAGE WIND SPEED     9.3


SKY COVER
  POSSIBLE SUNSHINE  MM
  AVERAGE SKY COVER 0.4


WEATHER CONDITIONS
 THE FOLLOWING WEATHER WAS RECORDED TODAY.
  FOG
  FOG W/VISIBILITY <= 1/4 MILE


RELATIVE HUMIDITY (PERCENT)
 HIGHEST   100           600 AM
 LOWEST     75           200 PM
 AVERAGE    88

..........................................................


THE JAMESTOWN ND CLIMATE NORMALS FOR TOMORROW
                         NORMAL    RECORD    YEAR
 MAXIMUM TEMPERATURE (F)   39        66      1926
 MINIMUM TEMPERATURE (F)   20       -12      1899


SUNRISE AND SUNSET
MARCH 19 2019.........SUNRISE   740 AM CDT   SUNSET   746 PM CDT
MARCH 20 2019.........SUNRISE   738 AM CDT   SUNSET   747 PM CDT


-  INDICATES NEGATIVE NUMBERS.
R  INDICATES RECORD WAS SET OR TIED.
MM INDICATES DATA IS MISSING.
T  INDICATES TRACE AMOUNT.




$$
