000
CDUS43 KBIS 230734
CLIJMS


CLIMATE REPORT
NATIONAL WEATHER SERVICE BISMARCK ND
233 AM CDT THU MAY 23 2019


...................................

...THE JAMESTOWN ND CLIMATE SUMMARY FOR MAY 22 2019...

CLIMATE NORMAL PERIOD 1981 TO 2010
CLIMATE RECORD PERIOD 1891 TO 2019


WEATHER ITEM   OBSERVED TIME   RECORD YEAR NORMAL DEPARTURE LAST
                VALUE   (LST)  VALUE       VALUE  FROM      YEAR
                                                  NORMAL
..................................................................
TEMPERATURE (F)
 YESTERDAY
  MAXIMUM         50    318 PM  91    1980  70    -20       83
                                      1966
  MINIMUM         44   1155 PM  21    1963  45     -1       50
  AVERAGE         47                        57    -10       67

PRECIPITATION (IN)
  YESTERDAY        0.26          1.58 1903   0.09   0.17     0.01
  MONTH TO DATE    1.06                      1.83  -0.77     2.02
  SINCE MAR 1      1.74                      3.87  -2.13     3.00
  SINCE JAN 1      2.05                      4.72  -2.67     3.13

DEGREE DAYS
 HEATING
  YESTERDAY       18                         8     10        0
  MONTH TO DATE  379                       260    119      186
  SINCE MAR 1   2464                      2095    369     2352
  SINCE JUL 1   9817                      8854    963     9063

 COOLING
  YESTERDAY        0                         1     -1        2
  MONTH TO DATE    0                        11    -11       10
  SINCE MAR 1      0                        13    -13       10
  SINCE JAN 1      0                        13    -13       10
..................................................................


WIND (MPH)
  HIGHEST WIND SPEED    30   HIGHEST WIND DIRECTION     E (70)
  HIGHEST GUST SPEED    41   HIGHEST GUST DIRECTION     E (80)
  AVERAGE WIND SPEED    16.9


SKY COVER
  POSSIBLE SUNSHINE  MM
  AVERAGE SKY COVER 1.0


WEATHER CONDITIONS
 THE FOLLOWING WEATHER WAS RECORDED YESTERDAY.
  RAIN
  LIGHT RAIN
  FOG


RELATIVE HUMIDITY (PERCENT)
 HIGHEST   100           800 AM
 LOWEST     92           300 AM
 AVERAGE    96

..........................................................


THE JAMESTOWN ND CLIMATE NORMALS FOR TODAY
                         NORMAL    RECORD    YEAR
 MAXIMUM TEMPERATURE (F)   70        93      1928
 MINIMUM TEMPERATURE (F)   45        25      1924


SUNRISE AND SUNSET
MAY 23 2019...........SUNRISE   551 AM CDT   SUNSET   912 PM CDT
MAY 24 2019...........SUNRISE   550 AM CDT   SUNSET   914 PM CDT


-  INDICATES NEGATIVE NUMBERS.
R  INDICATES RECORD WAS SET OR TIED.
MM INDICATES DATA IS MISSING.
T  INDICATES TRACE AMOUNT.




$$
