466
CDAK47 PAJK 261228
CLIJNU
CLIMATE REPORT
NATIONAL WEATHER SERVICE JUNEAU, AK
425 AM AKDT SUN MAY 26 2019


...................................

...THE JUNEAU CLIMATE SUMMARY FOR MAY 25 2019...

CLIMATE NORMAL PERIOD 1981 TO 2010
CLIMATE RECORD PERIOD 1936 TO 2019


WEATHER ITEM   OBSERVED RECORD YEAR NORMAL DEPARTURE LAST
                VALUE   VALUE       VALUE  FROM      YEAR
                                           NORMAL
...........................................................
TEMPERATURE (F)
 YESTERDAY
  MAXIMUM         72     77    1947  59     13       50
  MINIMUM         37     29    1966  43     -6       45
  AVERAGE         55                 51      4       48

PRECIPITATION (IN)
  YESTERDAY        0.00   1.86 1992   0.12  -0.12     0.25
  MONTH TO DATE    2.59               2.74  -0.15     4.42
  SINCE JAN 1     17.49              18.94  -1.45    18.15

DEGREE DAYS
 HEATING
  YESTERDAY       10                 14     -4       17
  MONTH TO DATE  362                429    -67      391
...........................................................


WIND (MPH)
  HIGHEST WIND SPEED    14   HIGHEST WIND DIRECTION    SW (240)
  HIGHEST GUST SPEED    19   HIGHEST GUST DIRECTION     W (250)
  AVERAGE WIND SPEED     5.7


SKY COVER
  AVERAGE SKY COVER 0.2


WEATHER CONDITIONS
 THE FOLLOWING WEATHER WAS RECORDED YESTERDAY.
  NO SIGNIFICANT WEATHER WAS OBSERVED.


..........................................................


THE JUNEAU CLIMATE NORMALS FOR TODAY
                         NORMAL    RECORD    YEAR
 MAXIMUM TEMPERATURE (F)   59        78      1947
 MINIMUM TEMPERATURE (F)   43        31      2000


SUNRISE AND SUNSET
MAY 26 2019...........SUNRISE   411 AM AKDT  SUNSET   941 PM AKDT
MAY 27 2019...........SUNRISE   410 AM AKDT  SUNSET   943 PM AKDT


-  INDICATES NEGATIVE NUMBERS.
R  INDICATES RECORD WAS SET OR TIED.
MM INDICATES DATA IS MISSING.
T  INDICATES TRACE AMOUNT.




$$
--------------------------------------------------------------

AMOUNT OF DAYLIGHT TODAY (HOUR:MIN)......... 17 HOURS 30 MINUTES
GAIN/LOSS SINCE YESTERDAY (HOUR:MIN:SEC).... +0:03:28

$$
