937
CDAK47 PAJK 221228
CLIJNU
CLIMATE REPORT
NATIONAL WEATHER SERVICE JUNEAU, AK
426 AM AKDT FRI MAR 22 2019


...................................

...THE JUNEAU CLIMATE SUMMARY FOR MARCH 21 2019...

CLIMATE NORMAL PERIOD 1981 TO 2010
CLIMATE RECORD PERIOD 1936 TO 2019


WEATHER ITEM   OBSERVED RECORD YEAR NORMAL DEPARTURE LAST
                VALUE   VALUE       VALUE  FROM      YEAR
                                           NORMAL
...........................................................
TEMPERATURE (F)
 YESTERDAY
  MAXIMUM         50     61    1998  41      9       40
  MINIMUM         37      6    2001  29      8       26
  AVERAGE         44                 35      9       33

PRECIPITATION (IN)
  YESTERDAY        T      1.80 1948   0.12  -0.12     0.05
  MONTH TO DATE    2.16               2.68  -0.52     1.92
  SINCE JAN 1     11.86              12.16  -0.30     9.97

SNOWFALL (IN)
  YESTERDAY        0.0   30.6  1948   0.4   -0.4      0.5
  MONTH TO DATE    T                  9.2   -9.2     10.2
  SINCE MAR 1      T                  9.2   -9.2     10.2
  SINCE JUL 1     52.0               83.2  -31.2     68.1

DEGREE DAYS
 HEATING
  YESTERDAY       21                 30     -9       32
  MONTH TO DATE  607                675    -68      685
...........................................................


WIND (MPH)
  HIGHEST WIND SPEED    12   HIGHEST WIND DIRECTION    SW (230)
  HIGHEST GUST SPEED    13   HIGHEST GUST DIRECTION     E (110)
  AVERAGE WIND SPEED     3.3


SKY COVER
  AVERAGE SKY COVER 0.9


WEATHER CONDITIONS
 THE FOLLOWING WEATHER WAS RECORDED YESTERDAY.
  LIGHT RAIN


..........................................................


THE JUNEAU CLIMATE NORMALS FOR TODAY
                         NORMAL    RECORD    YEAR
 MAXIMUM TEMPERATURE (F)   41        55      1998
                                             1906
 MINIMUM TEMPERATURE (F)   29         7      2001


SUNRISE AND SUNSET
MARCH 22 2019.........SUNRISE   655 AM AKDT  SUNSET   717 PM AKDT
MARCH 23 2019.........SUNRISE   652 AM AKDT  SUNSET   719 PM AKDT


-  INDICATES NEGATIVE NUMBERS.
R  INDICATES RECORD WAS SET OR TIED.
MM INDICATES DATA IS MISSING.
T  INDICATES TRACE AMOUNT.




$$
--------------------------------------------------------------

AMOUNT OF DAYLIGHT TODAY (HOUR:MIN)......... 12 HOURS 23 MINUTES
GAIN/LOSS SINCE YESTERDAY (HOUR:MIN:SEC).... +0:05:07

$$
