000
CDUS41 KCTP 190646
CLIJST


CLIMATE REPORT
NATIONAL WEATHER SERVICE STATE COLLEGE PA
246 AM EDT SUN MAY 19 2019


...................................

...THE JOHNSTOWN CLIMATE SUMMARY FOR MAY 18 2019...

CLIMATE NORMAL PERIOD 1981 TO 2010
CLIMATE RECORD PERIOD 1892 TO 2019


WEATHER ITEM   OBSERVED TIME   RECORD YEAR NORMAL DEPARTURE LAST
                VALUE   (LST)  VALUE       VALUE  FROM      YEAR
                                                  NORMAL
..................................................................
TEMPERATURE (F)
 YESTERDAY
  MAXIMUM         78    413 PM  93    1911  67     11       65
  MINIMUM         56    442 AM  33    1983  48      8       53
  AVERAGE         67                        57     10       59

PRECIPITATION (IN)
  YESTERDAY        0.05          2.34 1899   0.16  -0.11     0.06
  MONTH TO DATE    3.01                      2.41   0.60     3.86
  SINCE MAR 1      8.05                      9.29  -1.24    10.79
  SINCE JAN 1     13.87                     14.52  -0.65    20.74

DEGREE DAYS
 HEATING
  YESTERDAY        0                         9     -9        6
  MONTH TO DATE  133                       187    -54       52
  SINCE MAR 1   1492                      1638   -146     1791
  SINCE JUL 1   6093                      6521   -428     6226

 COOLING
  YESTERDAY        2                         1      1        0
  MONTH TO DATE    4                         5     -1       30
  SINCE MAR 1      4                        10     -6       42
  SINCE JAN 1      4                        10     -6       42
..................................................................


WIND (MPH)
  HIGHEST WIND SPEED    17   HIGHEST WIND DIRECTION     W (290)
  HIGHEST GUST SPEED    24   HIGHEST GUST DIRECTION     W (270)
  AVERAGE WIND SPEED     5.5


SKY COVER
  POSSIBLE SUNSHINE  MM
  AVERAGE SKY COVER 0.6


WEATHER CONDITIONS
 THE FOLLOWING WEATHER WAS RECORDED YESTERDAY.
  LIGHT RAIN
  FOG
  FOG W/VISIBILITY <= 1/4 MILE


RELATIVE HUMIDITY (PERCENT)
 HIGHEST   100           700 AM
 LOWEST     54           400 PM
 AVERAGE    77

..........................................................


THE JOHNSTOWN CLIMATE NORMALS FOR TODAY
                         NORMAL    RECORD    YEAR
 MAXIMUM TEMPERATURE (F)   67        95      1911
 MINIMUM TEMPERATURE (F)   48        26      1979


SUNRISE AND SUNSET
MAY 19 2019...........SUNRISE   556 AM EDT   SUNSET   828 PM EDT
MAY 20 2019...........SUNRISE   555 AM EDT   SUNSET   829 PM EDT


-  INDICATES NEGATIVE NUMBERS.
R  INDICATES RECORD WAS SET OR TIED.
MM INDICATES DATA IS MISSING.
T  INDICATES TRACE AMOUNT.




$$
