000
CDUS41 KCTP 182120
CLIJST


CLIMATE REPORT
NATIONAL WEATHER SERVICE STATE COLLEGE PA
519 PM EDT MON MAR 18 2019


...................................

...THE JOHNSTOWN CLIMATE SUMMARY FOR MARCH 18 2019...
VALID TODAY AS OF 0500 PM LOCAL TIME.

CLIMATE NORMAL PERIOD 1981 TO 2010
CLIMATE RECORD PERIOD 1892 TO 2019


WEATHER ITEM   OBSERVED TIME   RECORD YEAR NORMAL DEPARTURE LAST
                VALUE   (LST)  VALUE       VALUE  FROM      YEAR
                                                  NORMAL
..................................................................
TEMPERATURE (F)
 TODAY
  MAXIMUM         39    225 PM  79    1945  44     -5       44
  MINIMUM         25    532 AM   0    1916  28     -3       21
  AVERAGE         32                        36     -4       33

PRECIPITATION (IN)
  TODAY            0.00          2.70 1908   0.12  -0.12     0.00
  MONTH TO DATE    0.86                      1.65  -0.79     1.13
  SINCE MAR 1      0.86                      1.65  -0.79     1.13
  SINCE JAN 1      6.68                      6.88  -0.20    11.08

DEGREE DAYS
 HEATING
  TODAY           33                        29      4       32
  MONTH TO DATE  621                       573     48      674
  SINCE MAR 1    621                       573     48      674
  SINCE JUL 1   5222                      5456   -234     5109

 COOLING
  TODAY            0                         0      0        0
  MONTH TO DATE    0                         0      0        0
  SINCE MAR 1      0                         0      0        0
  SINCE JAN 1      0                         0      0        0
..................................................................


WIND (MPH)
  HIGHEST WIND SPEED    17   HIGHEST WIND DIRECTION    NW (320)
  HIGHEST GUST SPEED    22   HIGHEST GUST DIRECTION     W (280)
  AVERAGE WIND SPEED     5.8


SKY COVER
  POSSIBLE SUNSHINE  MM
  AVERAGE SKY COVER 0.9


WEATHER CONDITIONS
 THE FOLLOWING WEATHER WAS RECORDED TODAY.
  NO SIGNIFICANT WEATHER WAS OBSERVED.


RELATIVE HUMIDITY (PERCENT)
 HIGHEST    57           500 AM
 LOWEST     35           100 PM
 AVERAGE    46

..........................................................


THE JOHNSTOWN CLIMATE NORMALS FOR TOMORROW
                         NORMAL    RECORD    YEAR
 MAXIMUM TEMPERATURE (F)   45        82      1898
 MINIMUM TEMPERATURE (F)   29         1      1967


SUNRISE AND SUNSET
MARCH 18 2019.........SUNRISE   722 AM EDT   SUNSET   725 PM EDT
MARCH 19 2019.........SUNRISE   721 AM EDT   SUNSET   726 PM EDT


-  INDICATES NEGATIVE NUMBERS.
R  INDICATES RECORD WAS SET OR TIED.
MM INDICATES DATA IS MISSING.
T  INDICATES TRACE AMOUNT.




$$
