000
CDUS43 KGRR 230524
CLIJXN


CLIMATE REPORT
NATIONAL WEATHER SERVICE GRAND RAPIDS, MI
122 AM EDT THU MAY 23 2019


...................................

...THE JACKSON MI CLIMATE SUMMARY FOR MAY 22 2019...

CLIMATE NORMAL PERIOD 1981 TO 2010
CLIMATE RECORD PERIOD 1944 TO 9999


WEATHER ITEM   OBSERVED TIME   NORMAL DEPARTURE LAST
                VALUE   (LST)  VALUE  FROM      YEAR
                                      NORMAL
......................................................
TEMPERATURE (F)
 YESTERDAY
  MAXIMUM         72    513 PM  71      1       72
  MINIMUM         50    907 AM  48      2       51
  AVERAGE         61            60      1       62

PRECIPITATION (IN)
  YESTERDAY        0.34          0.11   0.23      T
  MONTH TO DATE    2.35          2.31   0.04     6.34
  SINCE MAR 1      8.49          6.82   1.67    11.29
  SINCE JAN 1     10.59          9.60   0.99    16.35

DEGREE DAYS
 HEATING
  YESTERDAY        4             7     -3        3
  MONTH TO DATE  225           208     17       90
  SINCE MAR 1   1727          1640     87     1785
  SINCE JUL 1   6622          6554     68     6489

 COOLING
  YESTERDAY        0             1     -1        0
  MONTH TO DATE    1            15    -14       22
  SINCE MAR 1      1            21    -20       22
  SINCE JAN 1      1            21    -20       22
......................................................


WIND (MPH)
  RESULTANT WIND SPEED   9   RESULTANT WIND DIRECTION  SE (120)
  HIGHEST WIND SPEED    18   HIGHEST WIND DIRECTION     E (80)
  HIGHEST GUST SPEED    28   HIGHEST GUST DIRECTION     E (80)
  AVERAGE WIND SPEED    10.3


SKY COVER
  AVERAGE SKY COVER 0.4


WEATHER CONDITIONS
 THE FOLLOWING WEATHER WAS RECORDED YESTERDAY.
  HEAVY RAIN
  RAIN
  LIGHT RAIN
  FOG


RELATIVE HUMIDITY (PERCENT)
 HIGHEST   100          1100 AM
 LOWEST     61           600 AM
 AVERAGE    81

..........................................................


THE JACKSON MI CLIMATE NORMALS FOR TODAY
                         NORMAL
 MAXIMUM TEMPERATURE (F)   71
 MINIMUM TEMPERATURE (F)   48


SUNRISE AND SUNSET
MAY 23 2019...........SUNRISE   610 AM EDT   SUNSET   900 PM EDT
MAY 24 2019...........SUNRISE   609 AM EDT   SUNSET   901 PM EDT


-  INDICATES NEGATIVE NUMBERS.
R  INDICATES RECORD WAS SET OR TIED.
MM INDICATES DATA IS MISSING.
T  INDICATES TRACE AMOUNT.




$$
