000
CDAK47 PAJK 261232
CLIKTN
CLIMATE REPORT
NATIONAL WEATHER SERVICE JUNEAU, AK
427 AM AKDT TUE MAR 26 2019


...................................

...THE KETCHIKAN CLIMATE SUMMARY FOR MARCH 25 2019...

CLIMATE NORMAL PERIOD 1981 TO 2010
CLIMATE RECORD PERIOD 1910 TO 2019


WEATHER ITEM   OBSERVED RECORD YEAR NORMAL DEPARTURE LAST
                VALUE   VALUE       VALUE  FROM      YEAR
                                           NORMAL
...........................................................
TEMPERATURE (F)
 YESTERDAY
  MAXIMUM         55     65    1915  46      9       45
  MINIMUM         36     18    1914  33      3       34
  AVERAGE         46                 40      6       40

PRECIPITATION (IN)
  YESTERDAY        0.00   2.64 2002   0.51  -0.51     0.41
  MONTH TO DATE    5.67               8.87  -3.20     5.51
  SINCE JAN 1     30.51              34.80  -4.29    25.94

DEGREE DAYS
 HEATING
  YESTERDAY       19                 25     -6       25
  MONTH TO DATE  600                688    -88      637
...........................................................


WIND (MPH)
  HIGHEST WIND SPEED    17   HIGHEST WIND DIRECTION     N (340)
  HIGHEST GUST SPEED    19   HIGHEST GUST DIRECTION     N (340)
  AVERAGE WIND SPEED     9.9


SKY COVER
  AVERAGE SKY COVER 0.0


WEATHER CONDITIONS
 THE FOLLOWING WEATHER WAS RECORDED YESTERDAY.
  NO SIGNIFICANT WEATHER WAS OBSERVED.


..........................................................


THE KETCHIKAN      ASOS CLIMATE NORMALS FOR TODAY
                         NORMAL    RECORD    YEAR
 MAXIMUM TEMPERATURE (F)   45        64      1915
 MINIMUM TEMPERATURE (F)   33        12      1967


SUNRISE AND SUNSET
MARCH 26 2019.........SUNRISE   634 AM AKDT  SUNSET   712 PM AKDT
MARCH 27 2019.........SUNRISE   631 AM AKDT  SUNSET   714 PM AKDT


-  INDICATES NEGATIVE NUMBERS.
R  INDICATES RECORD WAS SET OR TIED.
MM INDICATES DATA IS MISSING.
T  INDICATES TRACE AMOUNT.




$$
--------------------------------------------------------------

AMOUNT OF DAYLIGHT TODAY (HOUR:MIN)......... 12 HOURS 39 MINUTES
GAIN/LOSS SINCE YESTERDAY (HOUR:MIN:SEC).... +0:04:34

$$
