000
CDAK47 PAJK 171231
CLIKTN
CLIMATE REPORT
NATIONAL WEATHER SERVICE JUNEAU, AK
430 AM AKDT MON JUN 17 2019


...................................

...THE KETCHIKAN      ASOS CLIMATE SUMMARY FOR JUNE 16 2019...

CLIMATE NORMAL PERIOD 1981 TO 2010
CLIMATE RECORD PERIOD 1910 TO 2019


WEATHER ITEM   OBSERVED RECORD YEAR NORMAL DEPARTURE LAST
                VALUE   VALUE       VALUE  FROM      YEAR
                                           NORMAL
...........................................................
TEMPERATURE (F)
 YESTERDAY
  MAXIMUM         59     86    1944  60     -1       74
  MINIMUM         53     37    1911  48      5       51
  AVERAGE         56                 54      2       63

PRECIPITATION (IN)
  YESTERDAY        0.20   1.83 1983   0.24  -0.04     0.00
  MONTH TO DATE    5.87               3.33   2.54     5.19
  SINCE JAN 1     53.61              57.73  -4.12    56.14

DEGREE DAYS
 HEATING
  YESTERDAY        9                 11     -2        2
  MONTH TO DATE  165                177    -12      195
...........................................................


WIND (MPH)
  HIGHEST WIND SPEED    10   HIGHEST WIND DIRECTION    SE (130)
  HIGHEST GUST SPEED    MM   HIGHEST GUST DIRECTION    MM
  AVERAGE WIND SPEED     7.4


SKY COVER
  AVERAGE SKY COVER 1.0


WEATHER CONDITIONS
 THE FOLLOWING WEATHER WAS RECORDED YESTERDAY.
  RAIN
  LIGHT RAIN
  FOG


..........................................................


THE KETCHIKAN      ASOS CLIMATE NORMALS FOR TODAY
                         NORMAL    RECORD    YEAR
 MAXIMUM TEMPERATURE (F)   60        86      1950
 MINIMUM TEMPERATURE (F)   48        35      1911


SUNRISE AND SUNSET
JUNE 17 2019..........SUNRISE   405 AM AKDT  SUNSET   931 PM AKDT
JUNE 18 2019..........SUNRISE   405 AM AKDT  SUNSET   931 PM AKDT


-  INDICATES NEGATIVE NUMBERS.
R  INDICATES RECORD WAS SET OR TIED.
MM INDICATES DATA IS MISSING.
T  INDICATES TRACE AMOUNT.




$$
--------------------------------------------------------------

AMOUNT OF DAYLIGHT TODAY (HOUR:MIN)......... 17 HOURS 27 MINUTES
GAIN/LOSS SINCE YESTERDAY (HOUR:MIN:SEC).... +0:00:32

$$
