000
CDUS43 KIND 190540
CLILAF


CLIMATE REPORT
NATIONAL WEATHER SERVICE INDIANAPOLIS IN
138 AM EDT TUE JUN 19 2018


...................................

...THE LAFAYETTE IN CLIMATE SUMMARY FOR JUNE 18 2018...

CLIMATE NORMAL PERIOD 1981 TO 2010
CLIMATE RECORD PERIOD 9999 TO 9999


WEATHER ITEM   OBSERVED TIME   NORMAL DEPARTURE LAST
                VALUE   (LST)  VALUE  FROM      YEAR
                                      NORMAL
......................................................
TEMPERATURE (F)
 YESTERDAY
  MAXIMUM         91    405 PM  84      7       80
  MINIMUM         74    611 AM  62     12       62
  AVERAGE         83            72     11       71

PRECIPITATION (IN)
  YESTERDAY        0.00          0.12  -0.12     0.11
  MONTH TO DATE    2.83          2.49   0.34     2.41
  SINCE JUN 1      2.83          2.49   0.34     2.41
  SINCE JAN 1     19.04         16.51   2.53    22.82

DEGREE DAYS
 HEATING
  YESTERDAY        0             1     -1        0
  MONTH TO DATE    0            22    -22        6
  SINCE JUN 1      0            22    -22        6
  SINCE JUL 1   5946          5672    274     4910

 COOLING
  YESTERDAY       18             8     10        6
  MONTH TO DATE  123           109     14      139
  SINCE JUN 1    123           109     14      139
  SINCE JAN 1    269           186     83      196
......................................................


WIND (MPH)
  HIGHEST WIND SPEED    16   HIGHEST WIND DIRECTION    SW (230)
  HIGHEST GUST SPEED    22   HIGHEST GUST DIRECTION    SW (220)
  AVERAGE WIND SPEED     6.5


SKY COVER
  AVERAGE SKY COVER 0.1


WEATHER CONDITIONS
 THE FOLLOWING WEATHER WAS RECORDED YESTERDAY.
  NO SIGNIFICANT WEATHER WAS OBSERVED.


RELATIVE HUMIDITY (PERCENT)
 HIGHEST    94           100 AM
 LOWEST     60           200 PM
 AVERAGE    77

..........................................................


THE LAFAYETTE IN CLIMATE NORMALS FOR TODAY
                         NORMAL
 MAXIMUM TEMPERATURE (F)   84
 MINIMUM TEMPERATURE (F)   62


SUNRISE AND SUNSET
JUNE 19 2018..........SUNRISE   617 AM EDT   SUNSET   921 PM EDT
JUNE 20 2018..........SUNRISE   618 AM EDT   SUNSET   921 PM EDT


-  INDICATES NEGATIVE NUMBERS.
R  INDICATES RECORD WAS SET OR TIED.
MM INDICATES DATA IS MISSING.
T  INDICATES TRACE AMOUNT.




$$
