000
CDUS43 KIND 230534
CLILAF


CLIMATE REPORT
NATIONAL WEATHER SERVICE INDIANAPOLIS IN
133 AM EDT THU MAY 23 2019


...................................

...THE LAFAYETTE IN CLIMATE SUMMARY FOR MAY 22 2019...

CLIMATE NORMAL PERIOD 1981 TO 2010
CLIMATE RECORD PERIOD 9999 TO 9999


WEATHER ITEM   OBSERVED TIME   NORMAL DEPARTURE LAST
                VALUE   (LST)  VALUE  FROM      YEAR
                                      NORMAL
......................................................
TEMPERATURE (F)
 YESTERDAY
  MAXIMUM         79    344 PM  75      4       81
  MINIMUM         53    252 AM  53      0       60
  AVERAGE         66            64      2       71

PRECIPITATION (IN)
  YESTERDAY        0.74          0.14   0.60      T
  MONTH TO DATE    2.59          2.93  -0.34     2.13
  SINCE MAR 1     12.08          9.14   2.94     8.13
  SINCE JAN 1     16.16         12.76   3.40    14.31

DEGREE DAYS
 HEATING
  YESTERDAY        0             4     -4        0
  MONTH TO DATE  158           134     24       15
  SINCE MAR 1   1454          1290    164     1520
  SINCE JUL 1   5971          5624    347     5946

 COOLING
  YESTERDAY        1             3     -2        6
  MONTH TO DATE   15            35    -20       62
  SINCE MAR 1     15            48    -33       64
  SINCE JAN 1     15            48    -33       64
......................................................


WIND (MPH)
  HIGHEST WIND SPEED    23   HIGHEST WIND DIRECTION     E (110)
  HIGHEST GUST SPEED    35   HIGHEST GUST DIRECTION    SE (130)
  AVERAGE WIND SPEED     7.5


SKY COVER
  AVERAGE SKY COVER 0.3


WEATHER CONDITIONS
 THE FOLLOWING WEATHER WAS RECORDED YESTERDAY.
  HEAVY RAIN
  RAIN
  LIGHT RAIN
  FOG


RELATIVE HUMIDITY (PERCENT)
 HIGHEST   100           300 AM
 LOWEST     52           300 PM
 AVERAGE    76

..........................................................


THE LAFAYETTE IN CLIMATE NORMALS FOR TODAY
                         NORMAL
 MAXIMUM TEMPERATURE (F)   75
 MINIMUM TEMPERATURE (F)   53


SUNRISE AND SUNSET
MAY 23 2019...........SUNRISE   625 AM EDT   SUNSET   904 PM EDT
MAY 24 2019...........SUNRISE   624 AM EDT   SUNSET   905 PM EDT


-  INDICATES NEGATIVE NUMBERS.
R  INDICATES RECORD WAS SET OR TIED.
MM INDICATES DATA IS MISSING.
T  INDICATES TRACE AMOUNT.




$$
