000
CDUS45 KVEF 210837
CLILAS


CLIMATE REPORT
NATIONAL WEATHER SERVICE LAS VEGAS, NV
136 AM PDT THU MAR 21 2019


...................................

...THE LAS VEGAS NV CLIMATE SUMMARY FOR MARCH 20 2019...

CLIMATE NORMAL PERIOD 1981 TO 2010
CLIMATE RECORD PERIOD 1937 TO 2019


WEATHER ITEM   OBSERVED TIME   RECORD YEAR NORMAL DEPARTURE LAST
                VALUE   (LST)  VALUE       VALUE  FROM      YEAR
                                                  NORMAL
..................................................................
TEMPERATURE (F)
 YESTERDAY
  MAXIMUM         68   1104 AM  90    2004  71     -3       67
  MINIMUM         53   1159 PM  34    1964  50      3       47
  AVERAGE         61                        61      0       57

PRECIPITATION (IN)
  YESTERDAY        0.03          0.11 1991   0.02   0.01     0.00
  MONTH TO DATE    0.36                      0.34   0.02     0.24
  SINCE OCT 1      3.99                      2.77   1.22     1.72
  SINCE JAN 1      3.45                      1.64   1.81     1.72

SNOWFALL (IN)
  YESTERDAY        0.0           T    1952   0.0    0.0      0.0
  MONTH TO DATE    0.0                       0.0    0.0      0.0
  SINCE MAR 1      0.0                       0.0    0.0      0.0
  SINCE JUL 1      0.8                       0.3    0.5      0.0
  SNOW DEPTH       0

DEGREE DAYS
 HEATING
  YESTERDAY        4                         5     -1        8
  MONTH TO DATE  125                       139    -14      150
  SINCE MAR 1    125                       139    -14      150
  SINCE JUL 1   1741                      1830    -89     1269

 COOLING
  YESTERDAY        0                         1     -1        0
  MONTH TO DATE    2                        12    -10        1
  SINCE MAR 1      2                        12    -10        1
  SINCE JAN 1      3                        13    -10        1
..................................................................


WIND (MPH)
  RESULTANT WIND SPEED   3   RESULTANT WIND DIRECTION  SW (210)
  HIGHEST WIND SPEED    25   HIGHEST WIND DIRECTION     W (250)
  HIGHEST GUST SPEED    37   HIGHEST GUST DIRECTION     W (250)
  AVERAGE WIND SPEED     5.7


SKY COVER
  POSSIBLE SUNSHINE  MM
  AVERAGE SKY COVER 0.9


WEATHER CONDITIONS
 THE FOLLOWING WEATHER WAS RECORDED YESTERDAY.
  LIGHT RAIN


RELATIVE HUMIDITY (PERCENT)
 HIGHEST    66          1100 PM
 LOWEST     24          1100 AM
 AVERAGE    45

..........................................................


THE LAS VEGAS NV CLIMATE NORMALS FOR TODAY
                         NORMAL    RECORD    YEAR
 MAXIMUM TEMPERATURE (F)   72        92      2004
 MINIMUM TEMPERATURE (F)   50        26      1955


SUNRISE AND SUNSET
MARCH 21 2019.........SUNRISE   643 AM PDT   SUNSET   653 PM PDT
MARCH 22 2019.........SUNRISE   642 AM PDT   SUNSET   654 PM PDT


-  INDICATES NEGATIVE NUMBERS.
R  INDICATES RECORD WAS SET OR TIED.
MM INDICATES DATA IS MISSING.
T  INDICATES TRACE AMOUNT.




$$
