000
CDUS45 KVEF 200028
CLILAS


CLIMATE REPORT
NATIONAL WEATHER SERVICE LAS VEGAS, NV
527 PM PDT SUN MAY 19 2019


...................................

...THE LAS VEGAS NV CLIMATE SUMMARY FOR MAY 19 2019...
VALID TODAY AS OF 0500 PM LOCAL TIME.

CLIMATE NORMAL PERIOD 1981 TO 2010
CLIMATE RECORD PERIOD 1937 TO 2019


WEATHER ITEM   OBSERVED TIME   RECORD YEAR NORMAL DEPARTURE LAST
                VALUE   (LST)  VALUE       VALUE  FROM      YEAR
                                                  NORMAL
..................................................................
TEMPERATURE (F)
 TODAY
  MAXIMUM         73    311 PM 108    2008  90    -17       94
  MINIMUM         59    630 AM  47    1974  67     -8       71
  AVERAGE         66                        78    -12       83

PRECIPITATION (IN)
  TODAY            0.00          0.05 1949   0.00   0.00     0.00
  MONTH TO DATE    0.71                      0.07   0.64     0.24
  SINCE OCT 1      5.05                      3.09   1.96     1.98
  SINCE JAN 1      4.51                      1.96   2.55     1.98

SNOWFALL (IN)
  TODAY            0.0           0.0    MM   0.0    0.0      0.0
  MONTH TO DATE    0.0                       0.0    0.0      0.0
  SINCE MAR 1      0.0                       0.0    0.0      0.0
  SINCE JUL 1      0.8                       0.3    0.5      0.0
  SNOW DEPTH       0

DEGREE DAYS
 HEATING
  TODAY            0                         0      0        0
  MONTH TO DATE    1                         4     -3       12
  SINCE MAR 1    169                       256    -87      194
  SINCE JUL 1   1785                      1947   -162     1313

 COOLING
  TODAY            1                        14    -13       18
  MONTH TO DATE  153                       205    -52      254
  SINCE MAR 1    366                       364      2      516
  SINCE JAN 1    367                       365      2      516
..................................................................


WIND (MPH)
  RESULTANT WIND SPEED  19   RESULTANT WIND DIRECTION  SW (220)
  HIGHEST WIND SPEED    32   HIGHEST WIND DIRECTION    SW (220)
  HIGHEST GUST SPEED    44   HIGHEST GUST DIRECTION    SW (210)
  AVERAGE WIND SPEED    19.6


SKY COVER
  POSSIBLE SUNSHINE  MM
  AVERAGE SKY COVER 0.6


WEATHER CONDITIONS
 THE FOLLOWING WEATHER WAS RECORDED TODAY.
  NO SIGNIFICANT WEATHER WAS OBSERVED.


RELATIVE HUMIDITY (PERCENT)
 HIGHEST    53           600 AM
 LOWEST     16           400 PM
 AVERAGE    35

..........................................................


THE LAS VEGAS NV CLIMATE NORMALS FOR TOMORROW
                         NORMAL    RECORD    YEAR
 MAXIMUM TEMPERATURE (F)   90       102      2005
                                             1984
                                             1954
 MINIMUM TEMPERATURE (F)   67        46      1975
                                             1949
                                             1948


SUNRISE AND SUNSET
MAY 19 2019...........SUNRISE   532 AM PDT   SUNSET   743 PM PDT
MAY 20 2019...........SUNRISE   531 AM PDT   SUNSET   744 PM PDT


-  INDICATES NEGATIVE NUMBERS.
R  INDICATES RECORD WAS SET OR TIED.
MM INDICATES DATA IS MISSING.
T  INDICATES TRACE AMOUNT.




$$
