000
CDUS45 KVEF 260828
CLILAS


CLIMATE REPORT
NATIONAL WEATHER SERVICE LAS VEGAS, NV
127 AM PDT SAT MAY 26 2018


...................................

...THE LAS VEGAS NV CLIMATE SUMMARY FOR MAY 25 2018...

CLIMATE NORMAL PERIOD 1981 TO 2010
CLIMATE RECORD PERIOD 1937 TO 2018


WEATHER ITEM   OBSERVED TIME   RECORD YEAR NORMAL DEPARTURE LAST
                VALUE   (LST)  VALUE       VALUE  FROM      YEAR
                                                  NORMAL
..................................................................
TEMPERATURE (F)
 YESTERDAY
  MAXIMUM         91    122 PM 105    2001  92     -1       99
                                      1951
  MINIMUM         71   1159 PM  47    1977  68      3       77
                                      1965
  AVERAGE         81                        80      1       88

PRECIPITATION (IN)
  YESTERDAY        0.00          T    2000   0.01  -0.01     0.00
                                      1996
                                      1995
  MONTH TO DATE    0.24                      0.10   0.14     0.08
  SINCE OCT 1      1.98                      3.12  -1.14     2.65
  SINCE JAN 1      1.98                      1.99  -0.01     1.59

SNOWFALL (IN)
  YESTERDAY        0.0           0.0    MM   0.0    0.0      0.0
  MONTH TO DATE    0.0                       0.0    0.0      0.0
  SINCE MAR 1      0.0                       0.0    0.0      0.0
  SINCE JUL 1      0.0                       0.3   -0.3      0.0
  SNOW DEPTH       0

DEGREE DAYS
 HEATING
  YESTERDAY        0                         0      0        0
  MONTH TO DATE   12                         4      8        7
  SINCE MAR 1    194                       256    -62       98
  SINCE JUL 1   1313                      1947   -634     1470

 COOLING
  YESTERDAY       16                        15      1       23
  MONTH TO DATE  344                       292     52      282
  SINCE MAR 1    606                       451    155      557
  SINCE JAN 1    606                       452    154      560
..................................................................


WIND (MPH)
  RESULTANT WIND SPEED   8   RESULTANT WIND DIRECTION  SW (210)
  HIGHEST WIND SPEED    25   HIGHEST WIND DIRECTION     W (250)
  HIGHEST GUST SPEED    32   HIGHEST GUST DIRECTION    SW (220)
  AVERAGE WIND SPEED    10.0


SKY COVER
  POSSIBLE SUNSHINE  MM
  AVERAGE SKY COVER 0.0


WEATHER CONDITIONS
 THE FOLLOWING WEATHER WAS RECORDED YESTERDAY.
  NO SIGNIFICANT WEATHER WAS OBSERVED.


RELATIVE HUMIDITY (PERCENT)
 HIGHEST    35           300 AM
 LOWEST      9           300 PM
 AVERAGE    22

..........................................................


THE LAS VEGAS NV CLIMATE NORMALS FOR TODAY
                         NORMAL    RECORD    YEAR
 MAXIMUM TEMPERATURE (F)   92       109      1951
 MINIMUM TEMPERATURE (F)   69        50      1980


SUNRISE AND SUNSET
MAY 26 2018...........SUNRISE   528 AM PDT   SUNSET   748 PM PDT
MAY 27 2018...........SUNRISE   527 AM PDT   SUNSET   749 PM PDT


-  INDICATES NEGATIVE NUMBERS.
R  INDICATES RECORD WAS SET OR TIED.
MM INDICATES DATA IS MISSING.
T  INDICATES TRACE AMOUNT.




$$
